000
CXUS54 KHGX 181415
CF6ARM
PRELIMINARY LOCAL CLIMATOLOGICAL DATA (WS FORM: F-6)

                                          STATION:   Wharton
                                          MONTH:     AUGUST
                                          YEAR:      2017
                                          LATITUDE:   29 15 N
                                          LONGITUDE:  96  9 W

  TEMPERATURE IN F:       :PCPN:    SNOW:  WIND      :SUNSHINE: SKY     :PK WND
================================================================================
1   2   3   4   5  6A  6B    7    8   9   10  11  12  13   14  15   16   17  18
                                     12Z  AVG MX 2MIN
DY MAX MIN AVG DEP HDD CDD  WTR  SNW DPTH SPD SPD DIR MIN PSBL S-S WX    SPD DR
================================================================================

 1  95  70  83   M   0  18 0.00  0.0    0  5.0 13  90   M    M   1         M  M
 2  93  73  83   M   0  18 1.60  0.0    0  2.5 10  50   M    M   3 3       M  M
 3  87  74  81   M   0  16 0.00  0.0    0  2.6  7 210   M    M   3 1       M  M
 4  95  73  84   M   0  19 1.14  0.0    0  2.4 17 180   M    M   2 13     23 180
 5  90  73  82   M   0  17 0.24  0.0    0  4.0 15 150   M    M   2 13     18 150
 6  93  76  85   M   0  20 0.00  0.0    0  8.8 16 170   M    M   2 3      25 160
 7  88  72  80   M   0  15 0.65  0.0    0  4.8 21 270   M    M   2 3      33 270
 8  89  71  80   M   0  15 0.98  0.0    0  4.4 12 170   M    M   3         M  M
 9  92  74  83   M   0  18 0.00  0.0    0  2.2  6 140   M    M   3 1       M  M
10  92  74  83   M   0  18 0.00  0.0    0  3.8 10 170   M    M   1 1       M  M
11  93  76  85   M   0  20 0.52  0.0    0  2.6  9 160   M    M   1 1       M  M
12  92  74  83   M   0  18 0.00  0.0    0  2.8  9 220   M    M   2 1       M  M
13   M   M   M   M   M   M    M    M    M   M   M   M   M    M   M         M  M
14   M   M   M   M   M   M    M    M    M   M   M   M   M    M   M         M  M
15  93  78  86   M   0  21 0.00  0.0    M  9.6 15 160   M    M   1        21 180
16  94  77  86   M   0  21 0.00  0.0    0  8.5 16 180   M    M   1        22 180
17  94  76  85   M   0  20 0.00  0.0    0  6.4 13 160   M    M   1 1       M  M
================================================================================
SM 1380 1111         0 274  5.13     0.0  70.4          M       28
================================================================================
AV 92.0 74.1                               4.7 FASTST   M    M   2    MAX(MPH)
                                 MISC ---->  # 21 270               # 33  270
================================================================================
NOTES:
# LAST OF SEVERAL OCCURRENCES

COLUMN 17 PEAK WIND IN M.P.H.

PRELIMINARY LOCAL CLIMATOLOGICAL DATA (WS FORM: F-6) , PAGE 2

                                          STATION:  Wharton
                                          MONTH:    AUGUST
                                          YEAR:     2017
                                          LATITUDE:   29 15 N
                                          LONGITUDE:  96  9 W

[TEMPERATURE DATA]      [PRECIPITATION DATA]       SYMBOLS USED IN COLUMN 16

AVERAGE MONTHLY: 83.0   TOTAL FOR MONTH:   5.13    1 = FOG OR MIST
DPTR FM NORMAL:     M   DPTR FM NORMAL:       M    2 = FOG REDUCING VISIBILITY
HIGHEST:    95 ON  4, 1 GRTST 24HR  1.60 ON  2- 2      TO 1/4 MILE OR LESS
LOWEST:     70 ON  1                               3 = THUNDER
                        SNOW, ICE PELLETS, HAIL    4 = ICE PELLETS
                        TOTAL MONTH:   0.0 INCH    5 = HAIL
                        GRTST 24HR     0.0         6 = FREEZING RAIN OR DRIZZLE
                        GRTST DEPTH:   0           7 = DUSTSTORM OR SANDSTORM:
                                                       VSBY 1/2 MILE OR LESS
                                                   8 = SMOKE OR HAZE
[NO. OF DAYS WITH]      [WEATHER - DAYS WITH]      9 = BLOWING SNOW
                                                   X = TORNADO
MAX 32 OR BELOW:   0    0.01 INCH OR MORE:   6
MAX 90 OR ABOVE:  12    0.10 INCH OR MORE:   6
MIN 32 OR BELOW:   0    0.50 INCH OR MORE:   5
MIN  0 OR BELOW:   0    1.00 INCH OR MORE:   2

[HDD (BASE 65) ]
TOTAL THIS MO.     0    CLEAR  (SCALE 0-3)  14
DPTR FM NORMAL     M    PTCLDY (SCALE 4-7)   1
TOTAL FM JUL 1     0    CLOUDY (SCALE 8-10)  0
DPTR FM NORMAL     M

[CDD (BASE 65) ]
TOTAL THIS MO.   274
DPTR FM NORMAL     M    [PRESSURE DATA]
TOTAL FM JAN 1  2166    HIGHEST SLP M ON M
DPTR FM NORMAL     M    LOWEST  SLP M ON M

[REMARKS]
