000
CXUS55 KGJT 011000
CF6ASE
PRELIMINARY LOCAL CLIMATOLOGICAL DATA (WS FORM: F-6)

                                          STATION:   ASPEN CO
                                          MONTH:     JUNE
                                          YEAR:      2015
                                          LATITUDE:   39 13 N
                                          LONGITUDE: 106 52 W

  TEMPERATURE IN F:       :PCPN:    SNOW:  WIND      :SUNSHINE: SKY     :PK WND
================================================================================
1   2   3   4   5  6A  6B    7    8   9   10  11  12  13   14  15   16   17  18
                                     12Z  AVG MX 2MIN
DY MAX MIN AVG DEP HDD CDD  WTR  SNW DPTH SPD SPD DIR MIN PSBL S-S WX    SPD DR
================================================================================

 1  77  40  59   6   6   0 0.00    M    M  9.6 33 170   M    M   2 3      41 170
 2  75  45  60   7   5   0 0.00    M    M  9.2 18 260   M    M   0        28 200
 3  78  42  60   6   5   0 0.00    M    M  7.9 18 150   M    M   0        24 190
 4  79  43  61   7   4   0 0.00    M    M  6.5 16 250   M    M   0        23 270
 5  69  41  55   1  10   0 0.05    M    M  8.4 25 160   M    M   4        36 140
 6  59  40  50  -5  15   0 0.08    M    M  5.5 15 170   M    M   6 1      19 150
 7  70  34  52  -3  13   0 0.00    M    M  7.0 21 320   M    M   1        28 320
 8  75  37  56   1   9   0 0.00    M    M  6.5 14 360   M    M   0        18 320
 9  79  44  62   6   3   0 0.00    M    M  6.2 15 250   M    M   0        18 250
10  67  49  58   2   7   0 0.04    M    M  5.4 16 320   M    M   7        21 320
11  66  47  57   1   8   0 0.69    M    M  4.9 28 170   M    M   9 13     34 170
12  71  45  58   2   7   0    T    M    M  4.5 14 340   M    M   5 12     21 320
13  77  43  60   3   5   0 0.17    M    M  6.9 21 150   M    M   5 13     28 130
14  75  44  60   3   5   0    T    M    M  6.3 17 130   M    M   5 3      23 130
15  77  44  61   4   4   0    T    M    M  5.7 18 290   M    M   2 3      26 290
16  77  51  64   6   1   0 0.17    M    M 10.7 26 320   M    M   5 3      37 320
17  80  50  65   7   0   0 0.09    M    M  8.1 20 150   M    M   2 3      23 140
18  83  47  65   7   0   0 0.00    M    M  6.8 15 330   M    M   1        19 330
19  84  51  68   9   0   3 0.00    M    M  7.8 15 190   M    M   1        22 180
20  85  50  68   9   0   3 0.00    M    M  7.1 16 350   M    M   0        22 350
21  87  49  68   9   0   3 0.00    M    M  5.8 20 220   M    M   0        29 220
22  87  48  68   8   0   3 0.00    M    M  6.9 14 210   M    M   0        23 250
23  86  51  69   9   0   4 0.00    M    M  7.7 16 130   M    M   0        24 230
24  82  52  67   7   0   2    T    M    M  8.1 26 160   M    M   2 3      36 160
25  85  47  66   6   0   1    T    M    M  7.2 18 330   M    M   1        26 360
26  84  49  67   6   0   2 0.00    M    M  6.1 14 310   M    M   1 8      21 320
27  86  49  68   7   0   3 0.00    M    M  6.9 14 330   M    M   0        19 290
28  87  49  68   7   0   3 0.02    M    M  7.2 21 130   M    M   2 3      29 130
29  86  52  69   8   0   4 0.00    M    M  5.8 16 340   M    M   1        22 360
30  88  51  70   8   0   5    T    M    M  6.4 17  70   M    M   1 3      26  20
================================================================================
SM 2361 1384       107  36  1.31    M    209.1          M       63
================================================================================
AV 78.7 46.1                               7.0 FASTST   M    M   2    MAX(MPH)
                                 MISC ---->  # 33 170               # 41  170
================================================================================
NOTES:
# LAST OF SEVERAL OCCURRENCES

COLUMN 17 PEAK WIND IN M.P.H.

PRELIMINARY LOCAL CLIMATOLOGICAL DATA (WS FORM: F-6) , PAGE 2

                                          STATION:  ASPEN CO
                                          MONTH:    JUNE
                                          YEAR:     2015
                                          LATITUDE:   39 13 N
                                          LONGITUDE: 106 52 W

[TEMPERATURE DATA]      [PRECIPITATION DATA]       SYMBOLS USED IN COLUMN 16

AVERAGE MONTHLY: 62.4   TOTAL FOR MONTH:   1.31    1 = FOG OR MIST
DPTR FM NORMAL:   4.9   DPTR FM NORMAL:    0.18    2 = FOG REDUCING VISIBILITY
HIGHEST:    88 ON 30    GRTST 24HR  0.70 ON 10-11      TO 1/4 MILE OR LESS
LOWEST:     34 ON  7                               3 = THUNDER
                        SNOW, ICE PELLETS, HAIL    4 = ICE PELLETS
                        TOTAL MONTH:    M          5 = HAIL
                        GRTST 24HR    M  ON   M    6 = FREEZING RAIN OR DRIZZLE
                        GRTST DEPTH:  M  ON   M    7 = DUSTSTORM OR SANDSTORM:
                                                       VSBY 1/2 MILE OR LESS
                                                   8 = SMOKE OR HAZE
[NO. OF DAYS WITH]      [WEATHER - DAYS WITH]      9 = BLOWING SNOW
                                                   X = TORNADO
MAX 32 OR BELOW:   0    0.01 INCH OR MORE:   8
MAX 90 OR ABOVE:   0    0.10 INCH OR MORE:   3
MIN 32 OR BELOW:   0    0.50 INCH OR MORE:   1
MIN  0 OR BELOW:   0    1.00 INCH OR MORE:   0

[HDD (BASE 65) ]
TOTAL THIS MO.   107    CLEAR  (SCALE 0-3)  22
DPTR FM NORMAL  -122    PTCLDY (SCALE 4-7)   7
TOTAL FM JUL 1  7728    CLOUDY (SCALE 8-10)  1
DPTR FM NORMAL -1146

[CDD (BASE 65) ]
TOTAL THIS MO.    36
DPTR FM NORMAL    32    [PRESSURE DATA]
TOTAL FM JAN 1    36    HIGHEST SLP 30.14 ON 16
DPTR FM NORMAL    32    LOWEST  SLP 29.63 ON  3

[REMARKS]
#FINAL-06-15#
