000
CXUS55 KGJT 271000
CF6ASE
PRELIMINARY LOCAL CLIMATOLOGICAL DATA (WS FORM: F-6)

                                          STATION:   ASPEN CO
                                          MONTH:     AUGUST
                                          YEAR:      2016
                                          LATITUDE:   39 13 N
                                          LONGITUDE: 106 52 W

  TEMPERATURE IN F:       :PCPN:    SNOW:  WIND      :SUNSHINE: SKY     :PK WND
================================================================================
1   2   3   4   5  6A  6B    7    8   9   10  11  12  13   14  15   16   17  18
                                     12Z  AVG MX 2MIN
DY MAX MIN AVG DEP HDD CDD  WTR  SNW DPTH SPD SPD DIR MIN PSBL S-S WX    SPD DR
================================================================================

 1  84  47  66   2   0   1 0.00    M    M  5.3 17 280   M    M   2        28 280
 2  87  54  71   8   0   6    T    M    M  6.0 15 350   M    M   5        19 350
 3  86  52  69   6   0   4 0.01    M    M  7.0 21 300   M    M   2        32 290
 4  66  55  61  -2   4   0 0.52    M    M  3.1 12 130   M    M   9 1      16 130
 5  66  54  60  -3   5   0 0.14    M    M  3.0  9 160   M    M   7 1      12 170
 6  72  54  63   0   2   0 0.17    M    M  4.0 23 270   M    M   6 3      30 290
 7  81  47  64   1   1   0 0.01    M    M  5.2 10 220   M    M   2        14 340
 8  73  53  63   0   2   0 0.26    M    M  6.9 14 330   M    M   5 13     19 340
 9  81  53  67   4   0   2 0.02    M    M  6.7 37 180   M    M   2 3      43 180
10  79  48  64   2   1   0 0.06    M    M  5.9 17 120   M    M   5 3      26 190
11  76  47  62   0   3   0 0.10    M    M  4.7 22 340   M    M   2        30 350
12  76  42  59  -3   6   0 0.00    M    M  6.6 17 340   M    M   0        26 320
13  79  42  61  -1   4   0 0.00    M    M  6.9 16 310   M    M   1        24 270
14  81  43  62   0   3   0 0.00    M    M  6.1 17 360   M    M   1        25 330
15  83  46  65   3   0   0 0.00    M    M  6.4 26 250   M    M   1        38 250
16  78  44  61  -1   4   0    T    M    M  4.8 21 170   M    M   4 3      29 170
17  80  45  63   2   2   0 0.11    M    M  7.4 18 130   M    M   2 3      27 120
18  71  44  58  -3   7   0    T    M    M  4.7 24 330   M    M   4 3      37 320
19  77  41  59  -2   6   0 0.02    M    M  6.1 24 320   M    M   3 3      39 330
20  78  42  60  -1   5   0 0.00    M    M  7.9 17 320   M    M   1        27 350
21  82  42  62   1   3   0 0.00    M    M  5.6 15 130   M    M   1        21 130
22  79  47  63   3   2   0 0.00    M    M  7.0 24 120   M    M   4 3      33 120
23  74  44  59  -1   6   0 0.09    M    M  7.4 21 320   M    M   6 8      26 310
24  73  45  59  -1   6   0    T    M    M  5.2 23 350   M    M   4        32 330
25  69  42  56  -4   9   0 0.57    M    M  6.5 20 130   M    M   4 13     28 350
26  67  40  54  -6  11   0 0.06    M    M  4.2 25 260   M    M   4 3      30 260
================================================================================
SM 1998 1213        92  13  2.14    M    150.6          M       87
================================================================================
AV 76.8 46.7                               5.8 FASTST   M    M   3    MAX(MPH)
                                 MISC ---->  # 37 180               # 43  180
================================================================================
NOTES:
# LAST OF SEVERAL OCCURRENCES

COLUMN 17 PEAK WIND IN M.P.H.

PRELIMINARY LOCAL CLIMATOLOGICAL DATA (WS FORM: F-6) , PAGE 2

                                          STATION:  ASPEN CO
                                          MONTH:    AUGUST
                                          YEAR:     2016
                                          LATITUDE:   39 13 N
                                          LONGITUDE: 106 52 W

[TEMPERATURE DATA]      [PRECIPITATION DATA]       SYMBOLS USED IN COLUMN 16

AVERAGE MONTHLY: 61.8   TOTAL FOR MONTH:   2.14    1 = FOG OR MIST
DPTR FM NORMAL:  -0.1   DPTR FM NORMAL:    0.74    2 = FOG REDUCING VISIBILITY
HIGHEST:    87 ON  2    GRTST 24HR  0.60 ON 25-26      TO 1/4 MILE OR LESS
LOWEST:     40 ON 26                               3 = THUNDER
                        SNOW, ICE PELLETS, HAIL    4 = ICE PELLETS
                        TOTAL MONTH:    M          5 = HAIL
                        GRTST 24HR    M  ON   M    6 = FREEZING RAIN OR DRIZZLE
                        GRTST DEPTH:  M  ON   M    7 = DUSTSTORM OR SANDSTORM:
                                                       VSBY 1/2 MILE OR LESS
                                                   8 = SMOKE OR HAZE
[NO. OF DAYS WITH]      [WEATHER - DAYS WITH]      9 = BLOWING SNOW
                                                   X = TORNADO
MAX 32 OR BELOW:   0    0.01 INCH OR MORE:  14
MAX 90 OR ABOVE:   0    0.10 INCH OR MORE:   7
MIN 32 OR BELOW:   0    0.50 INCH OR MORE:   2
MIN  0 OR BELOW:   0    1.00 INCH OR MORE:   0

[HDD (BASE 65) ]
TOTAL THIS MO.    92    CLEAR  (SCALE 0-3)  13
DPTR FM NORMAL    -1    PTCLDY (SCALE 4-7)  12
TOTAL FM JUL 1   124    CLOUDY (SCALE 8-10)  1
DPTR FM NORMAL   -40

[CDD (BASE 65) ]
TOTAL THIS MO.    13
DPTR FM NORMAL     4    [PRESSURE DATA]
TOTAL FM JAN 1    69    HIGHEST SLP M ON M
DPTR FM NORMAL    31    LOWEST  SLP 29.75 ON 22

[REMARKS]
