000
CXUS55 KGJT 291000
CF6ASE
PRELIMINARY LOCAL CLIMATOLOGICAL DATA (WS FORM: F-6)

                                          STATION:   ASPEN CO
                                          MONTH:     SEPTEMBER
                                          YEAR:      2016
                                          LATITUDE:   39 13 N
                                          LONGITUDE: 106 52 W

  TEMPERATURE IN F:       :PCPN:    SNOW:  WIND      :SUNSHINE: SKY     :PK WND
================================================================================
1   2   3   4   5  6A  6B    7    8   9   10  11  12  13   14  15   16   17  18
                                     12Z  AVG MX 2MIN
DY MAX MIN AVG DEP HDD CDD  WTR  SNW DPTH SPD SPD DIR MIN PSBL S-S WX    SPD DR
================================================================================

 1  76  50  63   5   2   0 0.13    M    M  5.9 25 170   M    M   3 38     31 180
 2  73  48  61   3   4   0 0.27    M    M  4.3 10 210   M    M   5 1      14 220
 3  74  46  60   2   5   0 0.22    M    M  5.9 17 230   M    M   4 3      23 200
 4  72  47  60   3   5   0 0.06    M    M  7.1 18 170   M    M   6 13     24  70
 5  77  42  60   3   5   0 0.00    M    M  8.4 18 240   M    M   0        25 230
 6  77  41  59   2   6   0 0.00    M    M  7.2 22 170   M    M   1        29 170
 7  76  42  59   3   6   0 0.00    M    M  7.3 17 350   M    M   0        25 360
 8  78  41  60   4   5   0 0.00    M    M  7.6 20 340   M    M   0        27 360
 9  74  36  55  -1  10   0 0.00    M    M  8.2 21 340   M    M   0        28 330
10  78  34  56   1   9   0 0.00    M    M  7.9 21 340   M    M   0        29 350
11  78  40  59   4   6   0    T    M    M  6.7 26 270   M    M   2 3      33 260
12  75  44  60   5   5   0    T    M    M  7.6 25  10   M    M   2        34 230
13  69  45  57   3   8   0 0.01    M    M 11.0 35 200   M    M   3 3      42 200
14  73  42  58   4   7   0 0.14    M    M  8.4 30 230   M    M   6 13     46 240
15  67  37  52  -2  13   0 0.00    M    M  6.1 17 260   M    M   2        22 260
16  68  30  49  -4  16   0 0.00    M    M  7.4 15  10   M    M   0        22  10
17  70  33  52  -1  13   0 0.00    M    M  7.4 17 340   M    M   1        23 350
18  76  33  55   3  10   0 0.00    M    M  8.3 16 330   M    M   0        25  20
19  81  41  61   9   4   0 0.00    M    M  6.8 13 320   M    M   0        18 330
20  76  44  60   8   5   0 0.00    M    M  5.9 21 180   M    M   4        25 160
21  69  51  60   9   5   0 0.01    M    M  5.0 18 180   M    M   8        22 180
22  78  49  64  13   1   0    T    M    M 11.7 25 170   M    M   5        36 160
23  65  33  49  -2  16   0 0.44    M    M  7.1 24 180   M    M   6 1      33 180
24  50  31  41  -9  24   0    T    M    M  4.7 16 320   M    M   9        21 350
25  63  35  49  -1  16   0 0.01    M    M  5.5 13 320   M    M   3        17 350
26  70  31  51   1  14   0 0.00    M    M  5.8 14 320   M    M   0        18 320
27  75  35  55   6  10   0 0.00    M    M  6.1 13 310   M    M   0        17 330
28  77  38  58   9   7   0 0.00    M    M  5.3 13 100   M    M   1 8      20  80
================================================================================
SM 2035 1119       237   0  1.29    M    196.6          M       71
================================================================================
AV 72.7 40.0                               7.0 FASTST   M    M   3    MAX(MPH)
                                 MISC ---->  # 35 200               # 46  240
================================================================================
NOTES:
# LAST OF SEVERAL OCCURRENCES

COLUMN 17 PEAK WIND IN M.P.H.

PRELIMINARY LOCAL CLIMATOLOGICAL DATA (WS FORM: F-6) , PAGE 2

                                          STATION:  ASPEN CO
                                          MONTH:    SEPTEMBER
                                          YEAR:     2016
                                          LATITUDE:   39 13 N
                                          LONGITUDE: 106 52 W

[TEMPERATURE DATA]      [PRECIPITATION DATA]       SYMBOLS USED IN COLUMN 16

AVERAGE MONTHLY: 56.3   TOTAL FOR MONTH:   1.29    1 = FOG OR MIST
DPTR FM NORMAL:   2.6   DPTR FM NORMAL:   -0.41    2 = FOG REDUCING VISIBILITY
HIGHEST:    81 ON 19    GRTST 24HR  0.44 ON 23-23      TO 1/4 MILE OR LESS
LOWEST:     30 ON 16                               3 = THUNDER
                        SNOW, ICE PELLETS, HAIL    4 = ICE PELLETS
                        TOTAL MONTH:    M          5 = HAIL
                        GRTST 24HR    M  ON   M    6 = FREEZING RAIN OR DRIZZLE
                        GRTST DEPTH:  M  ON   M    7 = DUSTSTORM OR SANDSTORM:
                                                       VSBY 1/2 MILE OR LESS
                                                   8 = SMOKE OR HAZE
[NO. OF DAYS WITH]      [WEATHER - DAYS WITH]      9 = BLOWING SNOW
                                                   X = TORNADO
MAX 32 OR BELOW:   0    0.01 INCH OR MORE:   9
MAX 90 OR ABOVE:   0    0.10 INCH OR MORE:   5
MIN 32 OR BELOW:   3    0.50 INCH OR MORE:   0
MIN  0 OR BELOW:   0    1.00 INCH OR MORE:   0

[HDD (BASE 65) ]
TOTAL THIS MO.   237    CLEAR  (SCALE 0-3)  18
DPTR FM NORMAL   -79    PTCLDY (SCALE 4-7)   9
TOTAL FM JUL 1   398    CLOUDY (SCALE 8-10)  1
DPTR FM NORMAL  -114

[CDD (BASE 65) ]
TOTAL THIS MO.     0
DPTR FM NORMAL     0    [PRESSURE DATA]
TOTAL FM JAN 1    69    HIGHEST SLP M ON M
DPTR FM NORMAL    30    LOWEST  SLP 29.45 ON 23

[REMARKS]
