000
CXUS55 KGJT 251000
CF6ASE
PRELIMINARY LOCAL CLIMATOLOGICAL DATA (WS FORM: F-6)

                                          STATION:   ASPEN CO
                                          MONTH:     SEPTEMBER
                                          YEAR:      2017
                                          LATITUDE:   39 13 N
                                          LONGITUDE: 106 52 W

  TEMPERATURE IN F:       :PCPN:    SNOW:  WIND      :SUNSHINE: SKY     :PK WND
================================================================================
1   2   3   4   5  6A  6B    7    8   9   10  11  12  13   14  15   16   17  18
                                     12Z  AVG MX 2MIN
DY MAX MIN AVG DEP HDD CDD  WTR  SNW DPTH SPD SPD DIR MIN PSBL S-S WX    SPD DR
================================================================================

 1  78  46  62   4   3   0 0.00    M    M  4.9 14 310   M    M   2        18 320
 2  85  48  67   9   0   2 0.00    M    M  6.8 14 320   M    M   0        21 330
 3  87  48  68  10   0   3    T    M    M  6.7 16 330   M    M   0        25 330
 4  87  47  67  10   0   2 0.00    M    M  6.9 16 150   M    M   0        23 120
 5  83  47  65   8   0   0 0.00    M    M  7.3 20 330   M    M   0        33 320
 6  83  44  64   7   1   0 0.00    M    M  7.5 20 360   M    M   2 8      29  10
 7  81  49  65   9   0   0    T    M    M  6.9 17 270   M    M   4 3      27 300
 8  80  53  67  11   0   2    T    M    M  7.0 18 310   M    M   3        27 310
 9  80  47  64   8   1   0    T    M    M  7.5 21 230   M    M   4 3      25 230
10  80  44  62   7   3   0 0.29    M    M  5.9 15 200   M    M   2 13     21 230
11  77  44  61   6   4   0 0.11    M    M  7.4 21 150   M    M   3 3      26 110
12  82  44  63   8   2   0    T    M    M  5.8 22 320   M    M   1 3      32 330
13  79  45  62   8   3   0    T    M    M  6.2 20 120   M    M   3        28 130
14  72  46  59   5   6   0 0.16    M    M  6.3 25 180   M    M   5 3      32 190
15  69  40  55   1  10   0 0.01    M    M  5.8 25 180   M    M   5 3      32 200
16  65  37  51  -2  14   0 0.08    M    M  5.7 15 360   M    M   4 1      22 360
17  63  33  48  -5  17   0 0.02    M    M  7.1 23 120   M    M   5 3      33 160
18  73  40  57   5   8   0 0.00    M    M  7.2 17 170   M    M   2        22 250
19  73  47  60   8   5   0 0.00    M    M  9.3 24 200   M    M   1        36 330
20  74  40  57   5   8   0 0.00    M    M  7.1 22 170   M    M   2        28 170
21  77  45  61  10   4   0 0.00    M    M 11.2 25 170   M    M   0        35 180
22  68  40  54   3  11   0 0.01    M    M  7.2 35 160   M    M   5        46 160
23  56  33  45  -6  20   0 0.33    M    M  6.8 20 150   M    M   7 13     25 130
24  59  30  45  -5  20   0 0.00    M    M  6.0 20 360   M    M   3        30 330
================================================================================
SM 1811 1037       140   9  1.01    M    166.5          M       63
================================================================================
AV 75.5 43.2                               6.9 FASTST   M    M   3    MAX(MPH)
                                 MISC ---->  # 35 160               # 46  160
================================================================================
NOTES:
# LAST OF SEVERAL OCCURRENCES

COLUMN 17 PEAK WIND IN M.P.H.

PRELIMINARY LOCAL CLIMATOLOGICAL DATA (WS FORM: F-6) , PAGE 2

                                          STATION:  ASPEN CO
                                          MONTH:    SEPTEMBER
                                          YEAR:     2017
                                          LATITUDE:   39 13 N
                                          LONGITUDE: 106 52 W

[TEMPERATURE DATA]      [PRECIPITATION DATA]       SYMBOLS USED IN COLUMN 16

AVERAGE MONTHLY: 59.3   TOTAL FOR MONTH:   1.01    1 = FOG OR MIST
DPTR FM NORMAL:   5.0   DPTR FM NORMAL:   -0.47    2 = FOG REDUCING VISIBILITY
HIGHEST:    87 ON  4, 3 GRTST 24HR  0.33 ON 23-23      TO 1/4 MILE OR LESS
LOWEST:     30 ON 24                               3 = THUNDER
                        SNOW, ICE PELLETS, HAIL    4 = ICE PELLETS
                        TOTAL MONTH:    M          5 = HAIL
                        GRTST 24HR    M  ON   M    6 = FREEZING RAIN OR DRIZZLE
                        GRTST DEPTH:  M  ON   M    7 = DUSTSTORM OR SANDSTORM:
                                                       VSBY 1/2 MILE OR LESS
                                                   8 = SMOKE OR HAZE
[NO. OF DAYS WITH]      [WEATHER - DAYS WITH]      9 = BLOWING SNOW
                                                   X = TORNADO
MAX 32 OR BELOW:   0    0.01 INCH OR MORE:   8
MAX 90 OR ABOVE:   0    0.10 INCH OR MORE:   4
MIN 32 OR BELOW:   1    0.50 INCH OR MORE:   0
MIN  0 OR BELOW:   0    1.00 INCH OR MORE:   0

[HDD (BASE 65) ]
TOTAL THIS MO.   140    CLEAR  (SCALE 0-3)  14
DPTR FM NORMAL  -114    PTCLDY (SCALE 4-7)  10
TOTAL FM JUL 1   224    CLOUDY (SCALE 8-10)  0
DPTR FM NORMAL  -226

[CDD (BASE 65) ]
TOTAL THIS MO.     9
DPTR FM NORMAL     9    [PRESSURE DATA]
TOTAL FM JAN 1   105    HIGHEST SLP M ON M
DPTR FM NORMAL    66    LOWEST  SLP 29.46 ON 21

[REMARKS]
