000
CXUS52 KFFC 291110
CF6ATL
PRELIMINARY LOCAL CLIMATOLOGICAL DATA (WS FORM: F-6)

                                          STATION:   ATLANTA
                                          MONTH:     AUGUST
                                          YEAR:      2016
                                          LATITUDE:   33 39 N
                                          LONGITUDE:  84 26 W

  TEMPERATURE IN F:       :PCPN:    SNOW:  WIND      :SUNSHINE: SKY     :PK WND
================================================================================
1   2   3   4   5  6A  6B    7    8   9   10  11  12  13   14  15   16   17  18
                                     12Z  AVG MX 2MIN
DY MAX MIN AVG DEP HDD CDD  WTR  SNW DPTH SPD SPD DIR MIN PSBL S-S WX    SPD DR
================================================================================

 1  90  73  82   2   0  17    T  0.0    0  5.5 14 350   M    M   7 13     18  10
 2  92  74  83   3   0  18 0.04  0.0    0  6.7 32 340   M    M   7 13     40 320
 3  92  73  83   3   0  18 0.00  0.0    0  5.7 13 310   M    M   4 1      18  10
 4  93  76  85   5   0  20 0.25  0.0    0  5.5 16 160   M    M   6 3      23 140
 5  94  75  85   5   0  20 0.00  0.0    0  5.5 20 300   M    M   6 18     25 320
 6  96  73  85   5   0  20 0.00  0.0    0  6.6 16 310   M    M   4        20 320
 7  96  76  86   6   0  21 0.24  0.0    0  5.3 18  60   M    M   6 13     21  70
 8  88  76  82   2   0  17 0.22  0.0    0  9.6 17  90   M    M   8 13     21  80
 9  87  75  81   1   0  16 0.08  0.0    0 10.6 18 150   M    M   9 1      24 150
10  87  74  81   1   0  16 0.14  0.0    0 10.0 18 130   M    M   8 1      28 130
11  90  75  83   3   0  18 0.00  0.0    0  8.2 15 130   M    M   7        21 170
12  92  76  84   4   0  19 0.00  0.0    0  8.1 17 170   M    M   5        24 170
13  91  74  83   3   0  18 0.00  0.0    0  6.9 13 210   M    M   6        18 200
14  93  73  83   3   0  18 0.00  0.0    0  5.5 14 170   M    M   4        20 180
15  91  73  82   2   0  17    T  0.0    0  5.9 16  90   M    M   5        18 170
16  92  76  84   4   0  19    T  0.0    0  4.6 16 250   M    M   6 3      21 260
17  96  74  85   5   0  20 0.03  0.0    0  4.8 18 260   M    M   7 13     26 260
18  97  74  86   6   0  21 0.04  0.0    0  4.3 23 250   M    M   8 3      31 250
19  93  71  82   3   0  17 0.85  0.0    0  5.2 31 290   M    M   8 13     36 300
20  89  73  81   2   0  16 0.02  0.0    0  5.9 15 260   M    M   7 3      20 250
21  89  72  81   2   0  16 0.35  0.0    0  7.7 17 300   M    M   6 13     24 280
22  89  71  80   1   0  15 0.00  0.0    0  6.5 14 300   M    M   7        19 310
23  93  73  83   4   0  18 0.00  0.0    0  5.0 14  70   M    M   5        17  60
24  85  73  79   0   0  14 0.80  0.0    0  5.8 24  70   M    M   6 13     30  60
25  92  72  82   3   0  17 0.00  0.0    0  4.5 10 100   M    M   2 1      15  40
26  94  76  85   6   0  20 0.00  0.0    0  4.9 14 100   M    M   3        18 100
27  92  74  83   5   0  18 0.00  0.0    0  7.6 18  80   M    M   3        23  90
28  91  74  83   5   0  18 0.00  0.0    0 10.3 16  60   M    M   3        26  80
================================================================================
SM 2564 2069         0 502  3.06     0.0 182.7          M      163
================================================================================
AV 91.6 73.9                               6.5 FASTST   M    M   6    MAX(MPH)
                                 MISC ---->  # 32 340               # 40  320
================================================================================
NOTES:
# LAST OF SEVERAL OCCURRENCES

COLUMN 17 PEAK WIND IN M.P.H.

PRELIMINARY LOCAL CLIMATOLOGICAL DATA (WS FORM: F-6) , PAGE 2

                                          STATION:  ATLANTA
                                          MONTH:    AUGUST
                                          YEAR:     2016
                                          LATITUDE:   33 39 N
                                          LONGITUDE:  84 26 W

[TEMPERATURE DATA]      [PRECIPITATION DATA]       SYMBOLS USED IN COLUMN 16

AVERAGE MONTHLY: 82.7   TOTAL FOR MONTH:   3.06    1 = FOG OR MIST
DPTR FM NORMAL:   3.2   DPTR FM NORMAL:   -0.46    2 = FOG REDUCING VISIBILITY
HIGHEST:    97 ON 18    GRTST 24HR  0.85 ON 19-19      TO 1/4 MILE OR LESS
LOWEST:     71 ON 22,19                            3 = THUNDER
                        SNOW, ICE PELLETS, HAIL    4 = ICE PELLETS
                        TOTAL MONTH:   0.0 INCH    5 = HAIL
                        GRTST 24HR     0.0         6 = FREEZING RAIN OR DRIZZLE
                        GRTST DEPTH:   0           7 = DUSTSTORM OR SANDSTORM:
                                                       VSBY 1/2 MILE OR LESS
                                                   8 = SMOKE OR HAZE
[NO. OF DAYS WITH]      [WEATHER - DAYS WITH]      9 = BLOWING SNOW
                                                   X = TORNADO
MAX 32 OR BELOW:   0    0.01 INCH OR MORE:  12
MAX 90 OR ABOVE:  21    0.10 INCH OR MORE:   7
MIN 32 OR BELOW:   0    0.50 INCH OR MORE:   2
MIN  0 OR BELOW:   0    1.00 INCH OR MORE:   0

[HDD (BASE 65) ]
TOTAL THIS MO.     0    CLEAR  (SCALE 0-3)   2
DPTR FM NORMAL     0    PTCLDY (SCALE 4-7)  24
TOTAL FM JUL 1     0    CLOUDY (SCALE 8-10)  2
DPTR FM NORMAL     0

[CDD (BASE 65) ]
TOTAL THIS MO.   502
DPTR FM NORMAL    94    [PRESSURE DATA]
TOTAL FM JAN 1  1897    HIGHEST SLP M ON M
DPTR FM NORMAL   397    LOWEST  SLP 29.83 ON  6

[REMARKS]
