000
CXUS52 KFFC 161110
CF6ATL
PRELIMINARY LOCAL CLIMATOLOGICAL DATA (WS FORM: F-6)

                                          STATION:   ATLANTA
                                          MONTH:     AUGUST
                                          YEAR:      2017
                                          LATITUDE:   33 39 N
                                          LONGITUDE:  84 26 W

  TEMPERATURE IN F:       :PCPN:    SNOW:  WIND      :SUNSHINE: SKY     :PK WND
================================================================================
1   2   3   4   5  6A  6B    7    8   9   10  11  12  13   14  15   16   17  18
                                     12Z  AVG MX 2MIN
DY MAX MIN AVG DEP HDD CDD  WTR  SNW DPTH SPD SPD DIR MIN PSBL S-S WX    SPD DR
================================================================================

 1  87  68  78  -2   0  13 0.00  0.0    0  3.8 12  80   M    M   5        17  40
 2  86  71  79  -1   0  14 0.00  0.0    0  2.9  9 120   M    M   8        13 160
 3  83  70  77  -3   0  12 0.01  0.0    0  4.6 20 210   M    M   8        24 200
 4  87  69  78  -2   0  13 0.01  0.0    0  6.3 14 220   M    M   8 13     23 320
 5  88  70  79  -1   0  14 0.03  0.0    0  6.4 16 260   M    M   4 3      20 260
 6  88  72  80   0   0  15 0.63  0.0    0  5.0 20 170   M    M   6 138    25 170
 7  86  73  80   0   0  15 0.33  0.0    0  8.1 28 260   M    M   8 13     35 260
 8  76  70  73  -7   0   8 1.12  0.0    0  3.5 15 360   M    M  10 13     17 360
 9  80  71  76  -4   0  11 0.10  0.0    0  8.1 16  60   M    M   9 1      20  50
10  84  72  78  -2   0  13 1.98  0.0    0  5.6 29  70   M    M   8 13     33  70
11  88  72  80   0   0  15 0.00  0.0    0  5.0 12 300   M    M   8        15 270
12  90  73  82   2   0  17 0.00  0.0    0  6.2 17 300   M    M   6 1      21 300
13  90  73  82   2   0  17 0.00  0.0    0  4.8 12 320   M    M   7        14 320
14  92  75  84   4   0  19 0.03  0.0    0  4.4 16 270   M    M   6 1      22 280
15  90  73  82   2   0  17    T  0.0    0  7.7 17 290   M    M   7 3      21 300
================================================================================
SM 1295 1072         0 213  4.24     0.0  82.4          M      108
================================================================================
AV 86.3 71.5                               5.5 FASTST   M    M   7    MAX(MPH)
                                 MISC ---->  # 29  70               # 35  260
================================================================================
NOTES:
# LAST OF SEVERAL OCCURRENCES

COLUMN 17 PEAK WIND IN M.P.H.

PRELIMINARY LOCAL CLIMATOLOGICAL DATA (WS FORM: F-6) , PAGE 2

                                          STATION:  ATLANTA
                                          MONTH:    AUGUST
                                          YEAR:     2017
                                          LATITUDE:   33 39 N
                                          LONGITUDE:  84 26 W

[TEMPERATURE DATA]      [PRECIPITATION DATA]       SYMBOLS USED IN COLUMN 16

AVERAGE MONTHLY: 78.9   TOTAL FOR MONTH:   4.24    1 = FOG OR MIST
DPTR FM NORMAL:  -1.1   DPTR FM NORMAL:    2.39    2 = FOG REDUCING VISIBILITY
HIGHEST:    92 ON 14    GRTST 24HR  1.98 ON 10-10      TO 1/4 MILE OR LESS
LOWEST:     68 ON  1                               3 = THUNDER
                        SNOW, ICE PELLETS, HAIL    4 = ICE PELLETS
                        TOTAL MONTH:   0.0 INCH    5 = HAIL
                        GRTST 24HR     0.0         6 = FREEZING RAIN OR DRIZZLE
                        GRTST DEPTH:   0           7 = DUSTSTORM OR SANDSTORM:
                                                       VSBY 1/2 MILE OR LESS
                                                   8 = SMOKE OR HAZE
[NO. OF DAYS WITH]      [WEATHER - DAYS WITH]      9 = BLOWING SNOW
                                                   X = TORNADO
MAX 32 OR BELOW:   0    0.01 INCH OR MORE:   9
MAX 90 OR ABOVE:   4    0.10 INCH OR MORE:   5
MIN 32 OR BELOW:   0    0.50 INCH OR MORE:   3
MIN  0 OR BELOW:   0    1.00 INCH OR MORE:   2

[HDD (BASE 65) ]
TOTAL THIS MO.     0    CLEAR  (SCALE 0-3)   0
DPTR FM NORMAL     0    PTCLDY (SCALE 4-7)  11
TOTAL FM JUL 1     0    CLOUDY (SCALE 8-10)  4
DPTR FM NORMAL     0

[CDD (BASE 65) ]
TOTAL THIS MO.   213
DPTR FM NORMAL   -12    [PRESSURE DATA]
TOTAL FM JAN 1  1487    HIGHEST SLP M ON M
DPTR FM NORMAL   170    LOWEST  SLP 29.87 ON 14

[REMARKS]
