000
CXUS54 KMAF 291100
CF6ATS
PRELIMINARY LOCAL CLIMATOLOGICAL DATA (WS FORM: F-6)

                                          STATION:   Artesia
                                          MONTH:     MAY
                                          YEAR:      2017
                                          LATITUDE:   32 54 N
                                          LONGITUDE: 104 30 W

  TEMPERATURE IN F:       :PCPN:    SNOW:  WIND      :SUNSHINE: SKY     :PK WND
================================================================================
1   2   3   4   5  6A  6B    7    8   9   10  11  12  13   14  15   16   17  18
                                     12Z  AVG MX 2MIN
DY MAX MIN AVG DEP HDD CDD  WTR  SNW DPTH SPD SPD DIR MIN PSBL S-S WX    SPD DR
================================================================================

 1  84  45  65   M   0   0 0.00  0.0    0  8.8 14 270   M    M   0        16  60
 2  91  46  69   M   0   4 0.00  0.0    0 11.2 24 230   M    M   0        36 240
 3  77  52  65   M   0   0 0.00  0.0    0 13.4 31 350   M    M   0        38 350
 4  75  45  60   M   5   0 0.00  0.0    0  6.1 10 230   M    M   0        17 150
 5  88  48  68   M   0   3 0.00  0.0    0 11.2 24 150   M    M   0        25 160
 6  93  50  72   M   0   7 0.00  0.0    0 11.1 22 160   M    M   0        27 140
 7  91  59  75   M   0  10 0.00  0.0    0 15.3 30 140   M    M   0        37 140
 8  90  59  75   M   0  10 0.00  0.0    0 13.5 30 140   M    M   2 3      40 140
 9  82  63  73   M   0   8 0.00  0.0    0 11.7 22 140   M    M   5 3      29 140
10  75  50  63   M   2   0 0.00  0.0    0 14.0 29 230   M    M   1        44 230
11  77  46  62   M   3   0 0.00  0.0    0  8.6 17  20   M    M   0        25 360
12  79  50  65   M   0   0 0.00  0.0    0  7.4 12  20   M    M   0        15  99
13  90  54  72   M   0   7 0.00  0.0    0 12.7 23 160   M    M   0        27 140
14  97  59  78   M   0  13 0.00  0.0    0 10.5 16 230   M    M   0        28 180
15  93  61  77   M   0  12 0.00  0.0    0 10.6 30 220   M    M   0        39 210
16  86  57  72   M   0   7 0.00  0.0    0 19.4 39 280   M    M   0        45 220
17  84  55  70   M   0   5 0.00  0.0    0 15.8 28 230   M    M   0        39 230
18  84  59  72   M   0   7 0.00  0.0    0 15.8 32 240   M    M   0        44 240
19  84  52  68   M   0   3 0.00  0.0    0 12.2 23 360   M    M   0        29 360
20  77  46  62   M   3   0 0.00  0.0    0  7.5 15 350   M    M   0        17 140
21  79  57  68   M   0   3 0.00  0.0    0 13.4 27 160   M    M   3        35 140
22  79  57  68   M   0   3 0.00  0.0    0  9.5 15 150   M    M   4 13     17 130
23  70  54  62   M   3   0 0.00  0.0    0 10.2 22  10   M    M   4        27 360
24  91  46  69   M   0   4 0.03    M    0  6.8 14 230   M    M   0        15 150
25  99  70  85   M   0  20 0.00  0.0    0 17.8 30 250   M    M   0        40 250
26  95  63  79   M   0  14 0.00  0.0    0 11.8 25 240   M    M   0        36 220
27  97  63  80   M   0  15 0.00  0.0    0 12.1 22 240   M    M   0        30 240
28  84  57  71   M   0   6 0.00  0.0    0 10.9 31  10   M    M   1        39  10
================================================================================
SM 2391 1523        16 161  0.03     0.0 329.3          M       20
================================================================================
AV 85.4 54.4                              11.8 FASTST   M    M   1    MAX(MPH)
                                 MISC ---->  # 39 280               # 45  220
================================================================================
NOTES:
# LAST OF SEVERAL OCCURRENCES

COLUMN 17 PEAK WIND IN M.P.H.

PRELIMINARY LOCAL CLIMATOLOGICAL DATA (WS FORM: F-6) , PAGE 2

                                          STATION:  Artesia
                                          MONTH:    MAY
                                          YEAR:     2017
                                          LATITUDE:   32 54 N
                                          LONGITUDE: 104 30 W

[TEMPERATURE DATA]      [PRECIPITATION DATA]       SYMBOLS USED IN COLUMN 16

AVERAGE MONTHLY: 69.9   TOTAL FOR MONTH:   0.03    1 = FOG OR MIST
DPTR FM NORMAL:     M   DPTR FM NORMAL:       M    2 = FOG REDUCING VISIBILITY
HIGHEST:    99 ON 25    GRTST 24HR  0.03 ON 24-24      TO 1/4 MILE OR LESS
LOWEST:     45 ON  4, 1                            3 = THUNDER
                        SNOW, ICE PELLETS, HAIL    4 = ICE PELLETS
                        TOTAL MONTH:   0.0 INCH    5 = HAIL
                        GRTST 24HR     0.0         6 = FREEZING RAIN OR DRIZZLE
                        GRTST DEPTH:   0           7 = DUSTSTORM OR SANDSTORM:
                                                       VSBY 1/2 MILE OR LESS
                                                   8 = SMOKE OR HAZE
[NO. OF DAYS WITH]      [WEATHER - DAYS WITH]      9 = BLOWING SNOW
                                                   X = TORNADO
MAX 32 OR BELOW:   0    0.01 INCH OR MORE:   1
MAX 90 OR ABOVE:  11    0.10 INCH OR MORE:   0
MIN 32 OR BELOW:   0    0.50 INCH OR MORE:   0
MIN  0 OR BELOW:   0    1.00 INCH OR MORE:   0

[HDD (BASE 65) ]
TOTAL THIS MO.    16    CLEAR  (SCALE 0-3)  24
DPTR FM NORMAL     M    PTCLDY (SCALE 4-7)   4
TOTAL FM JUL 1  2305    CLOUDY (SCALE 8-10)  0
DPTR FM NORMAL     M

[CDD (BASE 65) ]
TOTAL THIS MO.   161
DPTR FM NORMAL     M    [PRESSURE DATA]
TOTAL FM JAN 1   280    HIGHEST SLP M ON M
DPTR FM NORMAL     M    LOWEST  SLP M ON M

[REMARKS]
