000
CXUS53 KGID 310730
CF6AUH
PRELIMINARY LOCAL CLIMATOLOGICAL DATA (WS FORM: F-6)

                                          STATION:   AURORA
                                          MONTH:     AUGUST
                                          YEAR:      2015
                                          LATITUDE:   40 54 N
                                          LONGITUDE:  97 59 W

  TEMPERATURE IN F:       :PCPN:    SNOW:  WIND      :SUNSHINE: SKY     :PK WND
================================================================================
1   2   3   4   5  6A  6B    7    8   9   10  11  12  13   14  15   16   17  18
                                     12Z  AVG MX 2MIN
DY MAX MIN AVG DEP HDD CDD  WTR  SNW DPTH SPD SPD DIR MIN PSBL S-S WX    SPD DR
================================================================================

 1  83  64  74  -1   0   9 1.00    M    M  7.0 17 340   M    M   3 3      24 360
 2  91  66  79   4   0  14 0.00    M    M  8.2 13 260   M    M   0 3       M  M
 3  81  65  73  -2   0   8 0.00    M    M  8.0 12 110   M    M   0         M  M
 4  82  65  74  -1   0   9 0.10    M    M  8.8 18 140   M    M   4        22 140
 5  81  65  73  -2   0   8 0.00    M    M  4.0  9 120   M    M   7 1       M  M
 6  80  64  72  -3   0   7    T    M    M  6.9 21 160   M    M   3 1      18 140
 7  86  65  76   1   0  11 0.17    M    M  5.4 12 250   M    M   0 13      M  M
 8  81  65  73  -1   0   8 0.36    M    M  4.5 16 150   M    M   4 3      22 170
 9  88  67  78   4   0  13 0.00    M    M  3.4 14 360   M    M   5 123    25 360
10  80  60  70  -4   0   5 0.00    M    M  7.0 14 360   M    M   3         M  M
11  81  56  69  -5   0   4 0.00    M    M  1.1  5 140   M    M   0         M  M
12  83  63  73  -1   0   8 0.00    M    M  7.0 13 180   M    M   1        17 180
13  85  64  75   1   0  10    T    M    M  9.0 14 210   M    M   1        20 210
14  86  66  76   2   0  11 0.00    M    M  6.8 13 170   M    M   1         M  M
15  87  66  77   3   0  12 0.00    M    M 10.7 18 190   M    M   0        23 190
16  88  68  78   4   0  13 0.21    M    M  9.4 28 300   M    M   5 3      32 300
17  71  64  68  -6   0   3 0.00    M    M  7.1 10 360   M    M  10 13      M  M
18  70  52  61 -13   4   0 0.07    M    M  9.5 17 330   M    M   8 123    22 330
19  74  50  62 -11   3   0 0.01    M    M  9.8 21 320   M    M   3        28 320
20  82  50  66  -7   0   1 0.00    M    M  8.2 17 170   M    M   1        23 170
21  84  61  73   0   0   8 0.00    M    M 14.0 21 170   M    M   2        29 170
22  83  58  71  -2   0   6 0.00    M    M 13.6 25 190   M    M   5        31 190
23  72  46  59 -14   6   0 0.00    M    M  8.7 17 340   M    M   0        23 340
24  79  45  62 -10   3   0 0.00    M    M  3.9  7 260   M    M   0         M  M
25  81  52  67  -5   0   2 0.00    M    M  5.9  9 130   M    M   0         M  M
26  85  56  71  -1   0   6 0.00    M    M  8.1 14 150   M    M   0        18 150
27  85  65  75   3   0  10    T    M    M 13.4 20 150   M    M   3 3      28 140
28  76  61  69  -3   0   4 0.00    M    M  8.0 14 350   M    M   7        22 330
29  79  56  68  -3   0   3 0.00    M    M  4.7  7  10   M    M   3 1       M  M
30  78  61  70  -1   0   5 0.00    M    M  8.8 14 160   M    M   5 12     18 160
================================================================================
SM 2442 1806        16 198  1.92    M    230.9          M       84
================================================================================
AV 81.4 60.2                               7.7 FASTST   M    M   3    MAX(MPH)
                                 MISC ---->    28   M                 32    M
================================================================================
NOTES:
# LAST OF SEVERAL OCCURRENCES

COLUMN 17 PEAK WIND IN M.P.H.

PRELIMINARY LOCAL CLIMATOLOGICAL DATA (WS FORM: F-6) , PAGE 2

                                          STATION:  AURORA
                                          MONTH:    AUGUST
                                          YEAR:     2015
                                          LATITUDE:   40 54 N
                                          LONGITUDE:  97 59 W

[TEMPERATURE DATA]      [PRECIPITATION DATA]       SYMBOLS USED IN COLUMN 16

AVERAGE MONTHLY: 70.8   TOTAL FOR MONTH:   1.92    1 = FOG OR MIST
DPTR FM NORMAL:  -2.7   DPTR FM NORMAL:   -1.59    2 = FOG REDUCING VISIBILITY
HIGHEST:    91 ON  2    GRTST 24HR  1.00 ON  1- 1      TO 1/4 MILE OR LESS
LOWEST:     45 ON 24                               3 = THUNDER
                        SNOW, ICE PELLETS, HAIL    4 = ICE PELLETS
                        TOTAL MONTH:    M          5 = HAIL
                        GRTST 24HR    M  ON   M    6 = FREEZING RAIN OR DRIZZLE
                        GRTST DEPTH:  M  ON   M    7 = DUSTSTORM OR SANDSTORM:
                                                       VSBY 1/2 MILE OR LESS
                                                   8 = SMOKE OR HAZE
[NO. OF DAYS WITH]      [WEATHER - DAYS WITH]      9 = BLOWING SNOW
                                                   X = TORNADO
MAX 32 OR BELOW:   0    0.01 INCH OR MORE:   7
MAX 90 OR ABOVE:   1    0.10 INCH OR MORE:   5
MIN 32 OR BELOW:   0    0.50 INCH OR MORE:   1
MIN  0 OR BELOW:   0    1.00 INCH OR MORE:   1

[HDD (BASE 65) ]
TOTAL THIS MO.    16    CLEAR  (SCALE 0-3)  18
DPTR FM NORMAL    13    PTCLDY (SCALE 4-7)  11
TOTAL FM JUL 1    23    CLOUDY (SCALE 8-10)  1
DPTR FM NORMAL    17

[CDD (BASE 65) ]
TOTAL THIS MO.   198
DPTR FM NORMAL   -66    [PRESSURE DATA]
TOTAL FM JAN 1   740    HIGHEST SLP M ON M
DPTR FM NORMAL  -123    LOWEST  SLP M ON M

[REMARKS]
