000
CXUS53 KGRB 010729
CF6AUW
PRELIMINARY LOCAL CLIMATOLOGICAL DATA (WS FORM: F-6)

                                          STATION:   WAUSAU WI
                                          MONTH:     JULY
                                          YEAR:      2015
                                          LATITUDE:   44 55 N
                                          LONGITUDE:  89 37 W

  TEMPERATURE IN F:       :PCPN:    SNOW:  WIND      :SUNSHINE: SKY     :PK WND
================================================================================
1   2   3   4   5  6A  6B    7    8   9   10  11  12  13   14  15   16   17  18
                                     12Z  AVG MX 2MIN
DY MAX MIN AVG DEP HDD CDD  WTR  SNW DPTH SPD SPD DIR MIN PSBL S-S WX    SPD DR
================================================================================

 1  73  46  60  -9   5   0 0.00  0.0    0  5.3 13  60   M    M   0        17 340
 2  76  49  63  -6   2   0 0.00  0.0    0  4.8 13 170   M    M   0        16 170
 3  77  51  64  -5   1   0 0.00  0.0    0  6.0 16 260   M    M   2        20 260
 4  83  57  70   1   0   5 0.00  0.0    0  3.6  9 200   M    M   1 18     12 220
 5  84  61  73   4   0   8 0.00  0.0    0  8.7 16 170   M    M   1 18     23 200
 6  75  57  66  -3   0   1 0.46  0.0    0  7.0  9 350   M    M   8 18     17 350
 7  71  52  62  -7   3   0 0.00  0.0    0  7.2 17  10   M    M   4 1      23 340
 8  72  48  60  -9   5   0 0.00  0.0    0  4.8 13 190   M    M   3        16 170
 9  79  53  66  -3   0   1 0.00  0.0    0  4.5 12 230   M    M   1 1      16 210
10  83  56  70   1   0   5 0.00  0.0    0  4.8 13 250   M    M   1 18     16 220
11  82  58  70   0   0   5 0.00  0.0    0  5.8 13 200   M    M   2 1      16 180
12  85  62  74   4   0   9 0.00  0.0    0  6.7 16 160   M    M   4 18     19 170
13  83  64  74   4   0   9 1.43  0.0    0  8.3 35 300   M    M   4 13     45 290
14  78  53  66  -4   0   1 0.00  0.0    0  9.2 16 350   M    M   5        23 340
15  77  49  63  -7   2   0 0.00  0.0    0  4.2 12 170   M    M   0        16 180
16  76  58  67  -3   0   2 0.25  0.0    0  8.9 16 150   M    M   5 1      23 120
17  85  65  75   5   0  10 0.05  0.0    0  7.7 16 270   M    M   5 1      21 270
18  87  65  76   6   0  11 0.89  0.0    0 10.1 37 270   M    M   1 13     46 270
19  81  61  71   1   0   6 0.00  0.0    0 12.4 23 270   M    M   1        29 280
20  81  59  70   0   0   5 0.00  0.0    0 10.5 23 280   M    M   1        28 270
21  79  55  67  -3   0   2 0.00  0.0    0  8.0 20 310   M    M   2        27 310
22  82  56  69  -1   0   4    T  0.0    0  3.3 17 270   M    M   5        23 260
23  84  62  73   4   0   8 0.00  0.0    0  4.9 13 220   M    M   2        16 220
24  82  60  71   2   0   6 0.00  0.0    0  8.7 23 160   M    M   3        29 170
25  87  66  77   8   0  12 0.00  0.0    0  5.5 13 290   M    M   1        15 290
26  85  60  73   4   0   8 0.00  0.0    0  4.1 12 160   M    M   0        15 190
27  87  58  73   4   0   8 0.00  0.0    0  5.6 15 160   M    M   0        19 150
28  85  64  75   6   0  10 0.00  0.0    0  9.7 22 150   M    M   3        28 150
29  83  68  76   7   0  11    T  0.0    0 16.7 35 280   M    M   2        46 290
30  85  64  75   6   0  10 0.00  0.0    0 12.8 24 290   M    M   2        31 290
31  81  63  72   3   0   7    T  0.0    0 12.0 24 310   M    M   2        34 280
================================================================================
SM 2508 1800        18 164  3.08     0.0 231.8          M       71
================================================================================
AV 80.9 58.1                               7.5 FASTST   M    M   2    MAX(MPH)
                                 MISC ---->  # 37 270               # 46  270
================================================================================
NOTES:
# LAST OF SEVERAL OCCURRENCES

COLUMN 17 PEAK WIND IN M.P.H.

PRELIMINARY LOCAL CLIMATOLOGICAL DATA (WS FORM: F-6) , PAGE 2

                                          STATION:  WAUSAU WI
                                          MONTH:    JULY
                                          YEAR:     2015
                                          LATITUDE:   44 55 N
                                          LONGITUDE:  89 37 W

[TEMPERATURE DATA]      [PRECIPITATION DATA]       SYMBOLS USED IN COLUMN 16

AVERAGE MONTHLY: 69.5   TOTAL FOR MONTH:   3.08    1 = FOG OR MIST
DPTR FM NORMAL:   0.2   DPTR FM NORMAL:   -0.75    2 = FOG REDUCING VISIBILITY
HIGHEST:    87 ON 27,25 GRTST 24HR  1.43 ON 13-13      TO 1/4 MILE OR LESS
LOWEST:     46 ON  1                               3 = THUNDER
                        SNOW, ICE PELLETS, HAIL    4 = ICE PELLETS
                        TOTAL MONTH:   0.0 INCH    5 = HAIL
                        GRTST 24HR     0.0         6 = FREEZING RAIN OR DRIZZLE
                        GRTST DEPTH:   0           7 = DUSTSTORM OR SANDSTORM:
                                                       VSBY 1/2 MILE OR LESS
                                                   8 = SMOKE OR HAZE
[NO. OF DAYS WITH]      [WEATHER - DAYS WITH]      9 = BLOWING SNOW
                                                   X = TORNADO
MAX 32 OR BELOW:   0    0.01 INCH OR MORE:   5
MAX 90 OR ABOVE:   0    0.10 INCH OR MORE:   4
MIN 32 OR BELOW:   0    0.50 INCH OR MORE:   2
MIN  0 OR BELOW:   0    1.00 INCH OR MORE:   1

[HDD (BASE 65) ]
TOTAL THIS MO.    18    CLEAR  (SCALE 0-3)  22
DPTR FM NORMAL    -5    PTCLDY (SCALE 4-7)   9
TOTAL FM JUL 1    18    CLOUDY (SCALE 8-10)  0
DPTR FM NORMAL    -5

[CDD (BASE 65) ]
TOTAL THIS MO.   164
DPTR FM NORMAL     8    [PRESSURE DATA]
TOTAL FM JAN 1   229    HIGHEST SLP M ON M
DPTR FM NORMAL   -31    LOWEST  SLP 29.48 ON 13

[REMARKS]
#FINAL-07-15#
