412
CXUS52 KGSP 210817
CF6AVL
PRELIMINARY LOCAL CLIMATOLOGICAL DATA (WS FORM: F-6)

                                          STATION:   ASHEVILLE NC
                                          MONTH:     OCTOBER
                                          YEAR:      2017
                                          LATITUDE:   35 25 N
                                          LONGITUDE:  82 33 W

  TEMPERATURE IN F:       :PCPN:    SNOW:  WIND      :SUNSHINE: SKY     :PK WND
================================================================================
1   2   3   4   5  6A  6B    7    8   9   10  11  12  13   14  15   16   17  18
                                     12Z  AVG MX 2MIN
DY MAX MIN AVG DEP HDD CDD  WTR  SNW DPTH SPD SPD DIR MIN PSBL S-S WX    SPD DR
================================================================================

 1  67  43  55  -6  10   0 0.00  0.0    0  2.5 14 170   M    M   0        20 180
 2  71  40  56  -5   9   0 0.00  0.0    0  3.5 13 170   M    M   M 1      16 180
 3  73  45  59  -1   6   0 0.00  0.0    0  1.7 13 180   M    M   2        18 180
 4  77  44  61   1   4   0 0.00  0.0    0  2.3 10 170   M    M   1 12     14 160
 5  79  43  61   1   4   0 0.00  0.0    0  2.2 12 170   M    M   1 12     18 160
 6  78  47  63   4   2   0 0.00  0.0    0  2.2 12 150   M    M   1        16 140
 7  75  61  68   9   0   3 0.00  0.0    0  4.7 13 190   M    M   9        15 190
 8  74  68  71  12   0   6 2.33  0.0    0  7.1 26 180   M    M   9 12     34 170
 9  82  71  77  19   0  12 0.01  0.0    0  5.8 15 180   M    M   8        20 200
10  84  69  77  19   0  12 0.86  0.0    0  4.2 15 210   M    M   7 1      20 220
11  85  65  75  17   0  10 0.00  0.0    0  2.7 14 360   M    M   5 128    23 360
12  83  63  73  15   0   8 0.33  0.0    0  5.2 13 170   M    M   3 18     17 150
13  72  63  68  11   0   3    T  0.0    0  5.5 15 160   M    M   8        19 170
14  81  63  72  15   0   7 0.00  0.0    0  4.0 13 170   M    M   6        18 160
15  80  60  70  13   0   5    T  0.0    0  3.7 13 190   M    M   6 12     16 200
16  66  46  56   0   9   0 0.28  0.0    0 16.4 31 340   M    M   2 1      41 340
17  65  38  52  -4  13   0 0.00  0.0    0  2.3  9 160   M    M   0        12 160
18  67  37  52  -4  13   0 0.00  0.0    0  2.4 13 160   M    M   2 12     16 160
19  75  37  56   1   9   0 0.00  0.0    0  2.9 13 340   M    M   2 12     15 350
20  80  39  60   5   5   0 0.00  0.0    0  2.1  9 160   M    M   0        12 160
================================================================================
SM 1514 1042        84  66  3.81     0.0  83.4          M       72
================================================================================
AV 75.7 52.1                               4.2 FASTST   M    M   4    MAX(MPH)
                                 MISC ---->  # 31 340               # 41  340
================================================================================
NOTES:
# LAST OF SEVERAL OCCURRENCES

COLUMN 17 PEAK WIND IN M.P.H.

PRELIMINARY LOCAL CLIMATOLOGICAL DATA (WS FORM: F-6) , PAGE 2

                                          STATION:  ASHEVILLE NC
                                          MONTH:    OCTOBER
                                          YEAR:     2017
                                          LATITUDE:   35 25 N
                                          LONGITUDE:  82 33 W

[TEMPERATURE DATA]      [PRECIPITATION DATA]       SYMBOLS USED IN COLUMN 16

AVERAGE MONTHLY: 63.9   TOTAL FOR MONTH:   3.81    1 = FOG OR MIST
DPTR FM NORMAL:   5.9   DPTR FM NORMAL:    1.90    2 = FOG REDUCING VISIBILITY
HIGHEST:    85 ON 11    GRTST 24HR  2.33 ON  8- 8      TO 1/4 MILE OR LESS
LOWEST:     37 ON 19,18                            3 = THUNDER
                        SNOW, ICE PELLETS, HAIL    4 = ICE PELLETS
                        TOTAL MONTH:   0.0 INCH    5 = HAIL
                        GRTST 24HR     0.0         6 = FREEZING RAIN OR DRIZZLE
                        GRTST DEPTH:   0           7 = DUSTSTORM OR SANDSTORM:
                                                       VSBY 1/2 MILE OR LESS
                                                   8 = SMOKE OR HAZE
[NO. OF DAYS WITH]      [WEATHER - DAYS WITH]      9 = BLOWING SNOW
                                                   X = TORNADO
MAX 32 OR BELOW:   0    0.01 INCH OR MORE:   5
MAX 90 OR ABOVE:   0    0.10 INCH OR MORE:   4
MIN 32 OR BELOW:   0    0.50 INCH OR MORE:   2
MIN  0 OR BELOW:   0    1.00 INCH OR MORE:   1

[HDD (BASE 65) ]
TOTAL THIS MO.    84    CLEAR  (SCALE 0-3)  11
DPTR FM NORMAL   -64    PTCLDY (SCALE 4-7)   4
TOTAL FM JUL 1   122    CLOUDY (SCALE 8-10)  4
DPTR FM NORMAL   -83

[CDD (BASE 65) ]
TOTAL THIS MO.    66
DPTR FM NORMAL    59    [PRESSURE DATA]
TOTAL FM JAN 1  1042    HIGHEST SLP 30.34 ON 19
DPTR FM NORMAL   183    LOWEST  SLP 29.79 ON  8

[REMARKS]
