000
CXUS53 KMPX 211000
CF6AXN
PRELIMINARY LOCAL CLIMATOLOGICAL DATA (WS FORM: F-6)

                                          STATION:   ALEXANDRIA MN
                                          MONTH:     FEBRUARY
                                          YEAR:      2018
                                          LATITUDE:   45 52 N
                                          LONGITUDE:  95 23 W

  TEMPERATURE IN F:       :PCPN:    SNOW:  WIND      :SUNSHINE: SKY     :PK WND
================================================================================
1   2   3   4   5  6A  6B    7    8   9   10  11  12  13   14  15   16   17  18
                                     12Z  AVG MX 2MIN
DY MAX MIN AVG DEP HDD CDD  WTR  SNW DPTH SPD SPD DIR MIN PSBL S-S WX    SPD DR
================================================================================

 1   2 -10  -4 -16  69   0    M    M    M 12.0 22 320   M    M   2 8      29 320
 2  15 -10   3  -9  62   0    M    M    M  8.2 15 200   M    M   5        18 190
 3  14  -2   6  -6  59   0    M    M    M 11.7 21 360   M    M  10 18     27  30
 4   M   M   M   M   M   M    M    M    M   M   M   M   M    M   M         M  M
 5  10  -3   4  -8  61   0    M    M    M 13.2 22 340   M    M   0        27 340
 6   9  -4   3 -10  62   0    M    M    M  9.5 13 200   M    M   3 1       M  M
 7   9  -6   2 -11  63   0    M    M    M  7.1 14 290   M    M   5 1      16 280
 8  10  -7   2 -11  63   0    M    M    M  6.8 16 280   M    M   4        22 290
 9   6 -12  -3 -17  68   0    M    M    M  8.1 15 280   M    M   0        19  10
10  12  -9   2 -12  63   0    M    M    M  9.0 14 220   M    M   0        19 280
11  15  -6   5  -9  60   0    M    M    M 10.7 22 300   M    M   1        28 300
12   9 -16  -3 -17  68   0    M    M    M  4.3 12 160   M    M   1        15 150
13  29   5  17   2  48   0    M    M    M 15.1 23 210   M    M   3 18     28 210
14  46  18  32  17  33   0    M    M    M 10.5 16 280   M    M   1        22 270
15  38   0  19   3  46   0    M    M    M 15.3 22 330   M    M   8        30 320
16  25  -4  11  -5  54   0    M    M    M 13.5 23 220   M    M   0        28 210
17  31  10  21   5  44   0    M    M    M 10.5 24 300   M    M   1        31 300
18  32  11  22   6  43   0    M    M    M 14.0 28 120   M    M   9 18     39 120
19  15  10  13  -4  52   0    M    M    M 16.7 23  10   M    M  10 18     31  10
20  14   2   8  -9  57   0    M    M    M 12.7 22 300   M    M   6 18     27 290
================================================================================
SM  341  -33      1075   0    M     M    208.9          M       69
================================================================================
AV 18.0 -1.7                              11.0 FASTST   M    M   4    MAX(MPH)
                                 MISC ---->  # 28 120               # 39  120
================================================================================
NOTES:
# LAST OF SEVERAL OCCURRENCES

COLUMN 17 PEAK WIND IN M.P.H.

PRELIMINARY LOCAL CLIMATOLOGICAL DATA (WS FORM: F-6) , PAGE 2

                                          STATION:  ALEXANDRIA MN
                                          MONTH:    FEBRUARY
                                          YEAR:     2018
                                          LATITUDE:   45 52 N
                                          LONGITUDE:  95 23 W

[TEMPERATURE DATA]      [PRECIPITATION DATA]       SYMBOLS USED IN COLUMN 16

AVERAGE MONTHLY:  8.1   TOTAL FOR MONTH:      M    1 = FOG OR MIST
DPTR FM NORMAL:  -6.0   DPTR FM NORMAL:       M    2 = FOG REDUCING VISIBILITY
HIGHEST:    46 ON 14    GRTST 24HR    T  ON 31- 1      TO 1/4 MILE OR LESS
LOWEST:    -16 ON 12                               3 = THUNDER
                        SNOW, ICE PELLETS, HAIL    4 = ICE PELLETS
                        TOTAL MONTH:    M          5 = HAIL
                        GRTST 24HR    M  ON   M    6 = FREEZING RAIN OR DRIZZLE
                        GRTST DEPTH:  M  ON   M    7 = DUSTSTORM OR SANDSTORM:
                                                       VSBY 1/2 MILE OR LESS
                                                   8 = SMOKE OR HAZE
[NO. OF DAYS WITH]      [WEATHER - DAYS WITH]      9 = BLOWING SNOW
                                                   X = TORNADO
MAX 32 OR BELOW:  17    0.01 INCH OR MORE:   0
MAX 90 OR ABOVE:   0    0.10 INCH OR MORE:   0
MIN 32 OR BELOW:  19    0.50 INCH OR MORE:   0
MIN  0 OR BELOW:  13    1.00 INCH OR MORE:   0

[HDD (BASE 65) ]
TOTAL THIS MO.  1075    CLEAR  (SCALE 0-3)   9
DPTR FM NORMAL    58    PTCLDY (SCALE 4-7)   7
TOTAL FM JUL 1  5746    CLOUDY (SCALE 8-10)  3
DPTR FM NORMAL  -479

[CDD (BASE 65) ]
TOTAL THIS MO.     0
DPTR FM NORMAL     0    [PRESSURE DATA]
TOTAL FM JAN 1     0    HIGHEST SLP M ON M
DPTR FM NORMAL     0    LOWEST  SLP 29.57 ON 18

[REMARKS]
