000
CXUS53 KGRR 301017
CF6AZO
PRELIMINARY LOCAL CLIMATOLOGICAL DATA (WS FORM: F-6)

                                          STATION:   KALAMAZOO
                                          MONTH:     JULY
                                          YEAR:      2016
                                          LATITUDE:   42 13 N
                                          LONGITUDE:  85 33 W

  TEMPERATURE IN F:       :PCPN:    SNOW:  WIND      :SUNSHINE: SKY     :PK WND
================================================================================
1   2   3   4   5  6A  6B    7    8   9   10  11  12  13   14  15   16   17  18
                                     12Z  AVG MX 2MIN
DY MAX MIN AVG DEP HDD CDD  WTR  SNW DPTH SPD SPD DIR MIN PSBL S-S WX    SPD DR
================================================================================

 1  74  55  65  -7   0   0 0.36    M    M 11.1 21 340   M    M   5 1      26 350
 2  76  51  64  -8   1   0 0.00    M    M  3.2 12 330   M    M   1        16 220
 3  78  51  65  -7   0   0 0.00    M    M  3.2 13 180   M    M   0 18     15 140
 4  80  56  68  -4   0   3    T    M    M  3.9 12 250   M    M   8 18     16 160
 5  84  65  75   3   0  10 0.00    M    M  6.3 17 240   M    M   4 18     22 230
 6  88  67  78   6   0  13    T    M    M  6.9 17 320   M    M   2        23 310
 7  86  67  77   4   0  12 1.23    M    M  4.5 17 330   M    M   4 13     24 300
 8  88  66  77   4   0  12 0.03    M    M  7.5 23 300   M    M   6 12     31 290
 9  77  63  70  -3   0   5 0.00    M    M  8.9 21 330   M    M   6        27 340
10  83  57  70  -3   0   5 0.00    M    M  1.7 10 320   M    M   1 1      15 250
11  88  64  76   3   0  11    T    M    M  6.8 16 180   M    M   2        21 160
12  93  70  82   9   0  17 0.07    M    M 10.3 29 190   M    M   2 3      36 190
13  89  69  79   6   0  14    M    M    M  8.9 24 200   M    M   5 138    31 180
14  87  69  78   5   0  13 0.00    M    M 12.2 24 260   M    M   3        32 250
15  78  62  70  -3   0   5    T    M    M  9.0 17 320   M    M   4        22 320
16  79  58  69  -4   0   4 0.00    M    M  4.7 12 360   M    M   4        18 350
17  87  54  71  -2   0   6 0.00    M    M 10.0 28 180   M    M   2        38 180
18  84  64  74   1   0   9 1.27    M    M  7.8 35 210   M    M   1 13     49 220
19  87  60  74   1   0   9 0.00    M    M  3.0 14 300   M    M   1 1      17 290
20  89  63  76   3   0  11 0.00    M    M  3.2 10 210   M    M   0 18     16 210
21  89  71  80   7   0  15 0.40    M    M  8.4 33 320   M    M   1 138    47 310
22  89  69  79   6   0  14 0.00    M    M  6.0 18 210   M    M   1 18     25 230
23  93  64  79   6   0  14 0.02    M    M  2.7 10 280   M    M   1 12     12 270
24  89  71  80   7   0  15 1.38    M    M  7.2 20 350   M    M   5 138    26 350
25  86  68  77   4   0  12 0.03    M    M  8.3 16 290   M    M   3 3      20 210
26  86  61  74   2   0   9 0.00    M    M  1.8 10 310   M    M   2 1      13 320
27  87  61  74   2   0   9 0.00    M    M  3.5 14  20   M    M   1 1      17  10
28  88  66  77   5   0  12 0.13    M    M  3.8 16 350   M    M   3 3      21 350
29  79  67  73   1   0   8 0.50    M    M  5.0 12  30   M    M   6 13     15  40
================================================================================
SM 2461 1829         1 267  5.42    M    179.8          M       84
================================================================================
AV 84.9 63.1                               6.2 FASTST   M    M   3    MAX(MPH)
                                 MISC ---->  # 35 210               # 49  220
================================================================================
NOTES:
# LAST OF SEVERAL OCCURRENCES

COLUMN 17 PEAK WIND IN M.P.H.

PRELIMINARY LOCAL CLIMATOLOGICAL DATA (WS FORM: F-6) , PAGE 2

                                          STATION:  KALAMAZOO
                                          MONTH:    JULY
                                          YEAR:     2016
                                          LATITUDE:   42 13 N
                                          LONGITUDE:  85 33 W

[TEMPERATURE DATA]      [PRECIPITATION DATA]       SYMBOLS USED IN COLUMN 16

AVERAGE MONTHLY: 74.0   TOTAL FOR MONTH:   5.42    1 = FOG OR MIST
DPTR FM NORMAL:   1.3   DPTR FM NORMAL:    1.96    2 = FOG REDUCING VISIBILITY
HIGHEST:    93 ON 23,12 GRTST 24HR  1.39 ON 23-24      TO 1/4 MILE OR LESS
LOWEST:     51 ON  3, 2                            3 = THUNDER
                        SNOW, ICE PELLETS, HAIL    4 = ICE PELLETS
                        TOTAL MONTH:    M          5 = HAIL
                        GRTST 24HR    M  ON   M    6 = FREEZING RAIN OR DRIZZLE
                        GRTST DEPTH:  M  ON   M    7 = DUSTSTORM OR SANDSTORM:
                                                       VSBY 1/2 MILE OR LESS
                                                   8 = SMOKE OR HAZE
[NO. OF DAYS WITH]      [WEATHER - DAYS WITH]      9 = BLOWING SNOW
                                                   X = TORNADO
MAX 32 OR BELOW:   0    0.01 INCH OR MORE:  11
MAX 90 OR ABOVE:   2    0.10 INCH OR MORE:   7
MIN 32 OR BELOW:   0    0.50 INCH OR MORE:   4
MIN  0 OR BELOW:   0    1.00 INCH OR MORE:   3

[HDD (BASE 65) ]
TOTAL THIS MO.     1    CLEAR  (SCALE 0-3)  17
DPTR FM NORMAL     1    PTCLDY (SCALE 4-7)  11
TOTAL FM JUL 1     1    CLOUDY (SCALE 8-10)  1
DPTR FM NORMAL     1

[CDD (BASE 65) ]
TOTAL THIS MO.   267
DPTR FM NORMAL    40    [PRESSURE DATA]
TOTAL FM JAN 1   503    HIGHEST SLP M ON M
DPTR FM NORMAL    90    LOWEST  SLP 29.71 ON  8

[REMARKS]
