556
CXUS54 KEWX 160910
CF6BAZ
PRELIMINARY LOCAL CLIMATOLOGICAL DATA (WS FORM: F-6)

                                          STATION:   NEW BRAUNFELS
                                          MONTH:     DECEMBER
                                          YEAR:      2017
                                          LATITUDE:   29 43 N
                                          LONGITUDE:  98  3 W

  TEMPERATURE IN F:       :PCPN:    SNOW:  WIND      :SUNSHINE: SKY     :PK WND
================================================================================
1   2   3   4   5  6A  6B    7    8   9   10  11  12  13   14  15   16   17  18
                                     12Z  AVG MX 2MIN
DY MAX MIN AVG DEP HDD CDD  WTR  SNW DPTH SPD SPD DIR MIN PSBL S-S WX    SPD DR
================================================================================

 1  77  51  64   9   1   0 0.00    M    M  4.1 10 170   M    M   3        14 190
 2  79  45  62   7   3   0 0.00    M    M  4.0 14 180   M    M   3 128    17 190
 3  77  57  67  12   0   2    T    M    M  6.1 15 120   M    M   8 128    19 160
 4  85  65  75  21   0  10 0.02    M    M 11.5 22 190   M    M   7 1      27 190
 5  71  50  61   7   4   0 0.11    M    M 14.1 28  20   M    M  10 1      35  30
 6  50  39  45  -9  20   0 1.02    M    M 13.1 24  10   M    M  10 1      29  40
 7  43  32  38 -16  27   0 0.94    M    M 10.4 22  20   M    M  10 1      28  20
 8  52  29  41 -13  24   0 0.00    M    M  5.9 10 350   M    M   2        12 350
 9  69  34  52  -1  13   0 0.00    M    M  9.8 23 330   M    M   0        28 320
10  67  33  50  -3  15   0 0.00    M    M  5.9 12 240   M    M   0        15 230
11  75  34  55   2  10   0 0.00    M    M  5.6 15 200   M    M   0        18 200
12  66  36  51  -2  14   0 0.00    M    M 10.0 23  30   M    M   0        28  40
13  61  32  47  -5  18   0 0.00    M    M  6.5 16 220   M    M   0        20 220
14  63  38  51  -1  14   0 0.00    M    M  7.1 22  30   M    M   2        29  30
15  60  40  50  -2  15   0 0.02    M    0  7.6 24  20   M    M   3        30  40
================================================================================
SM  995  615       178  12  2.11    M    121.7          M       58
================================================================================
AV 66.3 41.0                               8.1 FASTST   M    M   4    MAX(MPH)
                                 MISC ---->  # 28  20               # 35   30
================================================================================
NOTES:
# LAST OF SEVERAL OCCURRENCES

COLUMN 17 PEAK WIND IN M.P.H.

PRELIMINARY LOCAL CLIMATOLOGICAL DATA (WS FORM: F-6) , PAGE 2

                                          STATION:  NEW BRAUNFELS
                                          MONTH:    DECEMBER
                                          YEAR:     2017
                                          LATITUDE:   29 43 N
                                          LONGITUDE:  98  3 W

[TEMPERATURE DATA]      [PRECIPITATION DATA]       SYMBOLS USED IN COLUMN 16

AVERAGE MONTHLY: 53.7   TOTAL FOR MONTH:   2.11    1 = FOG OR MIST
DPTR FM NORMAL:   0.1   DPTR FM NORMAL:    0.93    2 = FOG REDUCING VISIBILITY
HIGHEST:    85 ON  4    GRTST 24HR  1.02 ON  6- 6      TO 1/4 MILE OR LESS
LOWEST:     29 ON  8                               3 = THUNDER
                        SNOW, ICE PELLETS, HAIL    4 = ICE PELLETS
                        TOTAL MONTH:    M          5 = HAIL
                        GRTST 24HR    M  ON   M    6 = FREEZING RAIN OR DRIZZLE
                        GRTST DEPTH:   0           7 = DUSTSTORM OR SANDSTORM:
                                                       VSBY 1/2 MILE OR LESS
                                                   8 = SMOKE OR HAZE
[NO. OF DAYS WITH]      [WEATHER - DAYS WITH]      9 = BLOWING SNOW
                                                   X = TORNADO
MAX 32 OR BELOW:   0    0.01 INCH OR MORE:   5
MAX 90 OR ABOVE:   0    0.10 INCH OR MORE:   3
MIN 32 OR BELOW:   3    0.50 INCH OR MORE:   2
MIN  0 OR BELOW:   0    1.00 INCH OR MORE:   1

[HDD (BASE 65) ]
TOTAL THIS MO.   178    CLEAR  (SCALE 0-3)   9
DPTR FM NORMAL    -2    PTCLDY (SCALE 4-7)   3
TOTAL FM JUL 1   312    CLOUDY (SCALE 8-10)  3
DPTR FM NORMAL   -85

[CDD (BASE 65) ]
TOTAL THIS MO.    12
DPTR FM NORMAL     4    [PRESSURE DATA]
TOTAL FM JAN 1  3434    HIGHEST SLP M ON M
DPTR FM NORMAL   473    LOWEST  SLP 29.79 ON  4

[REMARKS]
