000
CXUS51 KOKX 281605
CF6BDR
PRELIMINARY LOCAL CLIMATOLOGICAL DATA (WS FORM: F-6)

                                          STATION:   BRIDGEPORT CT
                                          MONTH:     FEBRUARY
                                          YEAR:      2015
                                          LATITUDE:   41 10 N
                                          LONGITUDE:  73  8 W

  TEMPERATURE IN F:       :PCPN:    SNOW:  WIND      :SUNSHINE: SKY     :PK WND
================================================================================
1   2   3   4   5  6A  6B    7    8   9   10  11  12  13   14  15   16   17  18
                                     12Z  AVG MX 2MIN
DY MAX MIN AVG DEP HDD CDD  WTR  SNW DPTH SPD SPD DIR MIN PSBL S-S WX    SPD DR
================================================================================

 1  35  11  23  -7  42   0 0.01  0.7    5  4.4 12 270   M    M   4 1      15 270
 2  30  15  23  -8  42   0 0.98 10.3   10 17.5 31  70   M    M  10 1268   40 320
 3  24   2  13 -18  52   0 0.00  0.0   14  7.4 18 320   M    M   0 8      27 300
 4  36   9  23  -8  42   0 0.00  0.0   14  2.6 14 200   M    M   7        16 200
 5  35  11  23  -8  42   0 0.01  0.3   12 12.5 29 350   M    M   5 18     44 360
 6  25   7  16 -15  49   0 0.00  0.0   11  8.5 17 310   M    M   1        24 310
 7  31  19  25  -6  40   0 0.01  0.1   11  4.9 12 230   M    M   9 1      16 230
 8  35  22  29  -2  36   0 0.01    T   11 11.6 21  20   M    M  10 16     24  20
 9  24  20  22 -10  43   0 0.15  2.0   10 15.0 22  40   M    M  10 16     28  40
10  36  23  30  -2  35   0 0.01  0.1   11 12.6 23  10   M    M   7        28 360
11  32  21  27  -5  38   0 0.00  0.0   10 11.1 22  30   M    M   0        28  10
12  36  20  28  -4  37   0 0.04  0.9   10  8.2 22 340   M    M   7 18     29 330
13  20   6  13 -19  52   0 0.00  0.0   11 10.1 23 330   M    M   1        31 320
14  32   3  18 -14  47   0 0.05  1.0   10  6.6 23 200   M    M   7 1      27 200
15  23   3  13 -19  52   0 0.01  0.5   11 20.8 36 300   M    M   4 89     51 340
16  20  -2   9 -24  56   0 0.00  0.0   10 11.8 26 300   M    M   0        33 300
17  26  11  19 -14  46   0 0.05  1.3   11  6.1 14 360   M    M   6 18     16 360
18  28   8  18 -15  47   0    T    T   11  4.2 10 100   M    M   2        13  30
19  24   7  16 -17  49   0 0.00  0.0   11 15.4 29 300   M    M   4        36 300
20  20   1  11 -22  54   0 0.00  0.0   11 13.3 25 290   M    M   0        32 290
21  31   3  17 -17  48   0 0.65  3.8   11  5.9 22 220   M    M   5 126    28 220
22  37  25  31  -3  34   0 0.24  0.2   14  2.7  7 230   M    M   5 16      9 230
23  31   5  18 -16  47   0 0.00  0.0   12 10.7 24 340   M    M   2 1      31 360
24  23   0  12 -22  53   0    T    T   12  5.5 17 190   M    M   2        20 190
25  36  12  24 -10  41   0 0.00  0.0   12  7.3 22 290   M    M   0        30 300
26  26  19  23 -11  42   0 0.01  0.2   12  9.7 18  10   M    M   7 1      22 360
27  28  15  22 -13  43   0 0.00  0.0   12  7.1 15 290   M    M   1        20 350
================================================================================
SM  784  296      1209   0  2.23    21.4 253.5          M      116
================================================================================
AV 29.0 11.0                               9.4 FASTST   M    M   4    MAX(MPH)
                                 MISC ---->  # 36 300               # 51  340
================================================================================
NOTES:
# LAST OF SEVERAL OCCURRENCES

COLUMN 17 PEAK WIND IN M.P.H.

PRELIMINARY LOCAL CLIMATOLOGICAL DATA (WS FORM: F-6) , PAGE 2

                                          STATION:  BRIDGEPORT CT
                                          MONTH:    FEBRUARY
                                          YEAR:     2015
                                          LATITUDE:   41 10 N
                                          LONGITUDE:  73  8 W

[TEMPERATURE DATA]      [PRECIPITATION DATA]       SYMBOLS USED IN COLUMN 16

AVERAGE MONTHLY: 20.0   TOTAL FOR MONTH:   2.23    1 = FOG OR MIST
DPTR FM NORMAL: -12.4   DPTR FM NORMAL:   -0.44    2 = FOG REDUCING VISIBILITY
HIGHEST:    37 ON 22    GRTST 24HR  0.99 ON  1- 2      TO 1/4 MILE OR LESS
LOWEST:     -2 ON 16                               3 = THUNDER
                        SNOW, ICE PELLETS, HAIL    4 = ICE PELLETS
                        TOTAL MONTH:  21.4 INCHES  5 = HAIL
                        GRTST 24HR  10.3 ON   M    6 = FREEZING RAIN OR DRIZZLE
                        GRTST DEPTH:  14 ON 22, 4  7 = DUSTSTORM OR SANDSTORM:
                                                       VSBY 1/2 MILE OR LESS
                                                   8 = SMOKE OR HAZE
[NO. OF DAYS WITH]      [WEATHER - DAYS WITH]      9 = BLOWING SNOW
                                                   X = TORNADO
MAX 32 OR BELOW:  19    0.01 INCH OR MORE:  14
MAX 90 OR ABOVE:   0    0.10 INCH OR MORE:   4
MIN 32 OR BELOW:  27    0.50 INCH OR MORE:   2
MIN  0 OR BELOW:   2    1.00 INCH OR MORE:   0

[HDD (BASE 65) ]
TOTAL THIS MO.  1209    CLEAR  (SCALE 0-3)  11
DPTR FM NORMAL   327    PTCLDY (SCALE 4-7)  12
TOTAL FM JUL 1  4058    CLOUDY (SCALE 8-10)  4
DPTR FM NORMAL   200

[CDD (BASE 65) ]
TOTAL THIS MO.     0
DPTR FM NORMAL     0    [PRESSURE DATA]
TOTAL FM JAN 1     0    HIGHEST SLP M ON M
DPTR FM NORMAL     0    LOWEST  SLP 29.39 ON M

[REMARKS]
