000
CXUS53 KIWX 280800
CF6BEH
PRELIMINARY LOCAL CLIMATOLOGICAL DATA (WS FORM: F-6)

                                          STATION:   BENTON HARBOR
                                          MONTH:     MARCH
                                          YEAR:      2017
                                          LATITUDE:   42  7 N
                                          LONGITUDE:  86 26 W

  TEMPERATURE IN F:       :PCPN:    SNOW:  WIND      :SUNSHINE: SKY     :PK WND
================================================================================
1   2   3   4   5  6A  6B    7    8   9   10  11  12  13   14  15   16   17  18
                                     12Z  AVG MX 2MIN
DY MAX MIN AVG DEP HDD CDD  WTR  SNW DPTH SPD SPD DIR MIN PSBL S-S WX    SPD DR
================================================================================

 1  55  30  43  11  22   0 0.55    M    0 10.5 21 290   M    M   9 123    31 300
 2  32  29  31  -2  34   0    T    M    M  9.7 20 290   M    M   8        29 290
 3  30  20  25  -8  40   0 0.01    M    M  9.3 18 300   M    M   5 1      28 320
 4  38  22  30  -4  35   0    T    M    M 12.4 23 110   M    M   6 8      28 100
 5  58  29  44  10  21   0 0.00  0.0    0 14.7 23 120   M    M   5        34 200
 6  60  51  56  22   9   0 0.00  0.0    0 14.3 23 170   M    M  10 1      35 180
 7  63  44  54  20  11   0 0.04    M    M 18.6 24 250   M    M   5 3      39 190
 8  49  40  45  10  20   0 0.00    M    M 22.8 43 250   M    M   2        56 250
 9  40  33  37   2  28   0    T    M    M  5.0 16 280   M    M   8        24 280
10  35  22  29  -7  36   0    T    M    M  9.9 20 320   M    M   8        31 320
11  26  21  24 -12  41   0    T    M    M  8.1 15 300   M    M   9        23 300
12  33  16  25 -11  40   0 0.00  0.0    0  6.2 16 260   M    M   9        20 260
13  29  22  26 -10  39   0 0.08    M    M  9.3 17 100   M    M  10 18     26 120
14  27  16  22 -15  43   0    T    M    0  7.5 15 350   M    M   7 8      29  20
15  33  19  26 -11  39   0 0.34    M    0  6.8 18 290   M    M   9 128    26 310
16  34  23  29  -9  36   0 0.00  0.0    0  8.4 17 260   M    M   0        21 280
17  38  28  33  -5  32   0 0.02    M    0  7.8 15 140   M    M   8 1268   22 140
18  39  36  38   0  27   0 0.02    M    0  9.5 18 280   M    M  10 1      24 280
19  48  36  42   3  23   0 0.00  0.0    0  5.4 14 150   M    M   6        20 150
20  50  35  43   4  22   0    T    M    0  6.0 16 170   M    M   8 138    21 140
21  46  30  38  -1  27   0 0.00  0.0    0  6.3 16 360   M    M   0 12     29  20
22  34  21  28 -12  37   0 0.00  0.0    0  5.5 15 350   M    M   0        26  10
23  46  20  33  -7  32   0 0.06    M    0 10.3 22 140   M    M   7 3      29 140
24  79  41  60  20   5   0 0.43    M    0 11.9 30 220   M    M   2 13     39 220
25  52  40  46   5  19   0 0.52    M    0 10.4 20 100   M    M   9 18     28  80
26  58  47  53  12  12   0 0.45    M    0  8.8 17 110   M    M   9 1      21 120
27  52  38  45   3  20   0 0.01    M    0  3.9 14 260   M    M   9 1      19 250
================================================================================
SM 1184  809       750   0  2.53     0.0 259.3          M      178
================================================================================
AV 43.9 30.0                               9.6 FASTST   M    M   7    MAX(MPH)
                                 MISC ---->  # 43 250               # 56  250
================================================================================
NOTES:
# LAST OF SEVERAL OCCURRENCES

COLUMN 17 PEAK WIND IN M.P.H.

PRELIMINARY LOCAL CLIMATOLOGICAL DATA (WS FORM: F-6) , PAGE 2

                                          STATION:  BENTON HARBOR
                                          MONTH:    MARCH
                                          YEAR:     2017
                                          LATITUDE:   42  7 N
                                          LONGITUDE:  86 26 W

[TEMPERATURE DATA]      [PRECIPITATION DATA]       SYMBOLS USED IN COLUMN 16

AVERAGE MONTHLY: 36.9   TOTAL FOR MONTH:   2.53    1 = FOG OR MIST
DPTR FM NORMAL:  -0.0   DPTR FM NORMAL:    0.76    2 = FOG REDUCING VISIBILITY
HIGHEST:    79 ON 24    GRTST 24HR  0.55 ON  1- 1      TO 1/4 MILE OR LESS
LOWEST:     16 ON 14,12                            3 = THUNDER
                        SNOW, ICE PELLETS, HAIL    4 = ICE PELLETS
                        TOTAL MONTH:   0.0 INCH    5 = HAIL
                        GRTST 24HR     0.0         6 = FREEZING RAIN OR DRIZZLE
                        GRTST DEPTH:   0           7 = DUSTSTORM OR SANDSTORM:
                                                       VSBY 1/2 MILE OR LESS
                                                   8 = SMOKE OR HAZE
[NO. OF DAYS WITH]      [WEATHER - DAYS WITH]      9 = BLOWING SNOW
                                                   X = TORNADO
MAX 32 OR BELOW:   5    0.01 INCH OR MORE:  12
MAX 90 OR ABOVE:   0    0.10 INCH OR MORE:   5
MIN 32 OR BELOW:  16    0.50 INCH OR MORE:   2
MIN  0 OR BELOW:   0    1.00 INCH OR MORE:   0

[HDD (BASE 65) ]
TOTAL THIS MO.   750    CLEAR  (SCALE 0-3)   5
DPTR FM NORMAL    -9    PTCLDY (SCALE 4-7)   9
TOTAL FM JUL 1  4430    CLOUDY (SCALE 8-10) 13
DPTR FM NORMAL  -813

[CDD (BASE 65) ]
TOTAL THIS MO.     0
DPTR FM NORMAL     0    [PRESSURE DATA]
TOTAL FM JAN 1     0    HIGHEST SLP M ON M
DPTR FM NORMAL     0    LOWEST  SLP 29.40 ON  1

[REMARKS]
