000
CXUS53 KIWX 280800
CF6BEH
PRELIMINARY LOCAL CLIMATOLOGICAL DATA (WS FORM: F-6)

                                          STATION:   BENTON HARBOR
                                          MONTH:     APRIL
                                          YEAR:      2016
                                          LATITUDE:   42  7 N
                                          LONGITUDE:  86 26 W

  TEMPERATURE IN F:       :PCPN:    SNOW:  WIND      :SUNSHINE: SKY     :PK WND
================================================================================
1   2   3   4   5  6A  6B    7    8   9   10  11  12  13   14  15   16   17  18
                                     12Z  AVG MX 2MIN
DY MAX MIN AVG DEP HDD CDD  WTR  SNW DPTH SPD SPD DIR MIN PSBL S-S WX    SPD DR
================================================================================

 1  47  38  43   0  22   0 0.04    M    0  7.1 32 260   M    M   8 1      38 270
 2  39  28  34 -10  31   0 0.11    M    M 15.0 36 270   M    M   9 128    49 300
 3  65  30  48   4  17   0 0.01    M    M 13.8 31 260   M    M   5        40 230
 4  42  29  36  -8  29   0 0.00  0.0    0  7.7 17 300   M    M   9        26 300
 5  44  20  32 -13  33   0 0.04    M    M  8.3 17 140   M    M   2        26 140
 6  50  38  44  -1  21   0 0.73    M    0  9.8 20 210   M    M   9 13     27 140
 7  41  34  38  -8  27   0 0.11    M    0 10.0 20 310   M    M  10 18     30 330
 8  39  30  35 -11  30   0 0.10    M    0  7.6 23 280   M    M   9 18     33 310
 9  34  26  30 -16  35   0 0.04    M    0  7.7 18 350   M    M   6 18     29  20
10  51  30  41  -6  24   0 0.53    M    0 12.7 22 150   M    M  10 18     31 180
11  50  37  44  -3  21   0 0.04    M    0  7.0 17 250   M    M   5 12     22 240
12  42  27  35 -12  30   0 0.00  0.0    0  5.3 13 300   M    M   1        19 320
13  56  28  42  -6  23   0 0.00  0.0    0  5.0 15 130   M    M   7        21 120
14  65  35  50   2  15   0 0.00  0.0    0  9.2 16 120   M    M   2        20 110
15  72  39  56   8   9   0 0.00  0.0    0  7.0 15 120   M    M   0 8      18 160
16  78  44  61  12   4   0 0.00  0.0    0  5.2 10 120   M    M   0 8      17  10
17  78  45  62  13   3   0 0.00  0.0    0  4.3 10 290   M    M   0        15 300
18  78  46  62  12   3   0 0.00  0.0    0  3.1 10 270   M    M   0 8      13 290
19  68  47  58   8   7   0 0.00  0.0    0  8.7 18  70   M    M   3        24  70
20  73  52  63  13   2   0 0.02  0.0    0 13.5 26 130   M    M   4        32 130
21  67  52  60   9   5   0 0.21  0.0    0  5.7 15 260   M    M   7 18     18 260
22  55  41  48  -3  17   0 0.00  0.0    0  4.4 13 330   M    M   7 128    20 360
23  59  40  50  -1  15   0 0.00  0.0    0  3.8 14 130   M    M   3        19 100
24  74  41  58   6   7   0 0.00  0.0    0  8.1 15 140   M    M   1        19 140
25  81  58  70  18   0   5 0.52  0.0    0 11.4 28 280   M    M   3 138    40 280
26  62  42  52   0  13   0    T  0.0    0  7.0 15  70   M    M  10 128    21  70
27  60  43  52  -1  13   0 0.09  0.0    0 11.0 18 110   M    M   8        28  70
================================================================================
SM 1570 1020       456   5  2.59     0.0 219.4          M      138
================================================================================
AV 58.1 37.8                               8.1 FASTST   M    M   5    MAX(MPH)
                                 MISC ---->  # 36 270               # 49  300
================================================================================
NOTES:
# LAST OF SEVERAL OCCURRENCES

COLUMN 17 PEAK WIND IN M.P.H.

PRELIMINARY LOCAL CLIMATOLOGICAL DATA (WS FORM: F-6) , PAGE 2

                                          STATION:  BENTON HARBOR
                                          MONTH:    APRIL
                                          YEAR:     2016
                                          LATITUDE:   42  7 N
                                          LONGITUDE:  86 26 W

[TEMPERATURE DATA]      [PRECIPITATION DATA]       SYMBOLS USED IN COLUMN 16

AVERAGE MONTHLY: 48.0   TOTAL FOR MONTH:   2.59    1 = FOG OR MIST
DPTR FM NORMAL:  -0.1   DPTR FM NORMAL:   -0.43    2 = FOG REDUCING VISIBILITY
HIGHEST:    81 ON 25    GRTST 24HR  0.77 ON  5- 6      TO 1/4 MILE OR LESS
LOWEST:     20 ON  5                               3 = THUNDER
                        SNOW, ICE PELLETS, HAIL    4 = ICE PELLETS
                        TOTAL MONTH:   0.0 INCH    5 = HAIL
                        GRTST 24HR     0.0         6 = FREEZING RAIN OR DRIZZLE
                        GRTST DEPTH:   0           7 = DUSTSTORM OR SANDSTORM:
                                                       VSBY 1/2 MILE OR LESS
                                                   8 = SMOKE OR HAZE
[NO. OF DAYS WITH]      [WEATHER - DAYS WITH]      9 = BLOWING SNOW
                                                   X = TORNADO
MAX 32 OR BELOW:   0    0.01 INCH OR MORE:  14
MAX 90 OR ABOVE:   0    0.10 INCH OR MORE:   7
MIN 32 OR BELOW:   9    0.50 INCH OR MORE:   3
MIN  0 OR BELOW:   0    1.00 INCH OR MORE:   0

[HDD (BASE 65) ]
TOTAL THIS MO.   456    CLEAR  (SCALE 0-3)  11
DPTR FM NORMAL    -9    PTCLDY (SCALE 4-7)   9
TOTAL FM JUL 1  4769    CLOUDY (SCALE 8-10)  7
DPTR FM NORMAL -1029

[CDD (BASE 65) ]
TOTAL THIS MO.     5
DPTR FM NORMAL    -4    [PRESSURE DATA]
TOTAL FM JAN 1     5    HIGHEST SLP M ON M
DPTR FM NORMAL    -5    LOWEST  SLP 29.46 ON  2

[REMARKS]
