000
CXUS53 KIWX 010800
CF6BEH
PRELIMINARY LOCAL CLIMATOLOGICAL DATA (WS FORM: F-6)

                                          STATION:   BENTON HARBOR
                                          MONTH:     JANUARY
                                          YEAR:      2015
                                          LATITUDE:   42  7 N
                                          LONGITUDE:  86 26 W

  TEMPERATURE IN F:       :PCPN:    SNOW:  WIND      :SUNSHINE: SKY     :PK WND
================================================================================
1   2   3   4   5  6A  6B    7    8   9   10  11  12  13   14  15   16   17  18
                                     12Z  AVG MX 2MIN
DY MAX MIN AVG DEP HDD CDD  WTR  SNW DPTH SPD SPD DIR MIN PSBL S-S WX    SPD DR
================================================================================

 1  31  20  26  -2  39   0 0.00  0.0    M 21.8 32 260   M    M   8        42 240
 2  34  24  29   1  36   0 0.00  0.0    M  5.2 18 270   M    M   6 1      25 270
 3  34  26  30   3  35   0 0.61    M    M  4.6 13 110   M    M   9 168    17 130
 4  34  12  23  -4  42   0 0.14    M    M 10.1 23 290   M    M  10 128    33 290
 5  12   4   8 -19  57   0 0.01    M    M 14.8 24 280   M    M  10 18     33 280
 6  17   6  12 -15  53   0 0.01    M    M 15.5 29 250   M    M  10 18     34 260
 7  16   7  12 -15  53   0 0.02    M    M 15.6 25 280   M    M  10 128    37 300
 8  20  -8   6 -21  59   0 0.02    M    M 17.3 35 250   M    M   9 128    47 220
 9  19   7  13 -14  52   0    T    M    M 21.4 31 280   M    M  10 128    42 300
10  20   0  10 -17  55   0    T    M    0 12.7 25 220   M    M   8 18     32 230
11  31  20  26  -1  39   0 0.17    M    M  7.5 17 180   M    M  10 18     22 190
12  30  10  20  -7  45   0 0.03    M    M  6.5 14 360   M    M   9 1      25 350
13  15  -9   3 -24  62   0 0.00  0.0    M  4.9 12 130   M    M   0 1      14 110
14  17 -15   1 -26  64   0    T    M    M  5.5 10 180   M    M   6 18     13 180
15  33   8  21  -5  44   0 0.00  0.0    M 10.7 21 220   M    M   5 18     26 230
16  34  22  28   2  37   0 0.00  0.0    M  6.8 15 280   M    M   7        21 290
17  43  22  33   7  32   0    T  0.0    M 15.6 24 230   M    M   2 18     32 220
18  37  31  34   8  31   0 0.01    M    M 12.6 21 270   M    M   9 1      28 220
19  38  23  31   5  34   0    T    M    M  2.6 15 260   M    M   7 12     19 260
20  34  31  33   7  32   0 0.01    M    M  6.4 14 120   M    M  10 1      17 100
21  32  30  31   5  34   0    T    M    M  3.4  8 310   M    M  10 1      14 310
22  32  29  31   5  34   0 0.00  0.0    M  4.6 13 260   M    M  10        15 250
23  31  27  29   3  36   0 0.00  0.0    M 11.4 18 240   M    M   9        23 240
24  38  27  33   7  32   0 0.00  0.0    M  9.2 17 260   M    M  10 1      22 260
25  35  17  26   0  39   0    T    M    M  7.7 17  60   M    M   9 18     24  70
26  24   9  17  -9  48   0 0.00  0.0    M  3.6  8 120   M    M   4        12  70
27  27  13  20  -6  45   0 0.00  0.0    M  3.9 10  70   M    M   4        13  70
28  32  10  21  -5  44   0 0.00  0.0    M  9.1 21 140   M    M   0        30 140
29  36  28  32   6  33   0 0.05    M    M 10.2 20 160   M    M   9 168    33 350
30  29  14  22  -5  43   0 0.01    M    M  6.6 18 350   M    M   8 1      31 350
31  36  12  24  -3  41   0 0.02    M    M  6.3 18 230   M    M   4 18     24 230
================================================================================
SM  901  457      1330   0  1.11     0.0 294.1          M      232
================================================================================
AV 29.1 14.7                               9.5 FASTST   M    M   7    MAX(MPH)
                                 MISC ---->  # 35 250               # 47  220
================================================================================
NOTES:
# LAST OF SEVERAL OCCURRENCES

COLUMN 17 PEAK WIND IN M.P.H.

PRELIMINARY LOCAL CLIMATOLOGICAL DATA (WS FORM: F-6) , PAGE 2

                                          STATION:  BENTON HARBOR
                                          MONTH:    JANUARY
                                          YEAR:     2015
                                          LATITUDE:   42  7 N
                                          LONGITUDE:  86 26 W

[TEMPERATURE DATA]      [PRECIPITATION DATA]       SYMBOLS USED IN COLUMN 16

AVERAGE MONTHLY: 21.9   TOTAL FOR MONTH:   1.11    1 = FOG OR MIST
DPTR FM NORMAL:  -4.8   DPTR FM NORMAL:   -0.93    2 = FOG REDUCING VISIBILITY
HIGHEST:    43 ON 17    GRTST 24HR  0.61 ON  3- 3      TO 1/4 MILE OR LESS
LOWEST:    -15 ON 14                               3 = THUNDER
                        SNOW, ICE PELLETS, HAIL    4 = ICE PELLETS
                        TOTAL MONTH:   0.0 INCH    5 = HAIL
                        GRTST 24HR     0.0         6 = FREEZING RAIN OR DRIZZLE
                        GRTST DEPTH:   0           7 = DUSTSTORM OR SANDSTORM:
                                                       VSBY 1/2 MILE OR LESS
                                                   8 = SMOKE OR HAZE
[NO. OF DAYS WITH]      [WEATHER - DAYS WITH]      9 = BLOWING SNOW
                                                   X = TORNADO
MAX 32 OR BELOW:  18    0.01 INCH OR MORE:  13
MAX 90 OR ABOVE:   0    0.10 INCH OR MORE:   3
MIN 32 OR BELOW:  31    0.50 INCH OR MORE:   1
MIN  0 OR BELOW:   4    1.00 INCH OR MORE:   0

[HDD (BASE 65) ]
TOTAL THIS MO.  1330    CLEAR  (SCALE 0-3)   3
DPTR FM NORMAL   143    PTCLDY (SCALE 4-7)  10
TOTAL FM JUL 1  3918    CLOUDY (SCALE 8-10) 18
DPTR FM NORMAL   443

[CDD (BASE 65) ]
TOTAL THIS MO.     0
DPTR FM NORMAL     0    [PRESSURE DATA]
TOTAL FM JAN 1     0    HIGHEST SLP 30.79 ON 13
DPTR FM NORMAL     0    LOWEST  SLP 29.62 ON 17

[REMARKS]
#FINAL-01-15#
