000
CXUS55 KCYS 291000
CF6BFF
PRELIMINARY LOCAL CLIMATOLOGICAL DATA (WS FORM: F-6)

                                          STATION:   SCOTTSBLUFF NE AIRPORT
                                          MONTH:     MAY
                                          YEAR:      2016
                                          LATITUDE:   41 52 N
                                          LONGITUDE: 103 36 W

  TEMPERATURE IN F:       :PCPN:    SNOW:  WIND      :SUNSHINE: SKY     :PK WND
================================================================================
1   2   3   4   5  6A  6B    7    8   9   10  11  12  13   14  15   16   17  18
                                     12Z  AVG MX 2MIN
DY MAX MIN AVG DEP HDD CDD  WTR  SNW DPTH SPD SPD DIR MIN PSBL S-S WX    SPD DR
================================================================================

 1  56  33  45  -7  20   0 0.01  0.0    0  9.2 18  10   M    M   6        22  10
 2  66  30  48  -4  17   0    T  0.0    0 11.4 25 330   M    M   2        30 340
 3  74  36  55   2  10   0 0.00  0.0    0  9.8 23 360   M    M   0        28 350
 4  76  41  59   6   6   0 0.00  0.0    0  7.0 12 130   M    M   0        16 120
 5  85  46  66  12   0   1 0.00  0.0    0  5.5 16 180   M    M   0        21 190
 6  81  54  68  14   0   3 0.13  0.0    0 14.5 39  30   M    M   0 3      51  30
 7  66  47  57   3   8   0 0.85  0.0    0 20.2 37  50   M    M   5 138    44  50
 8  66  42  54  -1  11   0 0.22  0.0    0  8.6 26 280   M    M   5 13     36 270
 9  70  43  57   2   8   0 0.02  0.0    0  6.7 18 280   M    M   3        27  70
10  65  40  53  -2  12   0 0.00  0.0    0 13.0 31 290   M    M   4        42 300
11  60  33  47  -9  18   0 0.00  0.0    0 10.2 25 330   M    M   2        30 340
12  73  33  53  -3  12   0 0.00  0.0    0  6.0 16 290   M    M   2        24 310
13  59  39  49  -7  16   0 0.00  0.0    0 11.8 25  10   M    M   4        30  10
14  50  34  42 -15  23   0 0.00  0.0    0  7.5 14 140   M    M   8        17 150
15  51  43  47 -10  18   0 0.05  0.0    0 14.4 23 100   M    M  10 1      28 120
16  47  36  42 -15  23   0 0.13  0.0    0  9.5 17 100   M    M   9 1      21 110
17  62  32  47 -11  18   0 0.00  0.0    0  5.5 17 110   M    M   2 12     22 110
18  69  37  53  -5  12   0 0.00  0.0    0 12.5 22 160   M    M   3        29 160
19  78  42  60   2   5   0 0.00  0.0    0 12.4 20 160   M    M   0        30 350
20  79  47  63   4   2   0 0.00  0.0    0 14.6 22 120   M    M   0        28 120
21  71  57  64   5   1   0 0.00  0.0    0 19.4 33 120   M    M   9 18     42 120
22  80  50  65   6   0   0 0.16  0.0    0 12.6 37 310   M    M   3 3      46 300
23  73  42  58  -2   7   0 0.02  0.0    0 11.4 38 240   M    M   4 3      48 230
24  78  37  58  -2   7   0 0.01  0.0    0 10.6 48 140   M    M   1 3      57 140
25  74  47  61   1   4   0    T    M    0  8.4 32 290   M    M   3        52 300
26  71  42  57  -4   8   0 0.00  0.0    0  7.7 23 270   M    M   3        31 290
27  60  44  52  -9  13   0 0.01  0.0    0  7.9 20  90   M    M   6        24  50
28  78  37  58  -3   7   0    T    M    0  7.3 18 100   M    M   1 123    23 110
================================================================================
SM 1918 1144       286   4  1.61     0.0 295.6          M       95
================================================================================
AV 68.5 40.9                              10.6 FASTST   M    M   3    MAX(MPH)
                                 MISC ---->  # 48 140               # 57  140
================================================================================
NOTES:
# LAST OF SEVERAL OCCURRENCES

COLUMN 17 PEAK WIND IN M.P.H.

PRELIMINARY LOCAL CLIMATOLOGICAL DATA (WS FORM: F-6) , PAGE 2

                                          STATION:  SCOTTSBLUFF NE AIRPORT
                                          MONTH:    MAY
                                          YEAR:     2016
                                          LATITUDE:   41 52 N
                                          LONGITUDE: 103 36 W

[TEMPERATURE DATA]      [PRECIPITATION DATA]       SYMBOLS USED IN COLUMN 16

AVERAGE MONTHLY: 54.7   TOTAL FOR MONTH:   1.61    1 = FOG OR MIST
DPTR FM NORMAL:  -2.1   DPTR FM NORMAL:   -0.56    2 = FOG REDUCING VISIBILITY
HIGHEST:    85 ON  5    GRTST 24HR  0.88 ON  6- 7      TO 1/4 MILE OR LESS
LOWEST:     30 ON  2                               3 = THUNDER
                        SNOW, ICE PELLETS, HAIL    4 = ICE PELLETS
                        TOTAL MONTH:   0.0 INCH    5 = HAIL
                        GRTST 24HR     0.0         6 = FREEZING RAIN OR DRIZZLE
                        GRTST DEPTH:   0           7 = DUSTSTORM OR SANDSTORM:
                                                       VSBY 1/2 MILE OR LESS
                                                   8 = SMOKE OR HAZE
[NO. OF DAYS WITH]      [WEATHER - DAYS WITH]      9 = BLOWING SNOW
                                                   X = TORNADO
MAX 32 OR BELOW:   0    0.01 INCH OR MORE:  11
MAX 90 OR ABOVE:   0    0.10 INCH OR MORE:   5
MIN 32 OR BELOW:   2    0.50 INCH OR MORE:   1
MIN  0 OR BELOW:   0    1.00 INCH OR MORE:   0

[HDD (BASE 65) ]
TOTAL THIS MO.   286    CLEAR  (SCALE 0-3)  14
DPTR FM NORMAL    37    PTCLDY (SCALE 4-7)  10
TOTAL FM JUL 1  5908    CLOUDY (SCALE 8-10)  4
DPTR FM NORMAL  -634

[CDD (BASE 65) ]
TOTAL THIS MO.     4
DPTR FM NORMAL   -13    [PRESSURE DATA]
TOTAL FM JAN 1     4    HIGHEST SLP  0.00 ON M
DPTR FM NORMAL   -15    LOWEST  SLP 29.46 ON  9

[REMARKS]
