000
CXUS55 KCYS 281000
CF6BFF
PRELIMINARY LOCAL CLIMATOLOGICAL DATA (WS FORM: F-6)

                                          STATION:   SCOTTSBLUFF NE AIRPORT
                                          MONTH:     SEPTEMBER
                                          YEAR:      2016
                                          LATITUDE:   41 52 N
                                          LONGITUDE: 103 36 W

  TEMPERATURE IN F:       :PCPN:    SNOW:  WIND      :SUNSHINE: SKY     :PK WND
================================================================================
1   2   3   4   5  6A  6B    7    8   9   10  11  12  13   14  15   16   17  18
                                     12Z  AVG MX 2MIN
DY MAX MIN AVG DEP HDD CDD  WTR  SNW DPTH SPD SPD DIR MIN PSBL S-S WX    SPD DR
================================================================================

 1  81  61  71   3   0   6 0.00  0.0    0 15.0 26 150   M    M   5        34 140
 2  84  62  73   5   0   8    T  0.0    0  9.8 22 150   M    M   2        29 150
 3  90  57  74   7   0   9    T  0.0    0  7.0 29 200   M    M   1 3      40 210
 4  89  58  74   7   0   9    T  0.0    0  6.6 32 290   M    M   2 3      48 300
 5  81  60  71   5   0   6    T  0.0    0  7.5 21  70   M    M   5 3      25  70
 6  72  59  66   0   0   1 0.10  0.0    0  9.5 21  90   M    M   8 13     24 120
 7  88  53  71   5   0   6 0.00  0.0    0  7.7 17  70   M    M   3 12     22 320
 8  92  47  70   5   0   5 0.00  0.0    0  8.0 26 290   M    M   1 8      34 300
 9  68  42  55 -10  10   0 0.00  0.0    0 10.9 26 350   M    M   2        34 360
10  84  36  60  -4   5   0 0.00  0.0    0  7.4 18 190   M    M   0        25 200
11  95  38  67   3   0   2 0.00  0.0    0  8.1 23 260   M    M   0        31 250
12  68  50  59  -5   6   0 0.00  0.0    0 13.6 24 310   M    M   2        35 310
13  60  45  53 -10  12   0 0.04    M    0  8.8 15 130   M    M  10 1      26  90
14  72  50  61  -1   4   0 0.29  0.0    0 12.3 22 130   M    M   5 138    29 150
15  75  45  60  -2   5   0    T  0.0    0  8.1 30 290   M    M   3 12     40 300
16  76  42  59  -3   6   0 0.00  0.0    0  7.2 21 320   M    M   1        27 290
17  82  39  61   0   4   0 0.00  0.0    0  4.7 14 260   M    M   1        19 270
18  91  45  68   7   0   3 0.00  0.0    0 11.1 25 300   M    M   0        33 300
19  86  50  68   8   0   3 0.00  0.0    0  9.3 15 110   M    M   0        25 230
20  91  48  70  10   0   5 0.00  0.0    0  5.9 12 100   M    M   0 8      15 110
21  83  56  70  11   0   5 0.00  0.0    0  9.6 17  50   M    M   0 8      22 320
22  67  59  63   4   2   0 0.00  0.0    0 10.2 20 110   M    M  10 1      24 120
23  88  50  69  11   0   4 0.94  0.0    0  9.7 35 280   M    M   6 138    46 280
24  71  42  57  -1   8   0 0.03  0.0    0 10.5 28 270   M    M   3 1      38 260
25  68  39  54  -3  11   0 0.00  0.0    0  9.3 23 330   M    M   2        32 300
26  77  35  56  -1   9   0 0.00  0.0    0  6.5 17 330   M    M   0        22 320
27  84  39  62   6   3   0 0.00  0.0    0  4.6 12  60   M    M   0 8      14  60
================================================================================
SM 2163 1307        85  72  1.40     0.0 238.9          M       72
================================================================================
AV 80.1 48.4                               8.8 FASTST   M    M   3    MAX(MPH)
                                 MISC ---->  # 35 280               # 48  300
================================================================================
NOTES:
# LAST OF SEVERAL OCCURRENCES

COLUMN 17 PEAK WIND IN M.P.H.

PRELIMINARY LOCAL CLIMATOLOGICAL DATA (WS FORM: F-6) , PAGE 2

                                          STATION:  SCOTTSBLUFF NE AIRPORT
                                          MONTH:    SEPTEMBER
                                          YEAR:     2016
                                          LATITUDE:   41 52 N
                                          LONGITUDE: 103 36 W

[TEMPERATURE DATA]      [PRECIPITATION DATA]       SYMBOLS USED IN COLUMN 16

AVERAGE MONTHLY: 64.3   TOTAL FOR MONTH:   1.40    1 = FOG OR MIST
DPTR FM NORMAL:   1.9   DPTR FM NORMAL:    0.34    2 = FOG REDUCING VISIBILITY
HIGHEST:    95 ON 11    GRTST 24HR  0.97 ON 23-24      TO 1/4 MILE OR LESS
LOWEST:     35 ON 26                               3 = THUNDER
                        SNOW, ICE PELLETS, HAIL    4 = ICE PELLETS
                        TOTAL MONTH:   0.0 INCH    5 = HAIL
                        GRTST 24HR     0.0         6 = FREEZING RAIN OR DRIZZLE
                        GRTST DEPTH:   0           7 = DUSTSTORM OR SANDSTORM:
                                                       VSBY 1/2 MILE OR LESS
                                                   8 = SMOKE OR HAZE
[NO. OF DAYS WITH]      [WEATHER - DAYS WITH]      9 = BLOWING SNOW
                                                   X = TORNADO
MAX 32 OR BELOW:   0    0.01 INCH OR MORE:   5
MAX 90 OR ABOVE:   5    0.10 INCH OR MORE:   3
MIN 32 OR BELOW:   0    0.50 INCH OR MORE:   1
MIN  0 OR BELOW:   0    1.00 INCH OR MORE:   0

[HDD (BASE 65) ]
TOTAL THIS MO.    85    CLEAR  (SCALE 0-3)  19
DPTR FM NORMAL   -44    PTCLDY (SCALE 4-7)   6
TOTAL FM JUL 1   101    CLOUDY (SCALE 8-10)  2
DPTR FM NORMAL   -48

[CDD (BASE 65) ]
TOTAL THIS MO.    72
DPTR FM NORMAL    15    [PRESSURE DATA]
TOTAL FM JAN 1   893    HIGHEST SLP  0.00 ON M
DPTR FM NORMAL   171    LOWEST  SLP 29.52 ON 23

[REMARKS]
