000
CXUS55 KCYS 271000
CF6BFF
PRELIMINARY LOCAL CLIMATOLOGICAL DATA (WS FORM: F-6)

                                          STATION:   SCOTTSBLUFF NE AIRPORT
                                          MONTH:     FEBRUARY
                                          YEAR:      2017
                                          LATITUDE:   41 52 N
                                          LONGITUDE: 103 36 W

  TEMPERATURE IN F:       :PCPN:    SNOW:  WIND      :SUNSHINE: SKY     :PK WND
================================================================================
1   2   3   4   5  6A  6B    7    8   9   10  11  12  13   14  15   16   17  18
                                     12Z  AVG MX 2MIN
DY MAX MIN AVG DEP HDD CDD  WTR  SNW DPTH SPD SPD DIR MIN PSBL S-S WX    SPD DR
================================================================================

 1  26  17  22  -6  43   0 0.01    M    0  8.8 21  70   M    M  10 18     22  70
 2  17  12  15 -13  50   0 0.03    M    M 10.9 21  30   M    M  10 18     26  30
 3  32  -4  14 -14  51   0    T  0.0    0  8.8 21 170   M    M   1        25 170
 4  55  15  35   7  30   0 0.00  0.0    0 15.1 36 270   M    M   0        49 270
 5  62  31  47  19  18   0 0.00  0.0    0  7.9 28 270   M    M   1        33 270
 6  61  31  46  17  19   0 0.00  0.0    0  9.4 33 280   M    M   0        45 280
 7  46  19  33   4  32   0 0.11  1.7    0 10.8 21 110   M    M   6 128    25 120
 8  31  14  23  -6  42   0    T    T    0  6.7 25  30   M    M   4 8      31  30
 9  69  22  46  17  19   0 0.00  0.0    0  9.7 32 260   M    M   1        40 260
10  68  36  52  23  13   0 0.00  0.0    0  4.8 13 300   M    M   1        20 260
11  55  30  43  14  22   0    T  0.0    0  9.0 29 350   M    M   9        36 350
12  51  22  37   7  28   0 0.00  0.0    0  6.9 16 210   M    M   0        20 210
13  57  20  39   9  26   0 0.00  0.0    0 10.0 23 340   M    M   0        29 340
14  55  22  39   9  26   0 0.00  0.0    0  9.3 24 330   M    M   2        30 330
15  67  20  44  14  21   0 0.00  0.0    0  8.1 22 280   M    M   0        30 270
16  72  29  51  21  14   0 0.00  0.0    0  9.1 24 260   M    M   0        30 270
17  66  30  48  17  17   0 0.00  0.0    0  9.2 22 330   M    M   0        29 310
18  67  33  50  19  15   0 0.00  0.0    0  9.2 17 150   M    M   1        22 140
19  59  28  44  13  21   0    T    M    0  6.8 26 280   M    M   1        35 280
20  64  30  47  16  18   0 0.00  0.0    0 10.7 25 280   M    M   1        33 300
21  73  27  50  18  15   0 0.00  0.0    0 15.7 39 260   M    M   0        50 270
22  57  35  46  14  19   0 0.02  0.0    0 15.2 26 280   M    M   6        35 280
23  36  22  29  -3  36   0 0.57    M    M 13.9 35  30   M    M  10 128    41  20
24  26   8  17 -15  48   0    T    M    M  4.4 18  10   M    M   7 18     22  20
25  30  -4  13 -20  52   0 0.00  0.0    M 10.2 26 270   M    M   2 128    34 260
26  33   4  19 -14  46   0 0.00  0.0    M  7.5 17 270   M    M   0        23 270
================================================================================
SM 1335  549       741   0  0.74     1.7 248.1          M       73
================================================================================
AV 51.4 21.1                               9.5 FASTST   M    M   3    MAX(MPH)
                                 MISC ---->  # 39 260               # 50  270
================================================================================
NOTES:
# LAST OF SEVERAL OCCURRENCES

COLUMN 17 PEAK WIND IN M.P.H.

PRELIMINARY LOCAL CLIMATOLOGICAL DATA (WS FORM: F-6) , PAGE 2

                                          STATION:  SCOTTSBLUFF NE AIRPORT
                                          MONTH:    FEBRUARY
                                          YEAR:     2017
                                          LATITUDE:   41 52 N
                                          LONGITUDE: 103 36 W

[TEMPERATURE DATA]      [PRECIPITATION DATA]       SYMBOLS USED IN COLUMN 16

AVERAGE MONTHLY: 36.2   TOTAL FOR MONTH:   0.74    1 = FOG OR MIST
DPTR FM NORMAL:   6.2   DPTR FM NORMAL:    0.19    2 = FOG REDUCING VISIBILITY
HIGHEST:    73 ON 21    GRTST 24HR  0.59 ON 22-23      TO 1/4 MILE OR LESS
LOWEST:     -4 ON 25, 3                            3 = THUNDER
                        SNOW, ICE PELLETS, HAIL    4 = ICE PELLETS
                        TOTAL MONTH:   1.7 INCHES  5 = HAIL
                        GRTST 24HR   1.7 ON   M    6 = FREEZING RAIN OR DRIZZLE
                        GRTST DEPTH:   0           7 = DUSTSTORM OR SANDSTORM:
                                                       VSBY 1/2 MILE OR LESS
                                                   8 = SMOKE OR HAZE
[NO. OF DAYS WITH]      [WEATHER - DAYS WITH]      9 = BLOWING SNOW
                                                   X = TORNADO
MAX 32 OR BELOW:   6    0.01 INCH OR MORE:   5
MAX 90 OR ABOVE:   0    0.10 INCH OR MORE:   2
MIN 32 OR BELOW:  23    0.50 INCH OR MORE:   1
MIN  0 OR BELOW:   2    1.00 INCH OR MORE:   0

[HDD (BASE 65) ]
TOTAL THIS MO.   741    CLEAR  (SCALE 0-3)  18
DPTR FM NORMAL  -166    PTCLDY (SCALE 4-7)   4
TOTAL FM JUL 1  4372    CLOUDY (SCALE 8-10)  4
DPTR FM NORMAL  -477

[CDD (BASE 65) ]
TOTAL THIS MO.     0
DPTR FM NORMAL     0    [PRESSURE DATA]
TOTAL FM JAN 1     0    HIGHEST SLP M ON M
DPTR FM NORMAL     0    LOWEST  SLP 29.43 ON  7

[REMARKS]
