000
CXUS55 KCYS 271000
CF6BFF
PRELIMINARY LOCAL CLIMATOLOGICAL DATA (WS FORM: F-6)

                                          STATION:   SCOTTSBLUFF NE AIRPORT
                                          MONTH:     FEBRUARY
                                          YEAR:      2015
                                          LATITUDE:   41 52 N
                                          LONGITUDE: 103 36 W

  TEMPERATURE IN F:       :PCPN:    SNOW:  WIND      :SUNSHINE: SKY     :PK WND
================================================================================
1   2   3   4   5  6A  6B    7    8   9   10  11  12  13   14  15   16   17  18
                                     12Z  AVG MX 2MIN
DY MAX MIN AVG DEP HDD CDD  WTR  SNW DPTH SPD SPD DIR MIN PSBL S-S WX    SPD DR
================================================================================

 1  25   7  16 -12  49   0    T    T    2 12.9 28 320   M    M   6        34 330
 2  54  11  33   5  32   0 0.00  0.0    T  8.1 18  10   M    M   2        24 300
 3  60  32  46  18  19   0 0.03  0.3    0 10.4 26 280   M    M   3 18     35 280
 4  34  15  25  -3  40   0 0.25  3.8    3 10.3 26  50   M    M   7 1      32  40
 5  42   9  26  -2  39   0 0.00  0.0    4  4.7 12 300   M    M   0 18     13 330
 6  70  32  51  22  14   0 0.00  0.0    0  7.6 23 260   M    M   0        28 260
 7  72  38  55  26  10   0 0.00  0.0    0 14.2 36 270   M    M   0        46 260
 8  65  29  47  18  18   0 0.00  0.0    0 12.1 29 300   M    M   1        37 290
 9  71  27  49  20  16   0 0.00  0.0    0  8.4 32 270   M    M   0        45 280
10  60  33  47  18  18   0 0.00  0.0    0 11.9 22 350   M    M   3        29 330
11  56  25  41  12  24   0 0.00  0.0    0  6.6 16 300   M    M   5        21 290
12  58  26  42  12  23   0 0.00  0.0    0  8.5 17 120   M    M   3        21 120
13  64  29  47  17  18   0 0.00  0.0    0  7.1 22 330   M    M   2        27 330
14  52  26  39   9  26   0 0.00  0.0    0 11.4 28 110   M    M   2 18     33 120
15  39  26  33   3  32   0 0.05  0.8    0  6.4 17 340   M    M  10 1      22 330
16  41  21  31   1  34   0    T    T    0 12.7 29 350   M    M   5 8      36 320
17  32  22  27  -4  38   0 0.01  0.2    T 19.4 39 320   M    M   5 18     49 320
18  40  24  32   1  33   0 0.00  0.0    T  7.9 15 310   M    M   8        19 310
19  62  20  41  10  24   0 0.00  0.0    0  6.6 21 310   M    M   0        25 300
20  47  26  37   6  28   0    T  0.0    0  8.4 17  20   M    M   7        22  10
21  33  19  26  -6  39   0 0.04  0.7    0 10.1 22  40   M    M   8 18     26  40
22  22   9  16 -16  49   0    T    T    1  7.2 20 330   M    M   7        25 330
23  29   5  17 -15  48   0 0.00  0.0    T  6.8 18 230   M    M   1        23 210
24  53  21  37   5  28   0 0.00  0.0    0  9.5 22 300   M    M   0        28 300
25  44  15  30  -3  35   0 0.01    T    0 15.9 30 340   M    M   8 1      37 330
26  18   7  13 -20  52   0    T    T    0  8.9 15  70   M    M   9 8      17  70
================================================================================
SM 1243  554       786   0  0.39     5.8 254.0          M      102
================================================================================
AV 47.8 21.3                               9.8 FASTST   M    M   4    MAX(MPH)
                                 MISC ---->  # 39 320               # 49  320
================================================================================
NOTES:
# LAST OF SEVERAL OCCURRENCES

COLUMN 17 PEAK WIND IN M.P.H.

PRELIMINARY LOCAL CLIMATOLOGICAL DATA (WS FORM: F-6) , PAGE 2

                                          STATION:  SCOTTSBLUFF NE AIRPORT
                                          MONTH:    FEBRUARY
                                          YEAR:     2015
                                          LATITUDE:   41 52 N
                                          LONGITUDE: 103 36 W

[TEMPERATURE DATA]      [PRECIPITATION DATA]       SYMBOLS USED IN COLUMN 16

AVERAGE MONTHLY: 34.6   TOTAL FOR MONTH:   0.39    1 = FOG OR MIST
DPTR FM NORMAL:   4.5   DPTR FM NORMAL:   -0.16    2 = FOG REDUCING VISIBILITY
HIGHEST:    72 ON  7    GRTST 24HR  0.28 ON  3- 4      TO 1/4 MILE OR LESS
LOWEST:      5 ON 23                               3 = THUNDER
                        SNOW, ICE PELLETS, HAIL    4 = ICE PELLETS
                        TOTAL MONTH:   5.8 INCHES  5 = HAIL
                        GRTST 24HR   3.8 ON   M    6 = FREEZING RAIN OR DRIZZLE
                        GRTST DEPTH:   4 ON  5     7 = DUSTSTORM OR SANDSTORM:
                                                       VSBY 1/2 MILE OR LESS
                                                   8 = SMOKE OR HAZE
[NO. OF DAYS WITH]      [WEATHER - DAYS WITH]      9 = BLOWING SNOW
                                                   X = TORNADO
MAX 32 OR BELOW:   5    0.01 INCH OR MORE:   6
MAX 90 OR ABOVE:   0    0.10 INCH OR MORE:   1
MIN 32 OR BELOW:  24    0.50 INCH OR MORE:   0
MIN  0 OR BELOW:   0    1.00 INCH OR MORE:   0

[HDD (BASE 65) ]
TOTAL THIS MO.   786    CLEAR  (SCALE 0-3)  12
DPTR FM NORMAL  -121    PTCLDY (SCALE 4-7)  12
TOTAL FM JUL 1  4621    CLOUDY (SCALE 8-10)  2
DPTR FM NORMAL  -228

[CDD (BASE 65) ]
TOTAL THIS MO.     0
DPTR FM NORMAL     0    [PRESSURE DATA]
TOTAL FM JAN 1     0    HIGHEST SLP M ON M
DPTR FM NORMAL     0    LOWEST  SLP 29.65 ON  7

[REMARKS]
