000
CXUS56 KHNX 211146
CF6BFL
PRELIMINARY LOCAL CLIMATOLOGICAL DATA (WS FORM: F-6)

                                          STATION:   BAKERSFIELD CA
                                          MONTH:     FEBRUARY
                                          YEAR:      2018
                                          LATITUDE:   35 25 N
                                          LONGITUDE: 119  3 W

  TEMPERATURE IN F:       :PCPN:    SNOW:  WIND      :SUNSHINE: SKY     :PK WND
================================================================================
1   2   3   4   5  6A  6B    7    8   9   10  11  12  13   14  15   16   17  18
                                     12Z  AVG MX 2MIN
DY MAX MIN AVG DEP HDD CDD  WTR  SNW DPTH SPD SPD DIR MIN PSBL S-S WX    SPD DR
================================================================================

 1  70  43  57   7   8   0 0.00  0.0    0  2.8  9 310   M    M   0 8      12 290
 2  73  47  60  10   5   0 0.00  0.0    0  4.0 14 330   M    M   0 8      17 340
 3  75  46  61  11   4   0 0.00  0.0    0  3.2 10 310   M    M   0 8      13 310
 4  76  46  61  11   4   0 0.00  0.0    0  3.2 10 300   M    M   0 8      13 300
 5  75  48  62  12   3   0 0.00  0.0    0  3.8 13 340   M    M   0 8      15 340
 6  75  46  61  10   4   0 0.00  0.0    0  3.7  9 280   M    M   0 8      10 290
 7  81  47  64  13   1   0 0.00  0.0    0  4.4 13 330   M    M   0 8      15 320
 8  78  50  64  13   1   0 0.00  0.0    0  4.1 10 300   M    M   0 8      14 290
 9  77  48  63  12   2   0 0.00  0.0    0  3.4  8 140   M    M   0 8      13 290
10  75  50  63  11   2   0 0.00  0.0    0  5.8 15 320   M    M   0 8      19 320
11  72  40  56   4   9   0 0.00  0.0    0  4.8 25 310   M    M   0 8      33 310
12  61  41  51  -1  14   0 0.00  0.0    0  5.4 13 320   M    M   3        16 310
13  66  39  53   1  12   0 0.00  0.0    0  5.4 16 350   M    M   5        23  10
14  67  47  57   5   8   0 0.00  0.0    0  4.5 16 300   M    M   5        19 300
15  63  40  52  -1  13   0 0.00  0.0    0  3.3  9 340   M    M   0        12 350
16  68  41  55   2  10   0 0.00  0.0    0  4.0  9 310   M    M   0        12 320
17  73  41  57   4   8   0 0.00  0.0    0  3.4  9 300   M    M   0        11 310
18  73  42  58   5   7   0 0.00  0.0    0  9.3 28 330   M    M   1 8      34 320
19  54  33  44 -10  21   0 0.00  0.0    0  8.7 23 330   M    M   1        35 360
20  55  32  44 -10  21   0 0.00  0.0    0  4.1 12 280   M    M   0        15 290
================================================================================
SM 1407  867       157   0  0.00     0.0  91.3          M       15
================================================================================
AV 70.4 43.4                               4.6 FASTST   M    M   1    MAX(MPH)
                                 MISC ---->  # 28 330               # 35  360
================================================================================
NOTES:
# LAST OF SEVERAL OCCURRENCES

COLUMN 17 PEAK WIND IN M.P.H.

PRELIMINARY LOCAL CLIMATOLOGICAL DATA (WS FORM: F-6) , PAGE 2

                                          STATION:  BAKERSFIELD CA
                                          MONTH:    FEBRUARY
                                          YEAR:     2018
                                          LATITUDE:   35 25 N
                                          LONGITUDE: 119  3 W

[TEMPERATURE DATA]      [PRECIPITATION DATA]       SYMBOLS USED IN COLUMN 16

AVERAGE MONTHLY: 56.9   TOTAL FOR MONTH:   0.00    1 = FOG OR MIST
DPTR FM NORMAL:   5.1   DPTR FM NORMAL:   -0.89    2 = FOG REDUCING VISIBILITY
HIGHEST:    81 ON  7    GRTST 24HR  0.00 ON 20-20      TO 1/4 MILE OR LESS
LOWEST:     32 ON 20                               3 = THUNDER
                        SNOW, ICE PELLETS, HAIL    4 = ICE PELLETS
                        TOTAL MONTH:   0.0 INCH    5 = HAIL
                        GRTST 24HR     0.0         6 = FREEZING RAIN OR DRIZZLE
                        GRTST DEPTH:   0           7 = DUSTSTORM OR SANDSTORM:
                                                       VSBY 1/2 MILE OR LESS
                                                   8 = SMOKE OR HAZE
[NO. OF DAYS WITH]      [WEATHER - DAYS WITH]      9 = BLOWING SNOW
                                                   X = TORNADO
MAX 32 OR BELOW:   0    0.01 INCH OR MORE:   0
MAX 90 OR ABOVE:   0    0.10 INCH OR MORE:   0
MIN 32 OR BELOW:   1    0.50 INCH OR MORE:   0
MIN  0 OR BELOW:   0    1.00 INCH OR MORE:   0

[HDD (BASE 65) ]
TOTAL THIS MO.   157    CLEAR  (SCALE 0-3)  18
DPTR FM NORMAL  -108    PTCLDY (SCALE 4-7)   2
TOTAL FM JUL 1  1135    CLOUDY (SCALE 8-10)  0
DPTR FM NORMAL  -556

[CDD (BASE 65) ]
TOTAL THIS MO.     0
DPTR FM NORMAL     0    [PRESSURE DATA]
TOTAL FM JAN 1     0    HIGHEST SLP M ON M
DPTR FM NORMAL     0    LOWEST  SLP 29.71 ON 11

[REMARKS]
