000
CXUS54 KAMA 301015
CF6BGD
PRELIMINARY LOCAL CLIMATOLOGICAL DATA (WS FORM: F-6)

                                          STATION:   BORGER
                                          MONTH:     JULY
                                          YEAR:      2016
                                          LATITUDE:   35 42 N
                                          LONGITUDE: 101 24 W

  TEMPERATURE IN F:       :PCPN:    SNOW:  WIND      :SUNSHINE: SKY     :PK WND
================================================================================
1   2   3   4   5  6A  6B    7    8   9   10  11  12  13   14  15   16   17  18
                                     12Z  AVG MX 2MIN
DY MAX MIN AVG DEP HDD CDD  WTR  SNW DPTH SPD SPD DIR MIN PSBL S-S WX    SPD DR
================================================================================

 1  92  67  80   0   0  15 0.06  0.0    0 11.5 20 160   M    M   3 1      27 190
 2  95  75  85   4   0  20    T  0.0    0 13.0 23 150   M    M   1        34 140
 3  90  69  80  -1   0  15    T  0.0    0  9.8 20 300   M    M   3        26 310
 4  99  65  82   1   0  17 0.00  0.0    0  7.1 18 250   M    M   0 3      28 280
 5 107  67  87   6   0  22 0.17  0.0    0 10.5 35 280   M    M   0 3      48 270
 6 104  74  89   8   0  24    T  0.0    0 12.0 29 170   M    M   0 3      39 170
 7 107  71  89   8   0  24 0.00  0.0    0  9.8 28 170   M    M   0        39 170
 8  93  75  84   2   0  19    T  0.0    0 11.3 28  40   M    M   1 3      36  40
 9 101  69  85   3   0  20    T  0.0    0 10.9 22 150   M    M   1        30 140
10 104  72  88   6   0  23 0.00  0.0    0 15.0 28 170   M    M   0 3      37 160
11 110  79  95  13   0  30 0.00  0.0    0 14.2 24 180   M    M   0        34 190
12 101  73  87   5   0  22 0.00  0.0    0 10.7 24 200   M    M   0        35 200
13 104  79  92  10   0  27 0.00  0.0    0 12.5 24 200   M    M   0        40 200
14  95  76  86   4   0  21 0.00  0.0    0 12.6 25  70   M    M   1        35  30
15  96  67  82   0   0  17 0.51  0.0    0  8.1 32 320   M    M   1 13     49 320
16  93  66  80  -2   0  15 0.00  0.0    0 11.1 26 150   M    M   0        36 150
17 100  75  88   6   0  23 0.00  0.0    0 15.6 24 170   M    M   0        34 140
18  98  71  85   3   0  20 0.00  0.0    0 11.6 21 140   M    M   0        29 140
19  98  71  85   3   0  20 0.00  0.0    0 11.2 20 160   M    M   1        27 150
20  99  74  87   5   0  22 0.00  0.0    0 14.1 20 160   M    M   0        30 140
21 102  76  89   7   0  24 0.00  0.0    0 12.7 21 170   M    M   0        31 140
22 104  74  89   7   0  24 0.00  0.0    0 11.4 21 170   M    M   0        30 140
23 103  73  88   6   0  23 0.00  0.0    0 12.9 22 180   M    M   0        27 170
24 102  77  90   8   0  25 0.00  0.0    0  9.5 17 140   M    M   1 3      26 130
25  93  71  82   0   0  17    T  0.0    0  7.6 16  30   M    M   0        25  80
26 100  71  86   4   0  21 0.00  0.0    0  6.9 23 140   M    M   1        31 140
27  95  67  81  -1   0  16 0.57  0.0    0  6.5 31 340   M    M   1 13     42 340
28  97  64  81  -1   0  16 0.00  0.0    0  6.9 16 160   M    M   0        23 150
29  91  68  80  -2   0  15 0.02  0.0    0 10.2 28 270   M    M   2 3      39 270
================================================================================
SM 2873 2076         0 597  1.33     0.0 317.2          M       17
================================================================================
AV 99.1 71.6                              10.9 FASTST   M    M   1    MAX(MPH)
                                 MISC ---->  # 35 280               # 49  320
================================================================================
NOTES:
# LAST OF SEVERAL OCCURRENCES

COLUMN 17 PEAK WIND IN M.P.H.

PRELIMINARY LOCAL CLIMATOLOGICAL DATA (WS FORM: F-6) , PAGE 2

                                          STATION:  BORGER
                                          MONTH:    JULY
                                          YEAR:     2016
                                          LATITUDE:   35 42 N
                                          LONGITUDE: 101 24 W

[TEMPERATURE DATA]      [PRECIPITATION DATA]       SYMBOLS USED IN COLUMN 16

AVERAGE MONTHLY: 85.3   TOTAL FOR MONTH:   1.33    1 = FOG OR MIST
DPTR FM NORMAL:   3.6   DPTR FM NORMAL:   -1.00    2 = FOG REDUCING VISIBILITY
HIGHEST:   110 ON 11    GRTST 24HR  0.57 ON 27-27      TO 1/4 MILE OR LESS
LOWEST:     64 ON 28                               3 = THUNDER
                        SNOW, ICE PELLETS, HAIL    4 = ICE PELLETS
                        TOTAL MONTH:   0.0 INCH    5 = HAIL
                        GRTST 24HR     0.0         6 = FREEZING RAIN OR DRIZZLE
                        GRTST DEPTH:   0           7 = DUSTSTORM OR SANDSTORM:
                                                       VSBY 1/2 MILE OR LESS
                                                   8 = SMOKE OR HAZE
[NO. OF DAYS WITH]      [WEATHER - DAYS WITH]      9 = BLOWING SNOW
                                                   X = TORNADO
MAX 32 OR BELOW:   0    0.01 INCH OR MORE:   5
MAX 90 OR ABOVE:  29    0.10 INCH OR MORE:   3
MIN 32 OR BELOW:   0    0.50 INCH OR MORE:   2
MIN  0 OR BELOW:   0    1.00 INCH OR MORE:   0

[HDD (BASE 65) ]
TOTAL THIS MO.     0    CLEAR  (SCALE 0-3)  29
DPTR FM NORMAL     0    PTCLDY (SCALE 4-7)   0
TOTAL FM JUL 1     0    CLOUDY (SCALE 8-10)  0
DPTR FM NORMAL     0

[CDD (BASE 65) ]
TOTAL THIS MO.   597
DPTR FM NORMAL   109    [PRESSURE DATA]
TOTAL FM JAN 1  1237    HIGHEST SLP M ON M
DPTR FM NORMAL   194    LOWEST  SLP 29.52 ON 11

[REMARKS]
