000
CXUS51 KBGM 240800
CF6BGM
PRELIMINARY LOCAL CLIMATOLOGICAL DATA (WS FORM: F-6)

                                          STATION:   BINGHAMTON NY
                                          MONTH:     JULY
                                          YEAR:      2014
                                          LATITUDE:   42 13 N
                                          LONGITUDE:  75 59 W

  TEMPERATURE IN F:       :PCPN:    SNOW:  WIND      :SUNSHINE: SKY     :PK WND
================================================================================
1   2   3   4   5  6A  6B    7    8   9   10  11  12  13   14  15   16   17  18
                                     12Z  AVG MX 2MIN
DY MAX MIN AVG DEP HDD CDD  WTR  SNW DPTH SPD SPD DIR MIN PSBL S-S WX    SPD DR
================================================================================

 1  86  69  78  10   0  13 0.00  0.0    0  9.2 20 220   M    M   2 3      28 200
 2  82  69  76   8   0  11 0.10  0.0    0  5.8 12 240   M    M   2 13     15 250
 3  85  61  73   5   0   8 0.29  0.0    0  4.7 17 240   M    M   4 123    24 240
 4  67  56  62  -6   3   0 0.00  0.0    0  9.3 22 350   M    M   8 12     30 350
 5  76  53  65  -3   0   0 0.00  0.0    0  8.0 18 350   M    M   0        24 360
 6  79  54  67  -1   0   2 0.00  0.0    0  8.1 15 220   M    M   0        21 220
 7  81  64  73   5   0   8 0.06  0.0    0  9.6 25 220   M    M   6 13     38 230
 8  82  66  74   6   0   9 0.08  0.0    0 10.7 21 220   M    M   4 13     30 230
 9  80  59  70   1   0   5 0.19  0.0    0  8.1 20 320   M    M   3 138    26 330
10  74  56  65  -4   0   0 0.00  0.0    0  5.3 12 350   M    M   2        16  30
11  78  53  66  -3   0   1 0.00  0.0    0  3.9  9 270   M    M   2        14 300
12  84  60  72   3   0   7 0.00  0.0    0  7.2 15 230   M    M   2        21 230
13  78  66  72   3   0   7 1.78  0.0    0  8.0 24 280   M    M   6 123    36 300
14  80  66  73   4   0   8 0.01  0.0    0  4.9 10 220   M    M   6 12     22 180
15  75  63  69   0   0   4 0.41  0.0    0  5.5 20 300   M    M   6 128    28 300
16  74  57  66  -3   0   1 0.00  0.0    0  5.8 16 270   M    M   5        20 270
17  69  55  62  -7   3   0 0.07  0.0    0  3.6 13 290   M    M   5        16 320
18  74  51  63  -6   2   0 0.00  0.0    0  2.1 13 350   M    M   1 1      22 140
19  75  57  66  -3   0   1 0.00  0.0    0  4.8 12 140   M    M   2        15 210
20  75  61  68  -1   0   3 0.01  0.0    0  4.9 10 160   M    M   8        15 160
21  81  61  71   2   0   6 0.00  0.0    0  5.7 10 260   M    M   6        16 240
22  84  66  75   6   0  10 0.00  0.0    0  6.4 14 230   M    M   4 1      17 220
23  85  62  74   5   0   9 0.76  0.0    0  9.2 24 310   M    M   5 1238   33 300
================================================================================
SM 1804 1385         8 113  3.76     0.0 150.8          M       89
================================================================================
AV 78.4 60.2                               6.6 FASTST   M    M   4    MAX(MPH)
                                 MISC ---->  # 25 220               # 38  230
================================================================================
NOTES:
# LAST OF SEVERAL OCCURRENCES

COLUMN 17 PEAK WIND IN M.P.H.

PRELIMINARY LOCAL CLIMATOLOGICAL DATA (WS FORM: F-6) , PAGE 2

                                          STATION:  BINGHAMTON NY
                                          MONTH:    JULY
                                          YEAR:     2014
                                          LATITUDE:   42 13 N
                                          LONGITUDE:  75 59 W

[TEMPERATURE DATA]      [PRECIPITATION DATA]       SYMBOLS USED IN COLUMN 16

AVERAGE MONTHLY: 69.3   TOTAL FOR MONTH:   3.76    1 = FOG OR MIST
DPTR FM NORMAL:   0.7   DPTR FM NORMAL:    1.00    2 = FOG REDUCING VISIBILITY
HIGHEST:    86 ON  1    GRTST 24HR  1.78 ON 12-13      TO 1/4 MILE OR LESS
LOWEST:     51 ON 18                               3 = THUNDER
                        SNOW, ICE PELLETS, HAIL    4 = ICE PELLETS
                        TOTAL MONTH:   0.0 INCH    5 = HAIL
                        GRTST 24HR     0.0         6 = FREEZING RAIN OR DRIZZLE
                        GRTST DEPTH:   0           7 = DUSTSTORM OR SANDSTORM:
                                                       VSBY 1/2 MILE OR LESS
                                                   8 = SMOKE OR HAZE
[NO. OF DAYS WITH]      [WEATHER - DAYS WITH]      9 = BLOWING SNOW
                                                   X = TORNADO
MAX 32 OR BELOW:   0    0.01 INCH OR MORE:  11
MAX 90 OR ABOVE:   0    0.10 INCH OR MORE:   6
MIN 32 OR BELOW:   0    0.50 INCH OR MORE:   2
MIN  0 OR BELOW:   0    1.00 INCH OR MORE:   1

[HDD (BASE 65) ]
TOTAL THIS MO.     8    CLEAR  (SCALE 0-3)  10
DPTR FM NORMAL   -15    PTCLDY (SCALE 4-7)  13
TOTAL FM JUL 1     8    CLOUDY (SCALE 8-10)  0
DPTR FM NORMAL   -15

[CDD (BASE 65) ]
TOTAL THIS MO.   113
DPTR FM NORMAL     7    [PRESSURE DATA]
TOTAL FM JAN 1   223    HIGHEST SLP 30.23 ON 11
DPTR FM NORMAL    20    LOWEST  SLP 29.62 ON  8

[REMARKS]
