000
CXUS51 KCAR 230600
CF6BGR
PRELIMINARY LOCAL CLIMATOLOGICAL DATA (WS FORM: F-6)

                                          STATION:   BANGOR ME
                                          MONTH:     MAY
                                          YEAR:      2017
                                          LATITUDE:   44 47 N
                                          LONGITUDE:  68 49 W

  TEMPERATURE IN F:       :PCPN:    SNOW:  WIND      :SUNSHINE: SKY     :PK WND
================================================================================
1   2   3   4   5  6A  6B    7    8   9   10  11  12  13   14  15   16   17  18
                                     12Z  AVG MX 2MIN
DY MAX MIN AVG DEP HDD CDD  WTR  SNW DPTH SPD SPD DIR MIN PSBL S-S WX    SPD DR
================================================================================

 1  45  40  43  -6  22   0 0.99  0.0    0  7.2 16 120   M    M  10 1      20 130
 2  51  40  46  -3  19   0 0.24  0.0    0  3.3 13 280   M    M   9 1      16 280
 3  61  43  52   3  13   0    T  0.0    0 10.4 23 320   M    M   7        30 300
 4  63  38  51   1  14   0 0.00  0.0    0  8.5 20 190   M    M   4        24 310
 5  52  43  48  -2  17   0 0.43  0.0    0  8.6 17 110   M    M  10 1      25 110
 6  59  49  54   4  11   0 0.61  0.0    0  7.6 17 160   M    M  10 1      24 160
 7  60  47  54   3  11   0 0.01  0.0    0 11.5 26 170   M    M   8 1      34 190
 8  53  41  47  -4  18   0 0.24  0.0    0  7.2 16 190   M    M  10 1      22 210
 9  52  39  46  -6  19   0 0.09  0.0    0  6.4 14  30   M    M   9 1      17  30
10  53  39  46  -6  19   0 0.12  0.0    0  8.5 14 360   M    M   9 1      23 350
11  53  41  47  -5  18   0    T  0.0    0 10.8 18  20   M    M  10 1      23  20
12  67  34  51  -1  14   0    T  0.0    0  7.2 14  20   M    M   6        18  40
13  66  38  52  -1  13   0 0.00  0.0    0  5.6 16 190   M    M   7 1      19 200
14  49  44  47  -6  18   0 1.99  0.0    0 10.6 24  30   M    M  10 1      31  20
15  49  45  47  -7  18   0 0.20  0.0    0 15.3 26 360   M    M   9 1      34 360
16  74  39  57   3   8   0 0.00  0.0    0  9.6 24 320   M    M   3        34 310
17  77  44  61   7   4   0 0.00  0.0    0  7.5 24 170   M    M   3        31 180
18  92  52  72  18   0   7 0.01  0.0    0  8.1 21 240   M    M   6 3      29 240
19  78  48  63   8   2   0    T  0.0    0 13.1 29 340   M    M   5 3      35 310
20  65  43  54  -1  11   0 0.00  0.0    0 11.6 24 330   M    M   3        30  30
21  71  35  53  -2  12   0 0.00  0.0    0  6.4 16  30   M    M   2        21 350
22  61  45  53  -3  12   0 0.08  0.0    0  8.9 20 180   M    M  10 1      26 190
================================================================================
SM 1351  927       293   7  5.01     0.0 193.9          M      160
================================================================================
AV 61.4 42.1                               8.8 FASTST   M    M   7    MAX(MPH)
                                 MISC ---->  # 29 340               # 35  310
================================================================================
NOTES:
# LAST OF SEVERAL OCCURRENCES

COLUMN 17 PEAK WIND IN M.P.H.

PRELIMINARY LOCAL CLIMATOLOGICAL DATA (WS FORM: F-6) , PAGE 2

                                          STATION:  BANGOR ME
                                          MONTH:    MAY
                                          YEAR:     2017
                                          LATITUDE:   44 47 N
                                          LONGITUDE:  68 49 W

[TEMPERATURE DATA]      [PRECIPITATION DATA]       SYMBOLS USED IN COLUMN 16

AVERAGE MONTHLY: 51.8   TOTAL FOR MONTH:   5.01    1 = FOG OR MIST
DPTR FM NORMAL:  -0.5   DPTR FM NORMAL:    2.49    2 = FOG REDUCING VISIBILITY
HIGHEST:    92 ON 18    GRTST 24HR  1.99 ON 14-14      TO 1/4 MILE OR LESS
LOWEST:     34 ON 12                               3 = THUNDER
                        SNOW, ICE PELLETS, HAIL    4 = ICE PELLETS
                        TOTAL MONTH:   0.0 INCH    5 = HAIL
                        GRTST 24HR     0.0         6 = FREEZING RAIN OR DRIZZLE
                        GRTST DEPTH:   0           7 = DUSTSTORM OR SANDSTORM:
                                                       VSBY 1/2 MILE OR LESS
                                                   8 = SMOKE OR HAZE
[NO. OF DAYS WITH]      [WEATHER - DAYS WITH]      9 = BLOWING SNOW
                                                   X = TORNADO
MAX 32 OR BELOW:   0    0.01 INCH OR MORE:  12
MAX 90 OR ABOVE:   1    0.10 INCH OR MORE:   8
MIN 32 OR BELOW:   0    0.50 INCH OR MORE:   3
MIN  0 OR BELOW:   0    1.00 INCH OR MORE:   1

[HDD (BASE 65) ]
TOTAL THIS MO.   293    CLEAR  (SCALE 0-3)   4
DPTR FM NORMAL    10    PTCLDY (SCALE 4-7)   6
TOTAL FM JUL 1  7205    CLOUDY (SCALE 8-10) 12
DPTR FM NORMAL  -476

[CDD (BASE 65) ]
TOTAL THIS MO.     7
DPTR FM NORMAL     7    [PRESSURE DATA]
TOTAL FM JAN 1     7    HIGHEST SLP M ON M
DPTR FM NORMAL     7    LOWEST  SLP 29.41 ON M

[REMARKS]
