000
CXUS54 KBMX 181111
CF6BHM
PRELIMINARY LOCAL CLIMATOLOGICAL DATA (WS FORM: F-6)

                                          STATION:   BIRMINGHAM
                                          MONTH:     AUGUST
                                          YEAR:      2017
                                          LATITUDE:   33 34 N
                                          LONGITUDE:  86 45 W

  TEMPERATURE IN F:       :PCPN:    SNOW:  WIND      :SUNSHINE: SKY     :PK WND
================================================================================
1   2   3   4   5  6A  6B    7    8   9   10  11  12  13   14  15   16   17  18
                                     12Z  AVG MX 2MIN
DY MAX MIN AVG DEP HDD CDD  WTR  SNW DPTH SPD SPD DIR MIN PSBL S-S WX    SPD DR
================================================================================

 1  89  68  79  -2   0  14 0.00  0.0    0  1.6 10 140   M    M   5        14 160
 2  84  72  78  -3   0  13 0.00  0.0    0  2.5 10 140   M    M   7 8      13 140
 3  87  73  80  -1   0  15    T  0.0    0  5.6 15 170   M    M   6 3      22 170
 4  93  72  83   2   0  18    T  0.0    0  3.5 22 310   M    M   6 138    27 310
 5  90  70  80  -1   0  15 0.00  0.0    0  3.4 13 280   M    M   2        16 290
 6  86  74  80  -1   0  15 0.27  0.0    0  6.4 20 190   M    M   7 138    27 190
 7  86  73  80  -1   0  15 0.24  0.0    0  9.7 32 270   M    M   9 138    38 260
 8  76  72  74  -7   0   9 2.58  0.0    0  0.5  9  10   M    M   8 1      10 350
 9  84  72  78  -3   0  13    T  0.0    0  2.0 12 160   M    M   8 1      16 170
10  88  73  81   0   0  16 0.22  0.0    0  4.7 18 190   M    M   8 13     23 170
11  85  72  79  -2   0  14 0.01  0.0    0  3.0 10 250   M    M   7 18     13 230
12  92  75  84   3   0  19 0.07  0.0    0  3.1 17 250   M    M   6 18     20 250
13  91  73  82   1   0  17 0.00  0.0    0  1.8  9 320   M    M   6        13 320
14  91  74  83   2   0  18 0.26  0.0    0  4.3 25 270   M    M   6 13     34 270
15  92  74  83   2   0  18    T  0.0    0  4.0 17 200   M    M   6 13     20 200
16  91  73  82   1   0  17 0.00  0.0    0  5.8 16 260   M    M   5        19 250
17  92  75  84   3   0  19 0.00  0.0    0  9.0 16 250   M    M   4        24 240
================================================================================
SM 1497 1235         0 265  3.65     0.0  70.9          M      106
================================================================================
AV 88.1 72.7                               4.2 FASTST   M    M   6    MAX(MPH)
                                 MISC ---->  # 32 270               # 38  260
================================================================================
NOTES:
# LAST OF SEVERAL OCCURRENCES

COLUMN 17 PEAK WIND IN M.P.H.

PRELIMINARY LOCAL CLIMATOLOGICAL DATA (WS FORM: F-6) , PAGE 2

                                          STATION:  BIRMINGHAM
                                          MONTH:    AUGUST
                                          YEAR:     2017
                                          LATITUDE:   33 34 N
                                          LONGITUDE:  86 45 W

[TEMPERATURE DATA]      [PRECIPITATION DATA]       SYMBOLS USED IN COLUMN 16

AVERAGE MONTHLY: 80.4   TOTAL FOR MONTH:   3.65    1 = FOG OR MIST
DPTR FM NORMAL:  -0.6   DPTR FM NORMAL:    1.41    2 = FOG REDUCING VISIBILITY
HIGHEST:    93 ON  4    GRTST 24HR  2.80 ON  7- 8      TO 1/4 MILE OR LESS
LOWEST:     68 ON  1                               3 = THUNDER
                        SNOW, ICE PELLETS, HAIL    4 = ICE PELLETS
                        TOTAL MONTH:   0.0 INCH    5 = HAIL
                        GRTST 24HR     0.0         6 = FREEZING RAIN OR DRIZZLE
                        GRTST DEPTH:   0           7 = DUSTSTORM OR SANDSTORM:
                                                       VSBY 1/2 MILE OR LESS
                                                   8 = SMOKE OR HAZE
[NO. OF DAYS WITH]      [WEATHER - DAYS WITH]      9 = BLOWING SNOW
                                                   X = TORNADO
MAX 32 OR BELOW:   0    0.01 INCH OR MORE:   7
MAX 90 OR ABOVE:   8    0.10 INCH OR MORE:   5
MIN 32 OR BELOW:   0    0.50 INCH OR MORE:   1
MIN  0 OR BELOW:   0    1.00 INCH OR MORE:   1

[HDD (BASE 65) ]
TOTAL THIS MO.     0    CLEAR  (SCALE 0-3)   1
DPTR FM NORMAL     0    PTCLDY (SCALE 4-7)  14
TOTAL FM JUL 1     0    CLOUDY (SCALE 8-10)  2
DPTR FM NORMAL     0

[CDD (BASE 65) ]
TOTAL THIS MO.   265
DPTR FM NORMAL    -7    [PRESSURE DATA]
TOTAL FM JAN 1  1617    HIGHEST SLP M ON M
DPTR FM NORMAL   182    LOWEST  SLP 29.88 ON 14

[REMARKS]
