000
CXUS53 KBIS 290748
CF6BIS
PRELIMINARY LOCAL CLIMATOLOGICAL DATA (WS FORM: F-6)

                                          STATION:   BISMARCK ND
                                          MONTH:     SEPTEMBER
                                          YEAR:      2016
                                          LATITUDE:   46 46 N
                                          LONGITUDE: 100 45 W

  TEMPERATURE IN F:       :PCPN:    SNOW:  WIND      :SUNSHINE: SKY     :PK WND
================================================================================
1   2   3   4   5  6A  6B    7    8   9   10  11  12  13   14  15   16   17  18
                                     12Z  AVG MX 2MIN
DY MAX MIN AVG DEP HDD CDD  WTR  SNW DPTH SPD SPD DIR MIN PSBL S-S WX    SPD DR
================================================================================

 1  88  58  73   8   0   8 0.00  0.0    0 15.0 28 160   M    M   0        34 150
 2  81  65  73   9   0   8    T  0.0    0 18.8 29 170   M    M   1        35 170
 3  81  61  71   7   0   6 0.00  0.0    0  8.9 17 160   M    M   3        20 170
 4  70  57  64   0   1   0 0.01  0.0    0 13.3 33 330   M    M   6 13     44 330
 5  62  56  59  -4   6   0 0.01  0.0    0  7.0 16  40   M    M  10 1      20  40
 6  69  48  59  -4   6   0 0.00  0.0    0  3.6 10 160   M    M   5 1      13 160
 7  68  47  58  -4   7   0 0.39  0.0    0  7.8 24 210   M    M   4 13     31 200
 8  76  45  61  -1   4   0 0.01  0.0    0  5.1 18 320   M    M   3        22 320
 9  65  45  55  -7  10   0 0.09  0.0    0  8.7 21 330   M    M   4 13     27 330
10  74  41  58  -3   7   0 0.00  0.0    0  6.9 15 220   M    M   0        19 210
11  90  44  67   6   0   2 0.00  0.0    0  7.6 25 280   M    M   0        31 270
12  62  49  56  -4   9   0 0.00  0.0    0 13.0 23 320   M    M   6        31 330
13  60  39  50 -10  15   0 0.00  0.0    0  4.7 13 260   M    M   3        16 270
14  72  38  55  -4  10   0 0.00  0.0    0  9.8 23 160   M    M   3        29 160
15  66  53  60   1   5   0 0.29  0.0    0  5.3 13 160   M    M   6 1      17 160
16  63  47  55  -3  10   0 0.22  0.0    0  9.1 22 330   M    M   9 1      27 330
17  82  38  60   2   5   0 0.00  0.0    0  4.4 14 260   M    M   0 1      19 160
18  83  52  68  10   0   3 0.00  0.0    0  9.6 32 280   M    M   3        39 280
19  77  45  61   4   4   0 0.00  0.0    0  5.4 20 280   M    M   0        25 270
20  76  49  63   6   2   0 0.10  0.0    0  5.4 15 320   M    M   2 13     17 320
21  72  53  63   7   2   0 0.00  0.0    0 12.9 26  90   M    M   2 3      33  80
22  63  48  56   0   9   0 0.00  0.0    0 14.3 25  80   M    M   6        30  90
23  63  56  60   5   5   0 0.04  0.0    0 13.1 23  90   M    M  10 13     30  90
24  80  53  67  12   0   2 0.00  0.0    0 11.7 29 160   M    M   3 1      35 150
25  65  45  55   1  10   0 0.06  0.0    0 19.0 35 320   M    M   4 1      49 320
26  69  39  54   0  11   0 0.00  0.0    0 10.5 23 320   M    M   0        31 320
27  74  35  55   2  10   0 0.00  0.0    0  3.4 14  20   M    M   0        16  30
28  70  36  53   0  12   0 0.00  0.0    0  5.8 14 110   M    M   0        16 110
================================================================================
SM 2021 1342       160  29  1.22     0.0 260.1          M       93
================================================================================
AV 72.2 47.9                               9.3 FASTST   M    M   3    MAX(MPH)
                                 MISC ---->  # 35 320               # 49  320
================================================================================
NOTES:
# LAST OF SEVERAL OCCURRENCES

COLUMN 17 PEAK WIND IN M.P.H.

PRELIMINARY LOCAL CLIMATOLOGICAL DATA (WS FORM: F-6) , PAGE 2

                                          STATION:  BISMARCK ND
                                          MONTH:    SEPTEMBER
                                          YEAR:     2016
                                          LATITUDE:   46 46 N
                                          LONGITUDE: 100 45 W

[TEMPERATURE DATA]      [PRECIPITATION DATA]       SYMBOLS USED IN COLUMN 16

AVERAGE MONTHLY: 60.1   TOTAL FOR MONTH:   1.22    1 = FOG OR MIST
DPTR FM NORMAL:   1.0   DPTR FM NORMAL:   -0.28    2 = FOG REDUCING VISIBILITY
HIGHEST:    90 ON 11    GRTST 24HR  0.50 ON 15-16      TO 1/4 MILE OR LESS
LOWEST:     35 ON 27                               3 = THUNDER
                        SNOW, ICE PELLETS, HAIL    4 = ICE PELLETS
                        TOTAL MONTH:   0.0 INCH    5 = HAIL
                        GRTST 24HR     0.0         6 = FREEZING RAIN OR DRIZZLE
                        GRTST DEPTH:   0           7 = DUSTSTORM OR SANDSTORM:
                                                       VSBY 1/2 MILE OR LESS
                                                   8 = SMOKE OR HAZE
[NO. OF DAYS WITH]      [WEATHER - DAYS WITH]      9 = BLOWING SNOW
                                                   X = TORNADO
MAX 32 OR BELOW:   0    0.01 INCH OR MORE:  10
MAX 90 OR ABOVE:   1    0.10 INCH OR MORE:   4
MIN 32 OR BELOW:   0    0.50 INCH OR MORE:   0
MIN  0 OR BELOW:   0    1.00 INCH OR MORE:   0

[HDD (BASE 65) ]
TOTAL THIS MO.   160    CLEAR  (SCALE 0-3)  16
DPTR FM NORMAL   -44    PTCLDY (SCALE 4-7)   9
TOTAL FM JUL 1   193    CLOUDY (SCALE 8-10)  3
DPTR FM NORMAL   -66

[CDD (BASE 65) ]
TOTAL THIS MO.    29
DPTR FM NORMAL    -8    [PRESSURE DATA]
TOTAL FM JAN 1   546    HIGHEST SLP M ON M
DPTR FM NORMAL    28    LOWEST  SLP 29.60 ON 18

[REMARKS]
