000
CXUS53 KBIS 270723
CF6BIS
PRELIMINARY LOCAL CLIMATOLOGICAL DATA (WS FORM: F-6)

                                          STATION:   BISMARCK ND
                                          MONTH:     AUGUST
                                          YEAR:      2014
                                          LATITUDE:   46 46 N
                                          LONGITUDE: 100 45 W

  TEMPERATURE IN F:       :PCPN:    SNOW:  WIND      :SUNSHINE: SKY     :PK WND
================================================================================
1   2   3   4   5  6A  6B    7    8   9   10  11  12  13   14  15   16   17  18
                                     12Z  AVG MX 2MIN
DY MAX MIN AVG DEP HDD CDD  WTR  SNW DPTH SPD SPD DIR MIN PSBL S-S WX    SPD DR
================================================================================

 1  92  58  75   3   0  10 1.16  0.0    0  7.5 32 120   M    M   2 138    55 100
 2  88  58  73   1   0   8 0.00  0.0    0  4.8 12  40   M    M   1 13     14  40
 3  82  59  71  -1   0   6 0.46  0.0    0  8.0 22 280   M    M   3 13     27 260
 4  75  58  67  -5   0   2 0.16  0.0    0  5.3 12 130   M    M   4 13     16 130
 5  78  56  67  -5   0   2 0.00  0.0    0  6.9 14 140   M    M   4        17 130
 6  70  63  67  -5   0   2 0.16  0.0    0  7.3 14  80   M    M  10 1      17  80
 7  80  62  71  -1   0   6    T  0.0    0  6.3 12 150   M    M   6        14 160
 8  83  61  72   1   0   7 0.00  0.0    0  6.8 17 140   M    M   0 1      22 170
 9  83  64  74   3   0   9 0.13  0.0    0  5.0 20 330   M    M   6 13     24 330
10  78  55  67  -4   0   2 0.00  0.0    0  9.2 21 330   M    M   2        26 350
11  81  49  65  -6   0   0 0.00  0.0    0  3.7 10 330   M    M   2        15  20
12  87  53  70  -1   0   5 0.00  0.0    0  5.5 10 150   M    M   1        14 140
13  90  62  76   5   0  11 0.00  0.0    0 11.7 26 140   M    M   2        31 130
14  89  66  78   8   0  13 0.00  0.0    0 11.4 24 160   M    M   0        29 150
15  82  65  74   4   0   9 0.00  0.0    0  4.3 12  80   M    M   2        16 100
16  76  68  72   2   0   7 0.70  0.0    0  8.0 18 340   M    M   9 13     22 340
17  88  64  76   6   0  11 0.06  0.0    0  4.8 26 220   M    M   6 13     34 220
18  83  62  73   3   0   8 0.00  0.0    0  9.1 20 310   M    M   2        26 310
19  88  56  72   3   0   7 0.00  0.0    0  3.8  9 140   M    M   0 1      13 170
20  85  62  74   5   0   9 0.26  0.0    0  8.0 16  70   M    M   4 13     19  90
21  84  64  74   5   0   9 0.00  0.0    0  8.7 17 330   M    M   4 1      22 330
22  76  65  71   3   0   6 0.15  0.0    0  6.9 17  50   M    M   9 1      20  70
23  68  60  64  -4   1   0 0.90  0.0    0 14.6 26  90   M    M  10 1      34  90
24  69  56  63  -5   2   0 0.00  0.0    0 12.9 29 240   M    M   9 1      39 250
25  60  48  54 -13  11   0 0.00  0.0    0 13.8 29 270   M    M   8        35 270
26  61  43  52 -15  13   0 0.08  0.0    0  2.4  8 230   M    M   4 1       9 210
================================================================================
SM 2076 1537        27 149  4.22     0.0 196.7          M      110
================================================================================
AV 79.8 59.1                               7.6 FASTST   M    M   4    MAX(MPH)
                                 MISC ---->  # 32 120               # 55  100
================================================================================
NOTES:
# LAST OF SEVERAL OCCURRENCES

COLUMN 17 PEAK WIND IN M.P.H.

PRELIMINARY LOCAL CLIMATOLOGICAL DATA (WS FORM: F-6) , PAGE 2

                                          STATION:  BISMARCK ND
                                          MONTH:    AUGUST
                                          YEAR:     2014
                                          LATITUDE:   46 46 N
                                          LONGITUDE: 100 45 W

[TEMPERATURE DATA]      [PRECIPITATION DATA]       SYMBOLS USED IN COLUMN 16

AVERAGE MONTHLY: 69.5   TOTAL FOR MONTH:   4.22    1 = FOG OR MIST
DPTR FM NORMAL:  -0.7   DPTR FM NORMAL:    2.26    2 = FOG REDUCING VISIBILITY
HIGHEST:    92 ON  1    GRTST 24HR  1.16 ON  1- 1      TO 1/4 MILE OR LESS
LOWEST:     43 ON 26                               3 = THUNDER
                        SNOW, ICE PELLETS, HAIL    4 = ICE PELLETS
                        TOTAL MONTH:   0.0 INCH    5 = HAIL
                        GRTST 24HR     0.0         6 = FREEZING RAIN OR DRIZZLE
                        GRTST DEPTH:   0           7 = DUSTSTORM OR SANDSTORM:
                                                       VSBY 1/2 MILE OR LESS
                                                   8 = SMOKE OR HAZE
[NO. OF DAYS WITH]      [WEATHER - DAYS WITH]      9 = BLOWING SNOW
                                                   X = TORNADO
MAX 32 OR BELOW:   0    0.01 INCH OR MORE:  11
MAX 90 OR ABOVE:   2    0.10 INCH OR MORE:   9
MIN 32 OR BELOW:   0    0.50 INCH OR MORE:   3
MIN  0 OR BELOW:   0    1.00 INCH OR MORE:   1

[HDD (BASE 65) ]
TOTAL THIS MO.    27    CLEAR  (SCALE 0-3)  12
DPTR FM NORMAL     0    PTCLDY (SCALE 4-7)   8
TOTAL FM JUL 1    55    CLOUDY (SCALE 8-10)  6
DPTR FM NORMAL    11

[CDD (BASE 65) ]
TOTAL THIS MO.   149
DPTR FM NORMAL    -9    [PRESSURE DATA]
TOTAL FM JAN 1   401    HIGHEST SLP M ON M
DPTR FM NORMAL   -61    LOWEST  SLP 29.63 ON 24

[REMARKS]
