000
CXUS53 KBIS 300824
CF6BIS
PRELIMINARY LOCAL CLIMATOLOGICAL DATA (WS FORM: F-6)

                                          STATION:   BISMARCK ND
                                          MONTH:     JUNE
                                          YEAR:      2015
                                          LATITUDE:   46 46 N
                                          LONGITUDE: 100 45 W

  TEMPERATURE IN F:       :PCPN:    SNOW:  WIND      :SUNSHINE: SKY     :PK WND
================================================================================
1   2   3   4   5  6A  6B    7    8   9   10  11  12  13   14  15   16   17  18
                                     12Z  AVG MX 2MIN
DY MAX MIN AVG DEP HDD CDD  WTR  SNW DPTH SPD SPD DIR MIN PSBL S-S WX    SPD DR
================================================================================

 1  84  49  67   7   0   2 0.00  0.0    0 10.4 20 170   M    M   1        25 180
 2  78  60  69   8   0   4 0.56  0.0    0  7.3 28 350   M    M   6 13     35 350
 3  66  50  58  -3   7   0 0.00  0.0    0 12.6 21 330   M    M   8 1      27 320
 4  67  45  56  -5   9   0 0.02  0.0    0  6.4 15 100   M    M   4        19  80
 5  80  51  66   4   0   1 0.00  0.0    0  8.4 18 110   M    M   6        22 110
 6  76  59  68   6   0   3 0.17  0.0    0 10.3 21 320   M    M   5 13     26 320
 7  83  54  69   7   0   4 0.00  0.0    0  9.2 25 320   M    M   1        32 290
 8  89  54  72   9   0   7 0.00  0.0    0  6.4 16 270   M    M   1        22 260
 9  87  56  72   9   0   7 0.01  0.0    0  8.1 22 340   M    M   0 3      27 360
10  64  55  60  -3   5   0 0.10  0.0    0  3.5 12 220   M    M   6 1      14 220
11  74  54  64   1   1   0 0.00  0.0    0  3.7 13 130   M    M   8        16 130
12  81  50  66   2   0   1 0.00  0.0    0 11.4 25 170   M    M   0 1      32 170
13  84  58  71   7   0   6 0.37  0.0    0  8.1 18 180   M    M   3 13     25 170
14  78  56  67   3   0   2 0.15  0.0    0  7.4 16 320   M    M   4 1      20 320
15  73  48  61  -4   4   0 0.00  0.0    0  8.2 18 340   M    M   3        24 320
16  56  53  55 -10  10   0 0.87  0.0    0  9.5 15  90   M    M   9 1       M  M
17  73  54  64  -1   1   0 0.01  0.0    0  2.9 10 260   M    M   5 1      14 270
18  65  54  60  -5   5   0    T  0.0    0 10.6 17  70   M    M   7        24  60
19  85  56  71   5   0   6 0.87  0.0    0  9.8 61 330   M    M   4 123    82 250
20  82  58  70   4   0   5 0.00  0.0    0  8.3 21 290   M    M   2 1      26 290
21  83  53  68   2   0   3 0.84  0.0    0  8.0 25 310   M    M   2 13     30 310
22  76  57  67   1   0   2 0.37  0.0    0 10.0 23 340   M    M   3 13     32 320
23  83  50  67   0   0   2    T  0.0    0  6.6 17 230   M    M   0 8      21 240
24  75  53  64  -3   1   0    T  0.0    0  4.7 18  40   M    M   1        25  50
25  81  54  68   1   0   3 0.49  0.0    0  5.2 48 330   M    M   1 13     56 320
26  84  51  68   0   0   3 0.00  0.0    0  2.9 12 190   M    M   1 12     14 270
27  91  58  75   7   0  10 0.00  0.0    0  9.7 24 330   M    M   0        32 320
28  83  60  72   4   0   7 0.00  0.0    0  7.6 18 320   M    M   0        23 320
29  92  58  75   7   0  10 0.00  0.0    0  6.2 14 320   M    M   1 18     18 290
================================================================================
SM 2273 1568        43  88  4.83     0.0 223.4          M       92
================================================================================
AV 78.4 54.1                               7.7 FASTST   M    M   3    MAX(MPH)
                                 MISC ---->  # 61 330               # 82  250
================================================================================
NOTES:
# LAST OF SEVERAL OCCURRENCES

COLUMN 17 PEAK WIND IN M.P.H.

PRELIMINARY LOCAL CLIMATOLOGICAL DATA (WS FORM: F-6) , PAGE 2

                                          STATION:  BISMARCK ND
                                          MONTH:    JUNE
                                          YEAR:     2015
                                          LATITUDE:   46 46 N
                                          LONGITUDE: 100 45 W

[TEMPERATURE DATA]      [PRECIPITATION DATA]       SYMBOLS USED IN COLUMN 16

AVERAGE MONTHLY: 66.2   TOTAL FOR MONTH:   4.83    1 = FOG OR MIST
DPTR FM NORMAL:   1.7   DPTR FM NORMAL:    1.76    2 = FOG REDUCING VISIBILITY
HIGHEST:    92 ON 29    GRTST 24HR  1.21 ON 21-22      TO 1/4 MILE OR LESS
LOWEST:     45 ON  4                               3 = THUNDER
                        SNOW, ICE PELLETS, HAIL    4 = ICE PELLETS
                        TOTAL MONTH:   0.0 INCH    5 = HAIL
                        GRTST 24HR     0.0         6 = FREEZING RAIN OR DRIZZLE
                        GRTST DEPTH:   0           7 = DUSTSTORM OR SANDSTORM:
                                                       VSBY 1/2 MILE OR LESS
                                                   8 = SMOKE OR HAZE
[NO. OF DAYS WITH]      [WEATHER - DAYS WITH]      9 = BLOWING SNOW
                                                   X = TORNADO
MAX 32 OR BELOW:   0    0.01 INCH OR MORE:  13
MAX 90 OR ABOVE:   2    0.10 INCH OR MORE:  10
MIN 32 OR BELOW:   0    0.50 INCH OR MORE:   4
MIN  0 OR BELOW:   0    1.00 INCH OR MORE:   0

[HDD (BASE 65) ]
TOTAL THIS MO.    43    CLEAR  (SCALE 0-3)  17
DPTR FM NORMAL   -48    PTCLDY (SCALE 4-7)  10
TOTAL FM JUL 1  8214    CLOUDY (SCALE 8-10)  2
DPTR FM NORMAL  -342

[CDD (BASE 65) ]
TOTAL THIS MO.    88
DPTR FM NORMAL    10    [PRESSURE DATA]
TOTAL FM JAN 1    94    HIGHEST SLP M ON M
DPTR FM NORMAL    -1    LOWEST  SLP 29.64 ON  9

[REMARKS]
