000
CXUS56 KBOI 281002
CF6BKE
PRELIMINARY LOCAL CLIMATOLOGICAL DATA (WS FORM: F-6)

                                          STATION:   BAKER OR
                                          MONTH:     MARCH
                                          YEAR:      2015
                                          LATITUDE:   44 50 N
                                          LONGITUDE: 117 49 W

  TEMPERATURE IN F:       :PCPN:    SNOW:  WIND      :SUNSHINE: SKY     :PK WND
================================================================================
1   2   3   4   5  6A  6B    7    8   9   10  11  12  13   14  15   16   17  18
                                     12Z  AVG MX 2MIN
DY MAX MIN AVG DEP HDD CDD  WTR  SNW DPTH SPD SPD DIR MIN PSBL S-S WX    SPD DR
================================================================================

 1  47  12  30  -4  35   0 0.00    M    M  6.0 15 100   M    M   0        22  70
 2  46  19  33  -1  32   0    T    M    M  9.2 29 330   M    M   3        35 330
 3  40  21  31  -3  34   0 0.00    M    M 15.0 28 330   M    M   1        32 330
 4  46   8  27  -7  38   0 0.00    M    M  1.5  8 360   M    M   0        13  50
 5  52  14  33  -2  32   0 0.00    M    M  2.1 10  90   M    M   0        17 110
 6  63  18  41   6  24   0 0.00    M    M  2.3 14  40   M    M   0        21  50
 7  63  24  44   9  21   0 0.00    M    M  3.7 15 330   M    M   0        18 320
 8  62  19  41   5  24   0 0.00    M    M  5.0 16 350   M    M   0        20 340
 9  65  16  41   5  24   0 0.00    M    M  2.3  9 250   M    M   0 8      12  40
10  66  20  43   7  22   0 0.00    M    M  6.4 23 100   M    M   0        29 100
11  61  39  50  13  15   0    T    M    M  7.7 23 160   M    M   8        30 160
12  62  27  45   8  20   0 0.00    M    M  2.6 12 280   M    M   3 12     14 270
13  63  21  42   5  23   0 0.00    M    M  8.8 24 100   M    M   1 12     29 100
14  59  49  54  17  11   0    T    M    M 14.1 26  90   M    M   8        34 100
15  67  43  55  17  10   0    T    M    M 16.4 29 140   M    M   5        39 130
16  55  39  47   9  18   0 0.09    M    M  5.9 16 160   M    M   4        19 160
17  54  39  47   9  18   0 0.04    M    M  6.2 22 340   M    M   8 1      27 350
18  56  26  41   3  24   0 0.00    M    M  5.9 15 320   M    M   2        19 320
19  64  20  42   3  23   0 0.00    M    M  4.9 18 110   M    M   2 128    23 110
20  63  25  44   5  21   0 0.00    M    M  5.8 18  70   M    M   0 1      22  70
21  61  28  45   6  20   0 0.00    M    M  6.0 20 180   M    M   1        24 240
22  63  23  43   4  22   0 0.25    M    M  5.3 18 250   M    M   7 1      26 120
23  49  33  41   1  24   0 0.07    M    M  8.4 23 230   M    M   6        28 220
24  50  26  38  -2  27   0 0.04    M    M 11.5 28 300   M    M   3        36 290
25  47  26  37  -3  28   0    T    M    M  4.9 18  40   M    M   7 1      22  40
26  65  24  45   5  20   0 0.00    M    M  4.1 17  70   M    M   2 12     22  70
27  70  29  50  10  15   0 0.00    M    M  7.4 22  70   M    M   1 12     27  70
================================================================================
SM 1559  688       625   0  0.49    M    179.4          M       72
================================================================================
AV 57.7 25.5                               6.6 FASTST   M    M   3    MAX(MPH)
                                 MISC ---->  # 29 330               # 39  130
================================================================================
NOTES:
# LAST OF SEVERAL OCCURRENCES

COLUMN 17 PEAK WIND IN M.P.H.

PRELIMINARY LOCAL CLIMATOLOGICAL DATA (WS FORM: F-6) , PAGE 2

                                          STATION:  BAKER OR
                                          MONTH:    MARCH
                                          YEAR:     2015
                                          LATITUDE:   44 50 N
                                          LONGITUDE: 117 49 W

[TEMPERATURE DATA]      [PRECIPITATION DATA]       SYMBOLS USED IN COLUMN 16

AVERAGE MONTHLY: 41.6   TOTAL FOR MONTH:   0.49    1 = FOG OR MIST
DPTR FM NORMAL:   4.4   DPTR FM NORMAL:   -0.22    2 = FOG REDUCING VISIBILITY
HIGHEST:    70 ON 27    GRTST 24HR  0.25 ON 22-22      TO 1/4 MILE OR LESS
LOWEST:      8 ON  4                               3 = THUNDER
                        SNOW, ICE PELLETS, HAIL    4 = ICE PELLETS
                        TOTAL MONTH:    M          5 = HAIL
                        GRTST 24HR    M  ON   M    6 = FREEZING RAIN OR DRIZZLE
                        GRTST DEPTH:  M  ON   M    7 = DUSTSTORM OR SANDSTORM:
                                                       VSBY 1/2 MILE OR LESS
                                                   8 = SMOKE OR HAZE
[NO. OF DAYS WITH]      [WEATHER - DAYS WITH]      9 = BLOWING SNOW
                                                   X = TORNADO
MAX 32 OR BELOW:   0    0.01 INCH OR MORE:   5
MAX 90 OR ABOVE:   0    0.10 INCH OR MORE:   1
MIN 32 OR BELOW:  21    0.50 INCH OR MORE:   0
MIN  0 OR BELOW:   0    1.00 INCH OR MORE:   0

[HDD (BASE 65) ]
TOTAL THIS MO.   625    CLEAR  (SCALE 0-3)  18
DPTR FM NORMAL  -127    PTCLDY (SCALE 4-7)   8
TOTAL FM JUL 1  5301    CLOUDY (SCALE 8-10)  1
DPTR FM NORMAL  -971

[CDD (BASE 65) ]
TOTAL THIS MO.     0
DPTR FM NORMAL     0    [PRESSURE DATA]
TOTAL FM JAN 1     0    HIGHEST SLP M ON M
DPTR FM NORMAL     0    LOWEST  SLP 29.74 ON  2

[REMARKS]
