000
CXUS53 KILX 270900
CF6BMI
PRELIMINARY LOCAL CLIMATOLOGICAL DATA (WS FORM: F-6)

                                          STATION:   BLOOMINGTON IL AIRPORT
                                          MONTH:     MARCH
                                          YEAR:      2017
                                          LATITUDE:   40 28 N
                                          LONGITUDE:  88 56 W

  TEMPERATURE IN F:       :PCPN:    SNOW:  WIND      :SUNSHINE: SKY     :PK WND
================================================================================
1   2   3   4   5  6A  6B    7    8   9   10  11  12  13   14  15   16   17  18
                                     12Z  AVG MX 2MIN
DY MAX MIN AVG DEP HDD CDD  WTR  SNW DPTH SPD SPD DIR MIN PSBL S-S WX    SPD DR
================================================================================

 1  57  31  44   M  21   0 0.09    M    M 23.0 30 300   M    M   8 13     45 290
 2  37  26  32   M  33   0 0.00    M    M 14.9 22 300   M    M   4        25 300
 3  37  19  28   M  37   0 0.00    M    M  8.5 15 330   M    M   3        22 320
 4  55  31  43   M  22   0 0.00    M    M 16.6 25 140   M    M   2        32 140
 5  60  36  48   M  17   0    T    M    M 19.2 28 190   M    M   7        36 200
 6  63  49  56   M   9   0    T    M    0 26.8 39 180   M    M  10 1      52 190
 7  64  39  52   M  13   0 0.39    M    M 18.1 35 190   M    M   3 13     52 190
 8  56  36  46   M  19   0 0.00    M    M 14.9 25 250   M    M   0        45 280
 9  52  29  41   M  24   0 0.00    M    M 13.2 17  10   M    M   2        22  70
10  36  26  31   M  34   0 0.00    M    M 15.6 24 350   M    M   3        32 350
11  32  20  26   M  39   0 0.00    M    M  9.5 13  30   M    M   6         M  M
12  37  19  28   M  37   0    T    M    M  6.4 15 150   M    M   3         M  M
13  33  27  30   M  35   0 0.19    M    M 12.7 17  30   M    M  10 1       M  M
14  27  16  22   M  43   0    T    M    M 15.3 20 340   M    M   4 1      23 340
15  34  11  23   M  42   0 0.00    M    M  9.5 15 320   M    M   0        22 300
16  44  14  29   M  36   0    T    M    M  9.8 17 180   M    M   2         M  M
17  59  37  48   M  17   0 0.07    M    M 13.4 16 210   M    M   7 1      18 270
18  42  35  39   M  26   0 0.00    M    M 14.4 23 300   M    M   9        39 310
19  55  29  42   M  23   0 0.00    M    M 10.7 18 170   M    M   1        21 160
20  65  39  52   M  13   0 0.02    M    M 14.4 21 170   M    M   4 13      M  M
21  53  30  42   M  23   0    T    M    M 11.9 23 340   M    M   3 1      31 340
22  41  25  33   M  32   0 0.00    M    M 16.0 23  70   M    M   1        29  50
23  47  29  38   M  27   0    T    M    M 16.2 25 170   M    M   6        33 150
24  78  45  62   M   3   0 0.04    M    M 17.7 32 200   M    M   3        40 200
25  63  45  54   M  11   0 0.57    M    M 10.9 21 190   M    M   9 13     25 190
26  57  48  53   M  12   0 0.01    M    M 11.6 21 200   M    M  10 1      20 240
================================================================================
SM 1284  791       648   0  1.38    M    371.2          M      120
================================================================================
AV 49.4 30.4                              14.3 FASTST   M    M   5    MAX(MPH)
                                 MISC ---->    39   M                 52    M
================================================================================
NOTES:
# LAST OF SEVERAL OCCURRENCES

COLUMN 17 PEAK WIND IN M.P.H.

PRELIMINARY LOCAL CLIMATOLOGICAL DATA (WS FORM: F-6) , PAGE 2

                                          STATION:  BLOOMINGTON IL AIRPORT
                                          MONTH:    MARCH
                                          YEAR:     2017
                                          LATITUDE:   40 28 N
                                          LONGITUDE:  88 56 W

[TEMPERATURE DATA]      [PRECIPITATION DATA]       SYMBOLS USED IN COLUMN 16

AVERAGE MONTHLY: 39.9   TOTAL FOR MONTH:   1.38    1 = FOG OR MIST
DPTR FM NORMAL:     M   DPTR FM NORMAL:       M    2 = FOG REDUCING VISIBILITY
HIGHEST:    78 ON 24    GRTST 24HR  0.57 ON 25-25      TO 1/4 MILE OR LESS
LOWEST:     11 ON 15                               3 = THUNDER
                        SNOW, ICE PELLETS, HAIL    4 = ICE PELLETS
                        TOTAL MONTH:    M          5 = HAIL
                        GRTST 24HR    M  ON   M    6 = FREEZING RAIN OR DRIZZLE
                        GRTST DEPTH:   0           7 = DUSTSTORM OR SANDSTORM:
                                                       VSBY 1/2 MILE OR LESS
                                                   8 = SMOKE OR HAZE
[NO. OF DAYS WITH]      [WEATHER - DAYS WITH]      9 = BLOWING SNOW
                                                   X = TORNADO
MAX 32 OR BELOW:   2    0.01 INCH OR MORE:   8
MAX 90 OR ABOVE:   0    0.10 INCH OR MORE:   3
MIN 32 OR BELOW:  16    0.50 INCH OR MORE:   1
MIN  0 OR BELOW:   0    1.00 INCH OR MORE:   0

[HDD (BASE 65) ]
TOTAL THIS MO.   648    CLEAR  (SCALE 0-3)  11
DPTR FM NORMAL     M    PTCLDY (SCALE 4-7)  10
TOTAL FM JUL 1  3952    CLOUDY (SCALE 8-10)  5
DPTR FM NORMAL     M

[CDD (BASE 65) ]
TOTAL THIS MO.     0
DPTR FM NORMAL     M    [PRESSURE DATA]
TOTAL FM JAN 1     0    HIGHEST SLP M ON M
DPTR FM NORMAL     M    LOWEST  SLP M ON M

[REMARKS]
