000
CXUS53 KILX 302300
CF6BMI
PRELIMINARY LOCAL CLIMATOLOGICAL DATA (WS FORM: F-6)

                                          STATION:   BLOOMINGTON IL AIRPORT
                                          MONTH:     JULY
                                          YEAR:      2014
                                          LATITUDE:   40 28 N
                                          LONGITUDE:  88 56 W

  TEMPERATURE IN F:       :PCPN:    SNOW:  WIND      :SUNSHINE: SKY     :PK WND
================================================================================
1   2   3   4   5  6A  6B    7    8   9   10  11  12  13   14  15   16   17  18
                                     12Z  AVG MX 2MIN
DY MAX MIN AVG DEP HDD CDD  WTR  SNW DPTH SPD SPD DIR MIN PSBL S-S WX    SPD DR
================================================================================

 1  80  65  73   M   0   8    M    M    M 11.2 18 240   M    M   2 3      30 250
 2  68  59  64   M   1   0    T    M    M  9.3 15 280   M    M   8         M  M
 3  75  58  67   M   0   2    T    M    M  8.4 13 340   M    M   6 1      17 330
 4  78  55  67   M   0   2 0.00    M    M  3.6  8  50   M    M   1        16  80
 5  75  56  66   M   0   1    M    M    M  8.7 16 200   M    M   2 1       M  M
 6  82  62  72   M   0   7    M    M    M 13.1 18 190   M    M   3        30 260
 7  87  70  79   M   0  14    T    M    M 10.8 18 220   M    M   5        23 230
 8  80  65  73   M   0   8    M    M    M 13.8 20 280   M    M   M 3      33 220
 9  78  62  70   M   0   5 0.00    M    M  9.9 17 310   M    M   1        20 300
10  80  57  69   M   0   4 0.00    M    M  5.1 12  60   M    M   M         M  M
11  81  57  69   M   0   4    T    M    M  8.2 14 160   M    M   M         M  M
12  86  69  78   M   0  13    M    M    M 14.0 17 210   M    M   4 13     25 200
13  83  69  76   M   0  11    M    M    M  6.3 13 240   M    M   3 13      M  M
14  80  60  70   M   0   5    M    M    M 10.3 22 310   M    M   M        38 280
15  67  53  60   M   5   0 0.00    M    M 12.2 20 310   M    M   3        25 330
16  73  52  63   M   2   0 0.00    M    M  6.2 12 350   M    M   2        18 350
17  76  52  64   M   1   0 0.00    M    M  5.5  9 240   M    M   M         M  M
18  82  56  69   M   0   4 0.00    M    M  5.5 12 100   M    M   M         M  M
19  77  55  66   M   0   1 0.00    M    M  3.4  8 130   M    M   M         M  M
20  78  57  68   M   0   3 0.00    M    M  4.7  8 170   M    M   M         M  M
21  86  60  73   M   0   8 0.00    M    M  8.1 14 170   M    M   M         M  M
22  85  64  75   M   0  10 0.00    M    M 10.2 18 210   M    M   1         M  M
23   M  56   M   M   M   M 0.00    M    M 13.6 24  40   M    M   3        25  60
24  76  53  65   M   0   0 0.00    M    M  9.4 14  40   M    M   1         M  M
25  68  55  62   M   3   0 0.09    M    M  9.2 17 200   M    M   4 1       M  M
26  79  65  72   M   0   7    T    M    M  9.8 15 240   M    M   5 138    18 240
27  84  66  75   M   0  10 0.03    M    M 13.4 25 300   0    0   0        39 300
28  71  56  64   M   1   0 0.00    M    M 11.7 17  10   M    M   2        23 330
29  77  55  66   M   0   1 0.00    M    M  9.4 14 290   M    M   1        22 270
================================================================================
SM 2192 1719        13 128  0.12    M    265.0            0     57
================================================================================
AV 78.3 59.3                               9.1 FASTST    0   0   3    MAX(MPH)
                                 MISC ---->    25   M                 39    M
================================================================================
NOTES:
# LAST OF SEVERAL OCCURRENCES

COLUMN 17 PEAK WIND IN M.P.H.

PRELIMINARY LOCAL CLIMATOLOGICAL DATA (WS FORM: F-6) , PAGE 2

                                          STATION:  BLOOMINGTON IL AIRPORT
                                          MONTH:    JULY
                                          YEAR:     2014
                                          LATITUDE:   40 28 N
                                          LONGITUDE:  88 56 W

[TEMPERATURE DATA]      [PRECIPITATION DATA]       SYMBOLS USED IN COLUMN 16

AVERAGE MONTHLY: 68.8   TOTAL FOR MONTH:   0.12    1 = FOG OR MIST
DPTR FM NORMAL:     M   DPTR FM NORMAL:       M    2 = FOG REDUCING VISIBILITY
HIGHEST:    87 ON  7    GRTST 24HR  0.09 ON 25-25      TO 1/4 MILE OR LESS
LOWEST:     52 ON 17,16                            3 = THUNDER
                        SNOW, ICE PELLETS, HAIL    4 = ICE PELLETS
                        TOTAL MONTH:    M          5 = HAIL
                        GRTST 24HR    M  ON   M    6 = FREEZING RAIN OR DRIZZLE
                        GRTST DEPTH:  M  ON   M    7 = DUSTSTORM OR SANDSTORM:
                                                       VSBY 1/2 MILE OR LESS
                                                   8 = SMOKE OR HAZE
[NO. OF DAYS WITH]      [WEATHER - DAYS WITH]      9 = BLOWING SNOW
                                                   X = TORNADO
MAX 32 OR BELOW:   0    0.01 INCH OR MORE:   2
MAX 90 OR ABOVE:   0    0.10 INCH OR MORE:   0
MIN 32 OR BELOW:   0    0.50 INCH OR MORE:   0
MIN  0 OR BELOW:   0    1.00 INCH OR MORE:   0

[HDD (BASE 65) ]
TOTAL THIS MO.    13    CLEAR  (SCALE 0-3)  12
DPTR FM NORMAL     M    PTCLDY (SCALE 4-7)   8
TOTAL FM JUL 1    13    CLOUDY (SCALE 8-10)  0
DPTR FM NORMAL     M

[CDD (BASE 65) ]
TOTAL THIS MO.   128
DPTR FM NORMAL     M    [PRESSURE DATA]
TOTAL FM JAN 1   461    HIGHEST SLP M ON M
DPTR FM NORMAL     M    LOWEST  SLP  0.00 ON 27

[REMARKS]
