000
CXUS54 KLZK 231330
CF6BPK
PRELIMINARY LOCAL CLIMATOLOGICAL DATA (WS FORM: F-6)

                                          STATION:   Mountain Home Airport
                                          MONTH:     MAY
                                          YEAR:      2015
                                          LATITUDE:   36 22 N
                                          LONGITUDE:  92 28 W

  TEMPERATURE IN F:       :PCPN:    SNOW:  WIND      :SUNSHINE: SKY     :PK WND
================================================================================
1   2   3   4   5  6A  6B    7    8   9   10  11  12  13   14  15   16   17  18
                                     12Z  AVG MX 2MIN
DY MAX MIN AVG DEP HDD CDD  WTR  SNW DPTH SPD SPD DIR MIN PSBL S-S WX    SPD DR
================================================================================

 1  73  42  58  -5   7   0 0.00  0.0    0  3.7  8 100   M    M   0        12  80
 2  78  43  61  -2   4   0 0.00  0.0    0  3.4 10 130   M    M   0        15 130
 3  82  55  69   5   0   4 0.00  0.0    0  5.9 15 190   M    M   1        24 180
 4  82  59  71   7   0   6 0.00  0.0    0  5.3 15 170   M    M   1        26 190
 5  82  58  70   6   0   5 0.00  0.0    0  6.1 16 160   M    M   2        21 160
 6  81  62  72   8   0   7    T  0.0    0  6.2 16 170   M    M   3        25 150
 7  81  63  72   7   0   7    T  0.0    0  5.4 15 190   M    M   5 3      21 200
 8  76  65  71   6   0   6 0.67  0.0    0  5.0 13 200   M    M   6 13     16 190
 9  75  63  69   4   0   4 0.38  0.0    0  5.9 14 190   M    M   7 123    20 210
10  76  61  69   4   0   4 1.65  0.0    0  6.8 18 230   M    M   5 13     35 220
11  72  53  63  -3   2   0 0.85  0.0    0  4.0 13 300   M    M   5 13     20 280
12  69  47  58  -8   7   0 0.00  0.0    0  2.1  8 330   M    M   0        15  30
13  73  44  59  -7   6   0    T  0.0    0  6.8 15 100   M    M   4        24 110
14  78  57  68   2   0   3 0.12  0.0    0  7.1 16 160   M    M   6 1      21 200
15  80  63  72   5   0   7 0.51  0.0    0  5.4 13 160   M    M   4 13     19 180
16  81  67  74   7   0   9 0.14  0.0    0  7.7 15 180   M    M   5 1      22 140
17  78  62  70   3   0   5 1.08  0.0    0  5.7 16 130   M    M   5 13     25 180
18  84  63  74   7   0   9 0.00  0.0    0  2.4 10  40   M    M   3 12     15  50
19  74  56  65  -3   0   0 0.00  0.0    0  4.7 12 120   M    M   4        17 110
20  67  53  60  -8   5   0 0.58  0.0    0  6.3 15 100   M    M  10 1      23 320
21  65  48  57 -11   8   0 0.00  0.0    0  3.6 10  70   M    M   5        16  30
22  68  45  57 -11   8   0 0.00  0.0    0  4.0 12 150   M    M   2 1      15 100
================================================================================
SM 1675 1229        47  76  5.98     0.0 113.5          M       83
================================================================================
AV 76.1 55.9                               5.2 FASTST   M    M   4    MAX(MPH)
                                 MISC ---->  # 18 230               # 35  220
================================================================================
NOTES:
# LAST OF SEVERAL OCCURRENCES

COLUMN 17 PEAK WIND IN M.P.H.

PRELIMINARY LOCAL CLIMATOLOGICAL DATA (WS FORM: F-6) , PAGE 2

                                          STATION:  Mountain Home Airport
                                          MONTH:    MAY
                                          YEAR:     2015
                                          LATITUDE:   36 22 N
                                          LONGITUDE:  92 28 W

[TEMPERATURE DATA]      [PRECIPITATION DATA]       SYMBOLS USED IN COLUMN 16

AVERAGE MONTHLY: 66.0   TOTAL FOR MONTH:   5.98    1 = FOG OR MIST
DPTR FM NORMAL:   0.3   DPTR FM NORMAL:    2.61    2 = FOG REDUCING VISIBILITY
HIGHEST:    84 ON 18    GRTST 24HR  1.65 ON 10-10      TO 1/4 MILE OR LESS
LOWEST:     42 ON  1                               3 = THUNDER
                        SNOW, ICE PELLETS, HAIL    4 = ICE PELLETS
                        TOTAL MONTH:   0.0 INCH    5 = HAIL
                        GRTST 24HR     0.0         6 = FREEZING RAIN OR DRIZZLE
                        GRTST DEPTH:   0           7 = DUSTSTORM OR SANDSTORM:
                                                       VSBY 1/2 MILE OR LESS
                                                   8 = SMOKE OR HAZE
[NO. OF DAYS WITH]      [WEATHER - DAYS WITH]      9 = BLOWING SNOW
                                                   X = TORNADO
MAX 32 OR BELOW:   0    0.01 INCH OR MORE:   9
MAX 90 OR ABOVE:   0    0.10 INCH OR MORE:   9
MIN 32 OR BELOW:   0    0.50 INCH OR MORE:   6
MIN  0 OR BELOW:   0    1.00 INCH OR MORE:   2

[HDD (BASE 65) ]
TOTAL THIS MO.    47    CLEAR  (SCALE 0-3)   9
DPTR FM NORMAL    -5    PTCLDY (SCALE 4-7)  12
TOTAL FM JUL 1  4186    CLOUDY (SCALE 8-10)  1
DPTR FM NORMAL   400

[CDD (BASE 65) ]
TOTAL THIS MO.    76
DPTR FM NORMAL     7    [PRESSURE DATA]
TOTAL FM JAN 1   107    HIGHEST SLP M ON M
DPTR FM NORMAL    -4    LOWEST  SLP 29.86 ON 16

[REMARKS]
