000
CXUS55 KDVN 011100
CF6BRL
PRELIMINARY LOCAL CLIMATOLOGICAL DATA (WS FORM: F-6)

                                          STATION:   BURLINGTON IA
                                          MONTH:     AUGUST
                                          YEAR:      2014
                                          LATITUDE:   40 46 N
                                          LONGITUDE:  91  7 W

  TEMPERATURE IN F:       :PCPN:    SNOW:  WIND      :SUNSHINE: SKY     :PK WND
================================================================================
1   2   3   4   5  6A  6B    7    8   9   10  11  12  13   14  15   16   17  18
                                     12Z  AVG MX 2MIN
DY MAX MIN AVG DEP HDD CDD  WTR  SNW DPTH SPD SPD DIR MIN PSBL S-S WX    SPD DR
================================================================================

 1  83  62  73  -3   0   8 0.50    M    M  2.9 21 120   M    M   5 13     27 110
 2  83  58  71  -5   0   6 0.00    M    M  1.8  8  60   M    M   1 128    10 180
 3  83  59  71  -5   0   6 0.00    M    M  3.0  9 190   M    M   1 12     13 170
 4  85  65  75  -1   0  10 0.17    M    M  4.2 16 260   M    M   4 13     24 250
 5  79  65  72  -4   0   7    T    M    M  5.1  9 360   M    M   5 128    13  30
 6  75  65  70  -6   0   5 0.08    M    M  4.1 13  80   M    M   4 1      16  70
 7  72  66  69  -7   0   4 0.42    M    M 10.3 15 110   M    M   9 1      23 110
 8  77  67  72  -4   0   7 0.00    M    M  8.4 16  40   M    M   9        23  40
 9  80  67  74  -2   0   9 0.00    M    M  6.9 13 110   M    M  10        17  90
10  78  66  72  -4   0   7 0.05    M    M  5.4 13  30   M    M   8 18     17  10
11  80  63  72  -4   0   7    T    M    M  8.0 20 330   M    M   3 1      28 340
12  77  59  68  -8   0   3 0.00    M    M  9.6 21 340   M    M   1        28 340
13  82  51  67  -9   0   2 0.00    M    M  4.1 10 310   M    M   1        14 310
14  82  59  71  -5   0   6 0.00    M    M  4.4  9  60   M    M   1 18     16  10
15  72  62  67  -8   0   2    T    M    M  5.7  9 130   M    M   5        13 140
16  73  67  70  -5   0   5 0.08    M    M  7.6 20 180   M    M   9 1      24 170
17  78  64  71  -4   0   6    T    M    M  6.5 12  20   M    M   8 128    16  20
18  83  62  73  -2   0   8 0.00    M    M  4.4 12 190   M    M   6 128    14 190
19  85  66  76   1   0  11 0.82    M    M  5.4 23 220   M    M   1 13     29 220
20  82  64  73  -2   0   8 0.74    M    M  5.7 25 330   M    M   2 123    33 320
21  88  72  80   5   0  15 0.25    M    M  7.2 23 200   M    M   1 13     29 190
22  87  74  81   6   0  16 0.47    M    M  5.3 20 180   M    M   4 13     23 180
23  83  72  78   4   0  13 0.75    M    M  6.2 28 280   M    M   2 13     36 280
24  92  73  83   9   0  18 0.00    M    M  5.8 13 190   M    M   3 12     16 170
25  93  77  85  11   0  20 0.00    M    M  6.2 14 180   M    M   1 18     18 180
26  86  71  79   5   0  14 0.00    M    M  6.6 23 350   M    M   1 18     31 350
27  80  70  75   1   0  10 0.05    M    M  6.3 12  40   M    M   3 13     13  50
28  83  68  76   2   0  11 1.38    M    M  7.8 21 330   M    M   5 13     27 300
29  88  70  79   6   0  14 0.32    M    M  9.6 18 270   M    M   2 13     26 260
30  83  66  75   2   0  10 0.13    M    M  5.7 15 210   M    M   3 1      20 210
31  87  64  76   3   0  11 0.00    M    M  6.4 16 160   M    M   0 12     22 150
================================================================================
SM 2539 2034         0 279  6.21    M    186.6          M      118
================================================================================
AV 81.9 65.6                               6.0 FASTST   M    M   4    MAX(MPH)
                                 MISC ---->  # 28 280               # 36  280
================================================================================
NOTES:
# LAST OF SEVERAL OCCURRENCES

COLUMN 17 PEAK WIND IN M.P.H.

PRELIMINARY LOCAL CLIMATOLOGICAL DATA (WS FORM: F-6) , PAGE 2

                                          STATION:  BURLINGTON IA
                                          MONTH:    AUGUST
                                          YEAR:     2014
                                          LATITUDE:   40 46 N
                                          LONGITUDE:  91  7 W

[TEMPERATURE DATA]      [PRECIPITATION DATA]       SYMBOLS USED IN COLUMN 16

AVERAGE MONTHLY: 73.8   TOTAL FOR MONTH:   6.21    1 = FOG OR MIST
DPTR FM NORMAL:  -1.3   DPTR FM NORMAL:    1.94    2 = FOG REDUCING VISIBILITY
HIGHEST:    93 ON 25    GRTST 24HR  1.38 ON 28-28      TO 1/4 MILE OR LESS
LOWEST:     51 ON 13                               3 = THUNDER
                        SNOW, ICE PELLETS, HAIL    4 = ICE PELLETS
                        TOTAL MONTH:    M          5 = HAIL
                        GRTST 24HR    M  ON   M    6 = FREEZING RAIN OR DRIZZLE
                        GRTST DEPTH:  M  ON   M    7 = DUSTSTORM OR SANDSTORM:
                                                       VSBY 1/2 MILE OR LESS
                                                   8 = SMOKE OR HAZE
[NO. OF DAYS WITH]      [WEATHER - DAYS WITH]      9 = BLOWING SNOW
                                                   X = TORNADO
MAX 32 OR BELOW:   0    0.01 INCH OR MORE:  15
MAX 90 OR ABOVE:   2    0.10 INCH OR MORE:  11
MIN 32 OR BELOW:   0    0.50 INCH OR MORE:   5
MIN  0 OR BELOW:   0    1.00 INCH OR MORE:   1

[HDD (BASE 65) ]
TOTAL THIS MO.     0    CLEAR  (SCALE 0-3)  16
DPTR FM NORMAL    -3    PTCLDY (SCALE 4-7)  10
TOTAL FM JUL 1     7    CLOUDY (SCALE 8-10)  5
DPTR FM NORMAL     3

[CDD (BASE 65) ]
TOTAL THIS MO.   279
DPTR FM NORMAL   -35    [PRESSURE DATA]
TOTAL FM JAN 1   854    HIGHEST SLP 30.18 ON  3
DPTR FM NORMAL  -189    LOWEST  SLP 29.72 ON 19

[REMARKS]
#FINAL-08-14#
