000
CXAK56 PABR 011909
CF6BRW

PRELIMINARY LOCAL CLIMATOLOGICAL DATA (WS FORM: F-6)

                                          STATION:   BARROW
                                          MONTH:     04
                                          YEAR:      2016
                                          LATITUDE:   71 17 N
                                          LONGITUDE: 156 46 W

  TEMPERATURE IN F:       :PCPN:    SNOW:  WIND      :SUNSHINE: SKY     :PK WND
================================================================================
1   2   3   4   5  6A  6B    7     8   9   10  11  12  13   14  15   16  17  18
                                      12Z  AVG MX 2MIN
DY MAX MIN AVG DEP HDD CDD  WTR   SNW DPTH SPD SPD DIR MIN PSBL S-S WX   SPD DR
================================================================================

 1 -12 -22 -17  -9  82   0  0.00  0.0   6 11.8 16   50   M    M   M 8    21  50
 2 -10 -19 -14  -7  79   0  0.00  0.0   6 17.9 23   60   M    M   M 8    28  60
 3  -1 -17  -9  -2  74   0  0.00  0.0   6 22.2 31   80   M    M   M 189  33  80
 4   4  -4   0   6  65   0  0.00  0.0   6 26.6 35  100   M    M   M 19   41 100
 5   9  -1   4   9  61   0  0.00  0.0   6 25.0 30   80   M    M   M 9    37  80
 6   9   1   5  10  60   0  0.00  0.0   6 26.2 31   80   M    M   M 9    37  80
 7  10   2   6  10  59   0  0.00  0.0   6 26.1 36   70   M    M   M 19   43  80
 8   9   1   5   8  60   0  0.00  0.0   6 25.0 33   70   M    M   M 89   39  60
 9  11   1   6   9  59   0     T    T   6 26.3 35   80   M    M   M 189  41  80
10  16   7  12  14  53   0  0.01  0.1   6 31.6 40   80   M    M   M 9    47  80
11  18  13  16  17  49   0  0.00  0.0   6 28.6 37   80   M    M   M 19   43  80
12  17   7  12  13  53   0     T    T   0 20.5 28   80   M    M   M 19   34  80
13  16   6  11  11  54   0  0.00  0.0   6 21.9 32   80   M    M   M 9    38  80
14  17   5  11  10  54   0  0.00  0.0   6 23.1 33   70   M    M   M 9    39  70
15   9   4   7   6  58   0  0.01  0.3   6 19.3 26   80   M    M   M 19   30  80
16   7   2   5   3  60   0     T    T   6 12.3 20   60   M    M   M 1    23  50
17   5   1   3   0  62   0     T  0.1   6 12.0 20   70   M    M   M 1    22  70
18   7  -2   3   0  62   0  0.00  0.0   6 14.5 20   50   M    M   M 1    23  50
19  16   4  10   6  55   0  0.02  0.2   6 18.8 26   80   M    M   M 19   30  80
20  16   9  13   8  52   0     T    T   6 23.3 31   80   M    M   M 19   35  80
21  21   8  15   9  50   0     T    T   6 22.1 32   80   M    M   M 19   37  70
22  22  12  17  11  48   0  0.00  0.0   6 20.8 28   70   M    M   M      31  70
23  20  16  18  11  47   0     T    T   6 12.9 22   80   M    M   M 1    25  70
24  23  19  21  13  44   0     T  0.1   6  1.9  7  320   M    M   M       9 330
25  24  19  22  14  43   0     T  0.1   6  7.8 14   60   M    M   M 18   16  60
26  26  23  25  16  40   0  0.01  0.1   6 13.6 21   80   M    M   M 16   24  80
27  26  23  25  15  40   0     T    T   5 10.2 16   70   M    M   M 16   19  70
28  29  23  26  16  39   0     T    T   4  7.8 10   30   M    M   M 1    12  10
29  29  26  28  17  37   0     T    T   4  7.1 13   70   M    M   M 16   14  70
30  29  26  28  16  37   0  0.02  0.2   4  9.4 14   70   M    M   M 2    15  60
================================================================================
SM  422  193      1636   0  0.07  1.2    546.6           M        M
================================================================================
AV 14.1  6.4                             18.2 FASTST  PSBL  %   M    MAX(MPH)
                                 MISC ---->     40   80                 47  80
================================================================================
NOTES:
# LAST OF SEVERAL OCCURRENCES

COLUMN 17 PEAK WIND IN M.P.H.

PRELIMINARY LOCAL CLIMATOLOGICAL DATA (WS FORM: F-6) , PAGE 2

                                          STATION:   BARROW
                                          MONTH:     04
                                          YEAR:      2016
                                          LATITUDE:  71 17 N
                                          LONGITUDE: 156 46 W

[TEMPERATURE DATA]      [PRECIPITATION DATA]       SYMBOLS USED IN COLUMN 16

AVERAGE MONTHLY:10.3   TOTAL FOR MONTH: 0.07       1 = FOG
DPTR FM NORMAL:  8.5   DPTR FM NORMAL: -0.09       2 = FOG REDUCING VISIBILITY
HIGHEST:    29 ON 30    GRTST 24HR   0.02 ON 30        TO 1/4 MILE OR LESS
LOWEST:    -22 ON  1                               3 = THUNDER
                        SNOW, ICE PELLETS, HAIL    4 = ICE PELLETS
                        TOTAL MONTH:  1.2 INCHES  5 = HAIL
                        GRTST 24HR   0.3 ON 15     6 = GLAZE OR RIME
                        GRTST DEPTH:    6 ON 26    7 = BLOWING DUST OR SAND:
                                                       VSBY 1/2 MILE OR LESS
                                                   8 = SMOKE OR HAZE
[NO. OF DAYS WITH]      [WEATHER - DAYS WITH]      9 = BLOWING SNOW
                                                   X = TORNADO
MAX 32 OR BELOW:  30    0.01 INCH OR MORE:   5
MAX 70 OR ABOVE:   0    0.10 INCH OR MORE:   0
MIN 32 OR BELOW:  30    0.50 INCH OR MORE:   0
MIN  0 OR BELOW:   6    1.00 INCH OR MORE:   0

[HDD (BASE 65) ]
TOTAL THIS MO.  1637    CLEAR  (SCALE 0-3)   M
DPTR FM NORMAL  -258    PTCLDY (SCALE 4-7)   M
SEASONAL TOTAL 16029    CLOUDY (SCALE 8-10)  M
DPTR FM NORMAL -1118

[CDD (BASE 65) ]
TOTAL THIS MO.     0
DPTR FM NORMAL     0    [PRESSURE DATA]
SEASONAL TOTAL     0    HIGHEST SLP     M
DPTR FM NORMAL     0    LOWEST  SLP     M

[REMARKS]
#FINAL-04-16#
