000
CXUS53 KGRR 191017
CF6BTL
PRELIMINARY LOCAL CLIMATOLOGICAL DATA (WS FORM: F-6)

                                          STATION:   BATTLE CREEK
                                          MONTH:     SEPTEMBER
                                          YEAR:      2017
                                          LATITUDE:   42 17 N
                                          LONGITUDE:  85 14 W

  TEMPERATURE IN F:       :PCPN:    SNOW:  WIND      :SUNSHINE: SKY     :PK WND
================================================================================
1   2   3   4   5  6A  6B    7    8   9   10  11  12  13   14  15   16   17  18
                                     12Z  AVG MX 2MIN
DY MAX MIN AVG DEP HDD CDD  WTR  SNW DPTH SPD SPD DIR MIN PSBL S-S WX    SPD DR
================================================================================

 1  70  48  59  -8   6   0 0.00    M    M  8.3 20  80   M    M   0        25  70
 2  79  44  62  -5   3   0 0.04    M    M  6.7 15 310   M    M   1        19 310
 3  80  54  67   1   0   2 0.00    M    M  8.5 22 270   M    M   4        25 270
 4  86  56  71   5   0   6 0.04    M    M 12.1 28 250   M    M   4 3      34 250
 5  71  49  60  -6   5   0    T    M    M 10.5 24 300   M    M   4        30 270
 6  67  45  56  -9   9   0 0.03    M    M  4.7 17 310   M    M   4        22 300
 7  63  46  55 -10  10   0 0.07    M    M  6.4 17 250   M    M   6        20 260
 8  70  51  61  -4   4   0 0.01    M    M  4.4 13  30   M    M   5        16  20
 9  69  44  57  -7   8   0 0.00    M    M  5.4 14  70   M    M   0        19  60
10  71  41  56  -8   9   0 0.00    M    M  3.6 12  30   M    M   0        16  50
11  75  44  60  -4   5   0 0.00    M    M  3.0 10 120   M    M   0        13 130
12  80  46  63   0   2   0 0.00    M    M  4.9 14  30   M    M   0        18  10
13  72  53  63   0   2   0 0.03    M    M  3.5 14 180   M    M   6 1      16 180
14  80  54  67   5   0   2 0.00    M    M  2.8  8 210   M    M   5 12     14 230
15  82  53  68   6   0   3 0.00    M    M  4.8 14 170   M    M   0 1      17 150
16  85  59  72  10   0   7 0.00    M    M  7.2 15 160   M    M   1        19 150
17  88  63  76  15   0  11 0.01    M    M  6.7 16 190   M    M   3 3      24 210
18  80  60  70   9   0   5 0.00  0.0    0  4.6  9 110   M    M   3 18     17  30
================================================================================
SM 1368  910        63  36  0.23     0.0 108.1          M       46
================================================================================
AV 76.0 50.6                               6.0 FASTST   M    M   3    MAX(MPH)
                                 MISC ---->  # 28 250               # 34  250
================================================================================
NOTES:
# LAST OF SEVERAL OCCURRENCES

COLUMN 17 PEAK WIND IN M.P.H.

PRELIMINARY LOCAL CLIMATOLOGICAL DATA (WS FORM: F-6) , PAGE 2

                                          STATION:  BATTLE CREEK
                                          MONTH:    SEPTEMBER
                                          YEAR:     2017
                                          LATITUDE:   42 17 N
                                          LONGITUDE:  85 14 W

[TEMPERATURE DATA]      [PRECIPITATION DATA]       SYMBOLS USED IN COLUMN 16

AVERAGE MONTHLY: 63.3   TOTAL FOR MONTH:   0.23    1 = FOG OR MIST
DPTR FM NORMAL:  -0.8   DPTR FM NORMAL:   -1.93    2 = FOG REDUCING VISIBILITY
HIGHEST:    88 ON 17    GRTST 24HR  0.07 ON  7- 7      TO 1/4 MILE OR LESS
LOWEST:     41 ON 10                               3 = THUNDER
                        SNOW, ICE PELLETS, HAIL    4 = ICE PELLETS
                        TOTAL MONTH:   0.0 INCH    5 = HAIL
                        GRTST 24HR     0.0         6 = FREEZING RAIN OR DRIZZLE
                        GRTST DEPTH:   0           7 = DUSTSTORM OR SANDSTORM:
                                                       VSBY 1/2 MILE OR LESS
                                                   8 = SMOKE OR HAZE
[NO. OF DAYS WITH]      [WEATHER - DAYS WITH]      9 = BLOWING SNOW
                                                   X = TORNADO
MAX 32 OR BELOW:   0    0.01 INCH OR MORE:   7
MAX 90 OR ABOVE:   0    0.10 INCH OR MORE:   0
MIN 32 OR BELOW:   0    0.50 INCH OR MORE:   0
MIN  0 OR BELOW:   0    1.00 INCH OR MORE:   0

[HDD (BASE 65) ]
TOTAL THIS MO.    63    CLEAR  (SCALE 0-3)   9
DPTR FM NORMAL     2    PTCLDY (SCALE 4-7)   9
TOTAL FM JUL 1    83    CLOUDY (SCALE 8-10)  0
DPTR FM NORMAL   -19

[CDD (BASE 65) ]
TOTAL THIS MO.    36
DPTR FM NORMAL    -8    [PRESSURE DATA]
TOTAL FM JAN 1   623    HIGHEST SLP M ON M
DPTR FM NORMAL    61    LOWEST  SLP 29.63 ON  4

[REMARKS]
