000
CXUS55 KMSO 210900
CF6BTM
PRELIMINARY LOCAL CLIMATOLOGICAL DATA (WS FORM: F-6)

                                          STATION:   BUTTE MT
                                          MONTH:     FEBRUARY
                                          YEAR:      2018
                                          LATITUDE:   45 57 N
                                          LONGITUDE: 112 30 W

  TEMPERATURE IN F:       :PCPN:    SNOW:  WIND      :SUNSHINE: SKY     :PK WND
================================================================================
1   2   3   4   5  6A  6B    7    8   9   10  11  12  13   14  15   16   17  18
                                     12Z  AVG MX 2MIN
DY MAX MIN AVG DEP HDD CDD  WTR  SNW DPTH SPD SPD DIR MIN PSBL S-S WX    SPD DR
================================================================================

 1  33  -1  16  -4  49   0 0.00    M    M  3.4 10 260   M    M   7        14 240
 2  46  25  36  16  29   0 0.02    M    M  5.4 20 280   M    M   9 1      27 280
 3  43  33  38  18  27   0 0.06    M    M 10.4 30 260   M    M   9 1      42 260
 4  44  28  36  16  29   0 0.15    M    M  4.7 18 290   M    M   9 1      26 270
 5  39  29  34  14  31   0 0.01    M    M  4.1 17 320   M    M  10 1      21 300
 6  38  26  32  11  33   0 0.01    M    M  5.8 18 310   M    M   9 1      25 310
 7  44  32  38  17  27   0 0.00    M    M  7.2 17 250   M    M  10        25 240
 8  46  20  33  12  32   0 0.00    M    M 10.2 22 170   M    M   9        28 280
 9  21   1  11 -10  54   0 0.17    M    M  4.6 17 160   M    M   9 18     20 290
10  19  -5   7 -14  58   0 0.01    M    M  2.2  8 330   M    M   3 18      9 310
11  24  -7   9 -12  56   0    T    M    0  3.9 14 300   M    M   4 18     18 310
12  13 -16  -1 -22  66   0    T    M    M  3.6 12 320   M    M   2 18     13 320
13  29 -14   8 -13  57   0    T    M    M  2.1 14 200   M    M   1        15 200
14  36  16  26   4  39   0    T    M    M  6.2 14 330   M    M   6        20 250
15  26   6  16  -6  49   0 0.01    M    M  4.2 20 330   M    M   6 18     23 340
16  30   9  20  -2  45   0 0.03    M    M  8.8 18 360   M    M   9 128    27 250
17  34  12  23   1  42   0 0.07    M    M   M   7 160   M    M   M 1       8 150
18  34  -3  16  -6  49   0 0.13    M    M  6.6 30 270   M    M  10 18     46 270
19   4 -24 -10 -33  75   0    T    M    M  2.7 10 290   M    M   7 18     12 290
20   6 -30 -12 -35  77   0    T    M    M  2.8  8 170   M    M   2 8       9 160
================================================================================
SM  609  137       924   0  0.67    M     98.9          M      131
================================================================================
AV 30.5  6.9                               5.2 FASTST   M    M   7    MAX(MPH)
                                 MISC ---->  # 30 260               # 46  270
================================================================================
NOTES:
# LAST OF SEVERAL OCCURRENCES

COLUMN 17 PEAK WIND IN M.P.H.

PRELIMINARY LOCAL CLIMATOLOGICAL DATA (WS FORM: F-6) , PAGE 2

                                          STATION:  BUTTE MT
                                          MONTH:    FEBRUARY
                                          YEAR:     2018
                                          LATITUDE:   45 57 N
                                          LONGITUDE: 112 30 W

[TEMPERATURE DATA]      [PRECIPITATION DATA]       SYMBOLS USED IN COLUMN 16

AVERAGE MONTHLY: 18.7   TOTAL FOR MONTH:   0.67    1 = FOG OR MIST
DPTR FM NORMAL:  -2.6   DPTR FM NORMAL:    0.38    2 = FOG REDUCING VISIBILITY
HIGHEST:    46 ON  8, 2 GRTST 24HR  0.21 ON  3- 4      TO 1/4 MILE OR LESS
LOWEST:    -30 ON 20                               3 = THUNDER
                        SNOW, ICE PELLETS, HAIL    4 = ICE PELLETS
                        TOTAL MONTH:    M          5 = HAIL
                        GRTST 24HR    M  ON   M    6 = FREEZING RAIN OR DRIZZLE
                        GRTST DEPTH:   0           7 = DUSTSTORM OR SANDSTORM:
                                                       VSBY 1/2 MILE OR LESS
                                                   8 = SMOKE OR HAZE
[NO. OF DAYS WITH]      [WEATHER - DAYS WITH]      9 = BLOWING SNOW
                                                   X = TORNADO
MAX 32 OR BELOW:   9    0.01 INCH OR MORE:  11
MAX 90 OR ABOVE:   0    0.10 INCH OR MORE:   3
MIN 32 OR BELOW:  19    0.50 INCH OR MORE:   0
MIN  0 OR BELOW:   8    1.00 INCH OR MORE:   0

[HDD (BASE 65) ]
TOTAL THIS MO.   924    CLEAR  (SCALE 0-3)   4
DPTR FM NORMAL    49    PTCLDY (SCALE 4-7)   5
TOTAL FM JUL 1  6055    CLOUDY (SCALE 8-10) 10
DPTR FM NORMAL  -191

[CDD (BASE 65) ]
TOTAL THIS MO.     0
DPTR FM NORMAL     0    [PRESSURE DATA]
TOTAL FM JAN 1     0    HIGHEST SLP M ON M
DPTR FM NORMAL     0    LOWEST  SLP 29.48 ON 17

[REMARKS]
