000
CXAK56 PAFG 191330
CF6BTT
PRELIMINARY LOCAL CLIMATOLOGICAL DATA (WS FORM: F-6)

                                          STATION:   BETTLES AK
                                          MONTH:     OCTOBER
                                          YEAR:      2017
                                          LATITUDE:   66 55 N
                                          LONGITUDE: 151 31 W

  TEMPERATURE IN F:       :PCPN:    SNOW:  WIND      :SUNSHINE: SKY     :PK WND
================================================================================
1   2   3   4   5  6A  6B    7    8   9   10  11  12  13   14  15   16   17  18
                                     12Z  AVG MX 2MIN
DY MAX MIN AVG DEP HDD CDD  WTR  SNW DPTH SPD SPD DIR MIN PSBL S-S WX    SPD DR
================================================================================

 1  46  34  40   8  25   0 0.00  0.0    0  5.0 13  30   M    M   9        17  30
 2  46  34  40   9  25   0 0.06  0.0    0  5.7 14  20   M    M   8        18  10
 3  48  35  42  12  23   0 0.01  0.0    0  3.2  8  30   M    M  10 1      11  30
 4  46  37  42  13  23   0 0.07  0.0    0  3.4 12  20   M    M  10        15  20
 5  46  35  41  13  24   0 0.02  0.0    0  2.5  8  20   M    M   9        12  20
 6  41  28  35   7  30   0 0.00  0.0    0  2.9  8 140   M    M   7 12     10 140
 7  40  26  33   6  32   0 0.00  0.0    0  4.6  9  10   M    M   6        12  20
 8  44  31  38  12  27   0 0.00  0.0    0  6.5 12 310   M    M   9        17 330
 9  34  21  28   3  37   0 0.12  0.7    0  3.7  8 140   M    M   7 1      11 140
10  35  28  32   8  33   0 0.19  1.0    1  3.3  8 180   M    M  10 1      11 150
11  39  31  35  12  30   0    T  0.0    0  3.7  9 220   M    M   8 18     13 220
12  36  23  30   8  35   0 0.13  1.5    2  8.9 15  40   M    M   7 1      22  50
13  34  26  30   8  35   0 0.19  2.7    3  1.0  8  40   M    M   9 1      11  40
14  32  27  30   9  35   0 0.01  0.1    3  1.4  6 360   M    M  10 1       8 360
15  27  23  25   5  40   0    T    T    3  1.8  6 320   M    M  10 1       8 330
16  26  17  22   3  43   0 0.00    T    3  3.2  8  10   M    M   9 1      10  20
17  18   2  10  -8  55   0 0.01  0.2    3  5.5 12  30   M    M   8 1      13  30
18  19  -4   8  -9  57   0    T  0.1    3  1.3  7 360   M    M   6 1       9 360
================================================================================
SM  657  454       609   0  0.81     6.3  67.6          M      152
================================================================================
AV 36.5 25.2                               3.8 FASTST   M    M   8    MAX(MPH)
                                 MISC ---->  # 15  40               # 22   50
================================================================================
NOTES:
# LAST OF SEVERAL OCCURRENCES

COLUMN 17 PEAK WIND IN M.P.H.

PRELIMINARY LOCAL CLIMATOLOGICAL DATA (WS FORM: F-6) , PAGE 2

                                          STATION:  BETTLES AK
                                          MONTH:    OCTOBER
                                          YEAR:     2017
                                          LATITUDE:   66 55 N
                                          LONGITUDE: 151 31 W

[TEMPERATURE DATA]      [PRECIPITATION DATA]       SYMBOLS USED IN COLUMN 16

AVERAGE MONTHLY: 30.9   TOTAL FOR MONTH:   0.81    1 = FOG OR MIST
DPTR FM NORMAL:   6.3   DPTR FM NORMAL:    0.13    2 = FOG REDUCING VISIBILITY
HIGHEST:    48 ON  3    GRTST 24HR  0.19 ON 13-13      TO 1/4 MILE OR LESS
LOWEST:     -4 ON 18                               3 = THUNDER
                        SNOW, ICE PELLETS, HAIL    4 = ICE PELLETS
                        TOTAL MONTH:   6.3 INCHES  5 = HAIL
                        GRTST 24HR   2.7 ON 13-13  6 = FREEZING RAIN OR DRIZZLE
                        GRTST DEPTH:   3 ON 18,17  7 = DUSTSTORM OR SANDSTORM:
                                                       VSBY 1/2 MILE OR LESS
                                                   8 = SMOKE OR HAZE
[NO. OF DAYS WITH]      [WEATHER - DAYS WITH]      9 = BLOWING SNOW
                                                   X = TORNADO
MAX 32 OR BELOW:   5    0.01 INCH OR MORE:  10
MAX 90 OR ABOVE:   0    0.10 INCH OR MORE:   4
MIN 32 OR BELOW:  13    0.50 INCH OR MORE:   0
MIN  0 OR BELOW:   1    1.00 INCH OR MORE:   0

[HDD (BASE 65) ]
TOTAL THIS MO.   609    CLEAR  (SCALE 0-3)   0
DPTR FM NORMAL  -120    PTCLDY (SCALE 4-7)   6
TOTAL FM JUL 1  1661    CLOUDY (SCALE 8-10) 12
DPTR FM NORMAL  -372

[CDD (BASE 65) ]
TOTAL THIS MO.     0
DPTR FM NORMAL     0    [PRESSURE DATA]
TOTAL FM JAN 1    50    HIGHEST SLP M ON M
DPTR FM NORMAL    14    LOWEST  SLP 29.27 ON 18

[REMARKS]
