000
CXUS51 KBUF 261205
CF6BUF
PRELIMINARY LOCAL CLIMATOLOGICAL DATA (WS FORM: F-6)

                                          STATION:   BUFFALO NY
                                          MONTH:     FEBRUARY
                                          YEAR:      2015
                                          LATITUDE:   42 55 N
                                          LONGITUDE:  78 44 W

  TEMPERATURE IN F:       :PCPN:    SNOW:  WIND      :SUNSHINE: SKY     :PK WND
================================================================================
1   2   3   4   5  6A  6B    7    8   9   10  11  12  13   14  15   16   17  18
                                     12Z  AVG MX 2MIN
DY MAX MIN AVG DEP HDD CDD  WTR  SNW DPTH SPD SPD DIR MIN PSBL S-S WX    SPD DR
================================================================================

 1  27  13  20  -5  45   0 0.23  4.4    6 14.5 28  60   M    M  10 19     34  60
 2  15   3   9 -16  56   0 0.42  8.2   13 13.7 24  40   M    M  10 9      34  40
 3  20   0  10 -15  55   0 0.02  0.7   16 13.3 29 240   M    M   7 189    38 230
 4  32  20  26   1  39   0 0.35  5.4   18 13.4 23 240   M    M  10 146    30 230
 5  21   5  13 -12  52   0 0.05  2.3   21 11.1 21 330   M    M   6 1      25 340
 6  22   6  14 -11  51   0 0.05  1.1   21 18.4 31 230   M    M   9 9      39 240
 7  32  22  27   2  38   0 0.07  1.0   22  6.3 15 230   M    M  10 128    19 240
 8  27  13  20  -5  45   0 0.30  2.4   21 15.7 22  50   M    M  10 149    29  60
 9  17  12  15 -10  50   0 0.14  2.7   23  9.9 20  60   M    M  10 189    24  60
10  20  15  18  -7  47   0    T    T   22  3.9  9 100   M    M  10 18     11 100
11  31  10  21  -5  44   0 0.07  1.4   21  8.9 24 240   M    M   9 1689   33 260
12  29   1  15 -11  50   0 0.08  2.4   21 13.0 22 310   M    M  10 19     27 290
13  13  -5   4 -22  61   0 0.02  0.5   22 10.3 18 220   M    M   7 189    25 220
14  20   2  11 -15  54   0 0.22  6.9   21 14.1 23 300   M    M  10 189    28 290
15   2 -10  -4 -30  69   0    T  0.1   26 13.5 23 310   M    M   9 189    29 300
16   5 -10  -2 -28  67   0    T    T   25  6.2 14 230   M    M   9 8      16 220
17  10  -6   2 -24  63   0 0.00  0.0   24  8.3 17 220   M    M   7        20 230
18  19   8  14 -13  51   0 0.09  2.4   22 10.1 21 250   M    M  10 189    30 250
19  12  -6   3 -24  62   0 0.01  0.3   23 13.3 26 280   M    M   7 189    32 280
20   1  -8  -3 -30  68   0    T    T   22 12.6 21 240   M    M   4 9      25 240
21  24   0  12 -15  53   0 0.17  2.1   22  5.7 17 180   M    M  10 1      20 180
22  23  10  17 -10  48   0 0.01  0.4   23  9.6 21 250   M    M   9 1268   27 230
23  10  -7   2 -26  63   0    T    T   22 13.3 21 230   M    M   5 8      27 220
24  21  -7   7 -21  58   0 0.01  0.2   22 15.3 30 240   M    M   8 9      41 240
25  21   7  14 -14  51   0 0.07  1.0   22 14.7 25 240   M    M   6 9      37 240
================================================================================
SM  474   88      1340   0  2.38    45.9 289.1          M      212
================================================================================
AV 19.0  3.5                              11.6 FASTST   M    M   8    MAX(MPH)
                                 MISC ---->  # 31 230               # 41  240
================================================================================
NOTES:
# LAST OF SEVERAL OCCURRENCES

COLUMN 17 PEAK WIND IN M.P.H.

PRELIMINARY LOCAL CLIMATOLOGICAL DATA (WS FORM: F-6) , PAGE 2

                                          STATION:  BUFFALO NY
                                          MONTH:    FEBRUARY
                                          YEAR:     2015
                                          LATITUDE:   42 55 N
                                          LONGITUDE:  78 44 W

[TEMPERATURE DATA]      [PRECIPITATION DATA]       SYMBOLS USED IN COLUMN 16

AVERAGE MONTHLY: 11.2   TOTAL FOR MONTH:   2.38    1 = FOG OR MIST
DPTR FM NORMAL: -14.8   DPTR FM NORMAL:    0.17    2 = FOG REDUCING VISIBILITY
HIGHEST:    32 ON  7, 4 GRTST 24HR  0.48 ON  1- 2      TO 1/4 MILE OR LESS
LOWEST:    -10 ON 16,15                            3 = THUNDER
                        SNOW, ICE PELLETS, HAIL    4 = ICE PELLETS
                        TOTAL MONTH:  45.9 INCHES  5 = HAIL
                        GRTST 24HR   8.2 ON   M    6 = FREEZING RAIN OR DRIZZLE
                        GRTST DEPTH:  26 ON 15     7 = DUSTSTORM OR SANDSTORM:
                                                       VSBY 1/2 MILE OR LESS
                                                   8 = SMOKE OR HAZE
[NO. OF DAYS WITH]      [WEATHER - DAYS WITH]      9 = BLOWING SNOW
                                                   X = TORNADO
MAX 32 OR BELOW:  25    0.01 INCH OR MORE:  19
MAX 90 OR ABOVE:   0    0.10 INCH OR MORE:   7
MIN 32 OR BELOW:  25    0.50 INCH OR MORE:   0
MIN  0 OR BELOW:  10    1.00 INCH OR MORE:   0

[HDD (BASE 65) ]
TOTAL THIS MO.  1340    CLEAR  (SCALE 0-3)   0
DPTR FM NORMAL   365    PTCLDY (SCALE 4-7)   9
TOTAL FM JUL 1  4979    CLOUDY (SCALE 8-10) 16
DPTR FM NORMAL   345

[CDD (BASE 65) ]
TOTAL THIS MO.     0
DPTR FM NORMAL     0    [PRESSURE DATA]
TOTAL FM JAN 1     0    HIGHEST SLP M ON M
DPTR FM NORMAL     0    LOWEST  SLP 29.53 ON 14

[REMARKS]
