000
CXUS54 KTSA 260940
CF6BVO
PRELIMINARY LOCAL CLIMATOLOGICAL DATA (WS FORM: F-6)

                                          STATION:   BARTLESVILLE OKLAHOMA
                                          MONTH:     FEBRUARY
                                          YEAR:      2015
                                          LATITUDE:   36 45 N
                                          LONGITUDE:  96  0 W

  TEMPERATURE IN F:       :PCPN:    SNOW:  WIND      :SUNSHINE: SKY     :PK WND
================================================================================
1   2   3   4   5  6A  6B    7    8   9   10  11  12  13   14  15   16   17  18
                                     12Z  AVG MX 2MIN
DY MAX MIN AVG DEP HDD CDD  WTR  SNW DPTH SPD SPD DIR MIN PSBL S-S WX    SPD DR
================================================================================

 1  45  14  30  -7  35   0 0.07  0.0    0  8.0 20 280   M    M   9 1      29 290
 2  35   9  22 -15  43   0 0.00  0.0    0  4.7 13 200   M    M   1        19 360
 3  58  17  38   1  27   0 0.00  0.0    0  8.1 21 210   M    M   0        28 190
 4  45  22  34  -3  31   0    T    M    0 11.5 30  20   M    M   5 1      39  20
 5  37  13  25 -12  40   0 0.00  0.0    0  5.8 17  10   M    M   0        22  10
 6  60  24  42   4  23   0 0.00  0.0    0  9.0 21 210   M    M   0        27 190
 7  70  32  51  13  14   0 0.00  0.0    0  7.8 17 210   M    M   0 1      23 200
 8  80  30  55  17  10   0 0.00  0.0    0  3.5 24  10   M    M   0 1      30 360
 9  55  32  44   6  21   0 0.00  0.0    0  5.5 15  20   M    M   0 18     20  20
10  63  25  44   6  21   0 0.00  0.0    0  2.7 14 140   M    M   0 18     18 140
11  49  25  37  -2  28   0 0.00  0.0    0  8.2 25  20   M    M   1 1      32  10
12  37  19  28 -11  37   0 0.00  0.0    0  6.0 20  20   M    M   0        28  10
13  60  18  39   0  26   0 0.00  0.0    0  2.5 14 220   M    M   0        20 230
14  72  24  48   8  17   0 0.00  0.0    0  9.9 23  20   M    M   0        31 260
15  38  22  30 -10  35   0 0.17    M    0 12.2 20  70   M    M   5 16     25  50
16  34  15  25 -15  40   0 0.13    M    0  6.8 17  10   M    M   6 18     22  10
17  50  14  32  -8  33   0 0.02    M    0  5.3 25 290   M    M   2 1      39 300
18  38  12  25 -16  40   0 0.00  0.0    0  3.6 15  10   M    M   1        20  10
19  37  15  26 -15  39   0 0.00  0.0    0  7.4 16 100   M    M   4        22 130
20  43  20  32  -9  33   0 0.03    M    0  6.2 16 150   M    M   8 138    21 140
21  57  32  45   3  20   0 0.02    M    0  5.9 16  20   M    M   6 1      20  10
22  42  22  32 -10  33   0 0.01    M    0 16.0 26  20   M    M   9        34  20
23  24  17  21 -21  44   0 0.01    M    0  8.3 21  20   M    M  10 1      26  20
24  46  22  34  -8  31   0 0.00  0.0    0  5.4 14 230   M    M   4        20 230
25  54  16  35  -8  30   0 0.00  0.0    0  4.6 24 360   M    M   2 1      36 360
================================================================================
SM 1229  511       751   0  0.46     0.0 174.9          M       73
================================================================================
AV 49.2 20.4                               7.0 FASTST   M    M   3    MAX(MPH)
                                 MISC ---->  # 30  20               # 39   20
================================================================================
NOTES:
# LAST OF SEVERAL OCCURRENCES

COLUMN 17 PEAK WIND IN M.P.H.

PRELIMINARY LOCAL CLIMATOLOGICAL DATA (WS FORM: F-6) , PAGE 2

                                          STATION:  BARTLESVILLE OKLAHOMA
                                          MONTH:    FEBRUARY
                                          YEAR:     2015
                                          LATITUDE:   36 45 N
                                          LONGITUDE:  96  0 W

[TEMPERATURE DATA]      [PRECIPITATION DATA]       SYMBOLS USED IN COLUMN 16

AVERAGE MONTHLY: 34.8   TOTAL FOR MONTH:   0.46    1 = FOG OR MIST
DPTR FM NORMAL:  -4.6   DPTR FM NORMAL:   -1.24    2 = FOG REDUCING VISIBILITY
HIGHEST:    80 ON  8    GRTST 24HR  0.55 ON 31- 1      TO 1/4 MILE OR LESS
LOWEST:      9 ON  2                               3 = THUNDER
                        SNOW, ICE PELLETS, HAIL    4 = ICE PELLETS
                        TOTAL MONTH:   0.0 INCH    5 = HAIL
                        GRTST 24HR     0.0         6 = FREEZING RAIN OR DRIZZLE
                        GRTST DEPTH:   0           7 = DUSTSTORM OR SANDSTORM:
                                                       VSBY 1/2 MILE OR LESS
                                                   8 = SMOKE OR HAZE
[NO. OF DAYS WITH]      [WEATHER - DAYS WITH]      9 = BLOWING SNOW
                                                   X = TORNADO
MAX 32 OR BELOW:   1    0.01 INCH OR MORE:   8
MAX 90 OR ABOVE:   0    0.10 INCH OR MORE:   2
MIN 32 OR BELOW:  25    0.50 INCH OR MORE:   0
MIN  0 OR BELOW:   0    1.00 INCH OR MORE:   0

[HDD (BASE 65) ]
TOTAL THIS MO.   751    CLEAR  (SCALE 0-3)  15
DPTR FM NORMAL   110    PTCLDY (SCALE 4-7)   7
TOTAL FM JUL 1  3324    CLOUDY (SCALE 8-10)  3
DPTR FM NORMAL   111

[CDD (BASE 65) ]
TOTAL THIS MO.     0
DPTR FM NORMAL     0    [PRESSURE DATA]
TOTAL FM JAN 1     0    HIGHEST SLP M ON M
DPTR FM NORMAL     0    LOWEST  SLP 29.71 ON  7

[REMARKS]
