000
CXUS54 KTSA 290840
CF6BVO
PRELIMINARY LOCAL CLIMATOLOGICAL DATA (WS FORM: F-6)

                                          STATION:   BARTLESVILLE OKLAHOMA
                                          MONTH:     MARCH
                                          YEAR:      2015
                                          LATITUDE:   36 45 N
                                          LONGITUDE:  96  0 W

  TEMPERATURE IN F:       :PCPN:    SNOW:  WIND      :SUNSHINE: SKY     :PK WND
================================================================================
1   2   3   4   5  6A  6B    7    8   9   10  11  12  13   14  15   16   17  18
                                     12Z  AVG MX 2MIN
DY MAX MIN AVG DEP HDD CDD  WTR  SNW DPTH SPD SPD DIR MIN PSBL S-S WX    SPD DR
================================================================================

 1  34  21  28 -16  37   0 0.00  0.0    0  2.7 10  30   M    M   8 1      12  20
 2  35  18  27 -17  38   0 0.00  0.0    0  6.0 17 120   M    M   5 18     21  70
 3  58  35  47   2  18   0 0.00  0.0    0  9.1 22 210   M    M   9 1      30 210
 4  41  22  32 -13  33   0 0.05    M    0 14.8 26  20   M    M  10 1      34 360
 5  45   9  27 -18  38   0 0.00  0.0    0  2.2 10 270   M    M   0        17 290
 6  61  19  40  -6  25   0 0.00  0.0    0  7.8 18 230   M    M   0        26 220
 7  71  27  49   3  16   0 0.00  0.0    0  6.7 15 210   M    M   0        20 230
 8  61  33  47   1  18   0 0.00  0.0    0  5.1 15 160   M    M   5        18 160
 9  56  30  43  -4  22   0 0.14    M    0  2.2  9 150   M    M   6 1      12 150
10  70  38  54   7  11   0 0.00  0.0    0  2.2 10  10   M    M   4 12     14  10
11  77  33  55   8  10   0 0.00  0.0    0  2.5 13 150   M    M   1 128    17 120
12  76  33  55   7  10   0 0.00  0.0    0  3.5 17  80   M    M   0        21  70
13  59  51  55   7  10   0 0.53  0.0    0  8.6 21  10   M    M   8 1      26  20
14  66  35  51   3  14   0 0.00  0.0    0  8.8 20  10   M    M   0        23  20
15  76  29  53   5  12   0 0.00  0.0    0  3.3 13 150   M    M   0 1      17 150
16  81  40  61  12   4   0 0.00  0.0    0  7.1 21 210   M    M   0 1      30 200
17  64  46  55   6  10   0 0.00  0.0    0 11.5 28  20   M    M   0        36  20
18  52  45  49   0  16   0 0.23    M    0  5.7 12  80   M    M  10 1      15  80
19  51  44  48  -2  17   0 0.11    M    0  5.5 13  10   M    M  10 1      15  20
20  63  33  48  -2  17   0 0.00  0.0    0  1.1  7 160   M    M   2 12      9 150
21  69  37  53   3  12   0 0.00  0.0    0  2.0 10 130   M    M   0 1      13 130
22  73  39  56   5   9   0 0.00  0.0    0  4.0 14 150   M    M   2        18 130
23  77  43  60   9   5   0 0.00  0.0    0  5.5 13 150   M    M   2         M  M
24  83  44  64  13   1   0 0.01    M    0  9.2 24 140   M    M   1 8      33 270
25  72  37  55   3  10   0 0.28    M    0  9.5 30  20   M    M   6 13     39  20
26  60  40  50  -2  15   0 0.03    M    0  8.8 21  20   M    M   4        28  10
27  55  36  46  -6  19   0 0.00  0.0    0  6.4 21 360   M    M   5        26  10
28  70  43  57   4   8   0 0.00  0.0    0  7.7 15 120   M    M   2        23 190
================================================================================
SM 1756  960       455   0  1.38     0.0 169.5          M      100
================================================================================
AV 62.7 34.3                               6.1 FASTST   M    M   4    MAX(MPH)
                                 MISC ---->  # 30  20               # 39   20
================================================================================
NOTES:
# LAST OF SEVERAL OCCURRENCES

COLUMN 17 PEAK WIND IN M.P.H.

PRELIMINARY LOCAL CLIMATOLOGICAL DATA (WS FORM: F-6) , PAGE 2

                                          STATION:  BARTLESVILLE OKLAHOMA
                                          MONTH:    MARCH
                                          YEAR:     2015
                                          LATITUDE:   36 45 N
                                          LONGITUDE:  96  0 W

[TEMPERATURE DATA]      [PRECIPITATION DATA]       SYMBOLS USED IN COLUMN 16

AVERAGE MONTHLY: 48.5   TOTAL FOR MONTH:   1.38    1 = FOG OR MIST
DPTR FM NORMAL:   0.2   DPTR FM NORMAL:   -1.77    2 = FOG REDUCING VISIBILITY
HIGHEST:    83 ON 24    GRTST 24HR  0.53 ON 13-13      TO 1/4 MILE OR LESS
LOWEST:      9 ON  5                               3 = THUNDER
                        SNOW, ICE PELLETS, HAIL    4 = ICE PELLETS
                        TOTAL MONTH:   0.0 INCH    5 = HAIL
                        GRTST 24HR     0.0         6 = FREEZING RAIN OR DRIZZLE
                        GRTST DEPTH:   0           7 = DUSTSTORM OR SANDSTORM:
                                                       VSBY 1/2 MILE OR LESS
                                                   8 = SMOKE OR HAZE
[NO. OF DAYS WITH]      [WEATHER - DAYS WITH]      9 = BLOWING SNOW
                                                   X = TORNADO
MAX 32 OR BELOW:   0    0.01 INCH OR MORE:   8
MAX 90 OR ABOVE:   0    0.10 INCH OR MORE:   5
MIN 32 OR BELOW:   8    0.50 INCH OR MORE:   1
MIN  0 OR BELOW:   0    1.00 INCH OR MORE:   0

[HDD (BASE 65) ]
TOTAL THIS MO.   455    CLEAR  (SCALE 0-3)  15
DPTR FM NORMAL   -17    PTCLDY (SCALE 4-7)   8
TOTAL FM JUL 1  3913    CLOUDY (SCALE 8-10)  5
DPTR FM NORMAL   163

[CDD (BASE 65) ]
TOTAL THIS MO.     0
DPTR FM NORMAL     0    [PRESSURE DATA]
TOTAL FM JAN 1     0    HIGHEST SLP M ON M
DPTR FM NORMAL     0    LOWEST  SLP 29.53 ON 25

[REMARKS]
