000
CXUS53 KLMK 200800
CF6BWG
PRELIMINARY LOCAL CLIMATOLOGICAL DATA (WS FORM: F-6)

                                          STATION:   BOWLING GREEN KY
                                          MONTH:     NOVEMBER
                                          YEAR:      2017
                                          LATITUDE:   36 58 N
                                          LONGITUDE:  86 26 W

  TEMPERATURE IN F:       :PCPN:    SNOW:  WIND      :SUNSHINE: SKY     :PK WND
================================================================================
1   2   3   4   5  6A  6B    7    8   9   10  11  12  13   14  15   16   17  18
                                     12Z  AVG MX 2MIN
DY MAX MIN AVG DEP HDD CDD  WTR  SNW DPTH SPD SPD DIR MIN PSBL S-S WX    SPD DR
================================================================================

 1  64  44  54   0  11   0 0.17  0.0    0  6.9 22 190   M    M  10 1      27 180
 2  72  61  67  14   0   2 0.00  0.0    0 12.7 20 190   M    M   9        25 200
 3  72  59  66  13   0   1 0.06  0.0    0  8.1 14 240   M    M   9 1      19 190
 4  73  58  66  13   0   1 0.00  0.0    0  4.8 12 180   M    M   7 12     14 190
 5  81  65  73  21   0   8 0.03  0.0    0 13.2 25 220   M    M   8 3      33 190
 6  71  54  63  11   2   0 1.13  0.0    0  6.6 14  40   M    M   9 13     21 220
 7  55  47  51  -1  14   0 0.01  0.0    0  6.4 15  40   M    M   8 1      19  50
 8  55  45  50  -1  15   0 0.02  0.0    0  7.2 14  30   M    M   5 1      19  50
 9  61  38  50  -1  15   0 0.00  0.0    0  2.7 10 300   M    M   1        17 280
10  47  31  39 -12  26   0 0.00  0.0    0  7.8 16  40   M    M   0        22  50
11  57  26  42  -8  23   0 0.00  0.0    0  3.1 14 190   M    M   0        18 190
12  54  42  48  -2  17   0 0.03  0.0    0  6.0 13 220   M    M   8 1      16 220
13  52  35  44  -6  21   0 0.00  0.0    0  5.9 14  80   M    M   8        17  80
14  57  33  45  -4  20   0 0.00  0.0    0  3.4 13  90   M    M   1 18     17 120
15  56  35  46  -3  19   0 0.08  0.0    0  6.9 18 190   M    M   8 1      24 200
16  53  32  43  -5  22   0 0.00  0.0    0  4.3  9  30   M    M   2 1      13 350
17  62  31  47  -1  18   0 0.00  0.0    0  8.2 20 180   M    M   5 18     27 180
18  67  42  55   7  10   0 0.38  0.0    0 17.3 28 290   M    M  10 18     43 250
19  45  28  37 -10  28   0 0.00  0.0    0  5.6 17 280   M    M   5        25 290
================================================================================
SM 1154  806       261  12  1.91     0.0 137.1          M      113
================================================================================
AV 60.7 42.4                               7.2 FASTST   M    M   6    MAX(MPH)
                                 MISC ---->  # 28 290               # 43  250
================================================================================
NOTES:
# LAST OF SEVERAL OCCURRENCES

COLUMN 17 PEAK WIND IN M.P.H.

PRELIMINARY LOCAL CLIMATOLOGICAL DATA (WS FORM: F-6) , PAGE 2

                                          STATION:  BOWLING GREEN KY
                                          MONTH:    NOVEMBER
                                          YEAR:     2017
                                          LATITUDE:   36 58 N
                                          LONGITUDE:  86 26 W

[TEMPERATURE DATA]      [PRECIPITATION DATA]       SYMBOLS USED IN COLUMN 16

AVERAGE MONTHLY: 51.6   TOTAL FOR MONTH:   1.91    1 = FOG OR MIST
DPTR FM NORMAL:   1.0   DPTR FM NORMAL:   -0.62    2 = FOG REDUCING VISIBILITY
HIGHEST:    81 ON  5    GRTST 24HR  1.13 ON  6- 6      TO 1/4 MILE OR LESS
LOWEST:     26 ON 11                               3 = THUNDER
                        SNOW, ICE PELLETS, HAIL    4 = ICE PELLETS
                        TOTAL MONTH:   0.0 INCH    5 = HAIL
                        GRTST 24HR     0.0         6 = FREEZING RAIN OR DRIZZLE
                        GRTST DEPTH:   0           7 = DUSTSTORM OR SANDSTORM:
                                                       VSBY 1/2 MILE OR LESS
                                                   8 = SMOKE OR HAZE
[NO. OF DAYS WITH]      [WEATHER - DAYS WITH]      9 = BLOWING SNOW
                                                   X = TORNADO
MAX 32 OR BELOW:   0    0.01 INCH OR MORE:   9
MAX 90 OR ABOVE:   0    0.10 INCH OR MORE:   3
MIN 32 OR BELOW:   5    0.50 INCH OR MORE:   1
MIN  0 OR BELOW:   0    1.00 INCH OR MORE:   1

[HDD (BASE 65) ]
TOTAL THIS MO.   261    CLEAR  (SCALE 0-3)   5
DPTR FM NORMAL   -17    PTCLDY (SCALE 4-7)   9
TOTAL FM JUL 1   481    CLOUDY (SCALE 8-10)  5
DPTR FM NORMAL   -60

[CDD (BASE 65) ]
TOTAL THIS MO.    12
DPTR FM NORMAL    12    [PRESSURE DATA]
TOTAL FM JAN 1  1600    HIGHEST SLP M ON M
DPTR FM NORMAL   112    LOWEST  SLP 29.29 ON 18

[REMARKS]
