000
CXUS55 KRIW 280901
CF6BYG
PRELIMINARY LOCAL CLIMATOLOGICAL DATA (WS FORM: F-6)

                                          STATION:   BUFFALO WY
                                          MONTH:     FEBRUARY
                                          YEAR:      2015
                                          LATITUDE:   44 22 N
                                          LONGITUDE: 106 43 W

  TEMPERATURE IN F:       :PCPN:    SNOW:  WIND      :SUNSHINE: SKY     :PK WND
================================================================================
1   2   3   4   5  6A  6B    7    8   9   10  11  12  13   14  15   16   17  18
                                     12Z  AVG MX 2MIN
DY MAX MIN AVG DEP HDD CDD  WTR  SNW DPTH SPD SPD DIR MIN PSBL S-S WX    SPD DR
================================================================================

 1  30   6  18  -9  47   0    T    M    M 11.3 30 350   M    M   6 1      38 340
 2  42  26  34   7  31   0 0.00  0.0    M  7.5 31 350   M    M   5        37 350
 3  44  16  30   3  35   0 0.03    M    M  9.2 23 360   M    M   7 1      34 350
 4  34   9  22  -5  43   0    T    M    M  7.7 21 360   M    M   3 1      26 360
 5  59  27  43  16  22   0 0.00    M    M  8.4 22 190   M    M   3        27 190
 6  69  41  55  28  10   0 0.00    M    M  9.1 26 190   M    M   0        36 190
 7  64  43  54  27  11   0 0.00    M    M 12.7 45 240   M    M   0        58 260
 8  60  37  49  22  16   0 0.00    M    M 10.5 25 350   M    M   0        37 350
 9  65  30  48  21  17   0 0.00  0.0    M  8.1 30 320   M    M   0        39 330
10  47  27  37  10  28   0 0.01    M    M 11.5 32 340   M    M  10 1      41 330
11  48  28  38  11  27   0 0.00  0.0    M  5.6 17 350   M    M   5 1      26 340
12  58  29  44  16  21   0 0.00  0.0    M  9.8 33 350   M    M   1        40 340
13  58  35  47  19  18   0 0.00  0.0    M  7.3 21 350   M    M   2        27 330
14  61  33  47  19  18   0 0.00  0.0    M  9.1 30 340   M    M   0        40 340
15  34  25  30   2  35   0 0.08    M    M 15.6 30 340   M    M   7 1      41 330
16  30  22  26  -2  39   0 0.09    M    M 20.7 36 350   M    M   8 128    43 350
17  25  17  21  -7  44   0    T    M    M 18.4 35 350   M    M   9 189    44 340
18  37  20  29   1  36   0 0.00  0.0    M  4.5 10 180   M    M   7        13 180
19  50  26  38  10  27   0 0.00  0.0    M  6.3 23 330   M    M   1        29 330
20  36  26  31   3  34   0 0.15    M    M 13.8 30 330   M    M   8 12     39 340
21  29   9  19 -10  46   0 0.02    M    M 23.2 35 350   M    M   8 1289   42 350
22  10  -1   5 -24  60   0    T    M    M  4.6 10  30   M    M   4 18     11 360
23  34  -1  17 -12  48   0 0.00  0.0    M  5.9 22 350   M    M   0        26 330
24  45  24  35   6  30   0 0.00  0.0    M  9.5 26 320   M    M   3        38 340
25  40   7  24  -6  41   0 0.03    M    M 24.5 51 340   M    M   8 12     62 340
26   9   0   5 -25  60   0 0.07    M    M  5.7 20 150   M    M  10 18     23 150
27  22  -3  10 -20  55   0 0.00  0.0    M  9.7 22 160   M    M   2        26 160
================================================================================
SM 1140  558       899   0  0.48     0.0 290.2          M      117
================================================================================
AV 42.2 20.7                              10.7 FASTST   M    M   4    MAX(MPH)
                                 MISC ---->  # 51 340               # 62  340
================================================================================
NOTES:
# LAST OF SEVERAL OCCURRENCES

COLUMN 17 PEAK WIND IN M.P.H.

PRELIMINARY LOCAL CLIMATOLOGICAL DATA (WS FORM: F-6) , PAGE 2

                                          STATION:  BUFFALO WY
                                          MONTH:    FEBRUARY
                                          YEAR:     2015
                                          LATITUDE:   44 22 N
                                          LONGITUDE: 106 43 W

[TEMPERATURE DATA]      [PRECIPITATION DATA]       SYMBOLS USED IN COLUMN 16

AVERAGE MONTHLY: 31.4   TOTAL FOR MONTH:   0.48    1 = FOG OR MIST
DPTR FM NORMAL:   3.5   DPTR FM NORMAL:    0.15    2 = FOG REDUCING VISIBILITY
HIGHEST:    69 ON  6    GRTST 24HR  0.16 ON 20-21      TO 1/4 MILE OR LESS
LOWEST:     -3 ON 27                               3 = THUNDER
                        SNOW, ICE PELLETS, HAIL    4 = ICE PELLETS
                        TOTAL MONTH:   0.0 INCH    5 = HAIL
                        GRTST 24HR     0.0         6 = FREEZING RAIN OR DRIZZLE
                        GRTST DEPTH:  M  ON   M    7 = DUSTSTORM OR SANDSTORM:
                                                       VSBY 1/2 MILE OR LESS
                                                   8 = SMOKE OR HAZE
[NO. OF DAYS WITH]      [WEATHER - DAYS WITH]      9 = BLOWING SNOW
                                                   X = TORNADO
MAX 32 OR BELOW:   7    0.01 INCH OR MORE:   8
MAX 90 OR ABOVE:   0    0.10 INCH OR MORE:   1
MIN 32 OR BELOW:  22    0.50 INCH OR MORE:   0
MIN  0 OR BELOW:   4    1.00 INCH OR MORE:   0

[HDD (BASE 65) ]
TOTAL THIS MO.   899    CLEAR  (SCALE 0-3)  12
DPTR FM NORMAL  -100    PTCLDY (SCALE 4-7)  11
TOTAL FM JUL 1  4640    CLOUDY (SCALE 8-10)  4
DPTR FM NORMAL  -566

[CDD (BASE 65) ]
TOTAL THIS MO.     0
DPTR FM NORMAL     0    [PRESSURE DATA]
TOTAL FM JAN 1     0    HIGHEST SLP M ON M
DPTR FM NORMAL     0    LOWEST  SLP 29.75 ON 20

[REMARKS]
