000
CXUS55 KPIH 231200
CF6BYI

PRELIMINARY LOCAL CLIMATOLOGICAL DATA (WS FORM: F-6)

                                          STATION:   BURLEY ID
                                          MONTH:     APRIL
                                          YEAR:      2014
                                          LATITUDE:   42 32 N
                                          LONGITUDE: 113 46 W

  TEMPERATURE IN F:       :PCPN:    SNOW:  WIND      :SUNSHINE: SKY     :PK WND
================================================================================
1   2   3   4   5  6A  6B    7    8   9   10  11  12  13   14  15   16   17  18
                                     12Z  AVG MX 2MIN
DY MAX MIN AVG DEP HDD CDD  WTR  SNW DPTH SPD SPD DIR MIN PSBL S-S WX    SPD DR
================================================================================

 1  40  30  35  -8  30   0 0.10    M    M  8.7 22 260   M    M   8 1      29 260
 2  44  28  36  -7  29   0 0.03    M    M  8.1 15 280   M    M   8 1      19 280
 3  51  32  42  -1  23   0 0.06    M    M  5.6 13 240   M    M   6 1      15 250
 4  55  34  45   1  20   0 0.00    M    M  8.1 17 250   M    M   2        24 290
 5  53  31  42  -2  23   0 0.00    M    M 12.7 23 270   M    M   4        33 270
 6  58  41  50   6  15   0    T    M    M 17.5 31 280   M    M   4        45 280
 7  64  33  49   5  16   0 0.00    M    M  8.5 20 250   M    M   0        24 250
 8  73  36  55  11  10   0 0.00    M    M  5.9 14 260   M    M   0        19 270
 9  70  38  54  10  11   0 0.00    M    M 13.1 25 260   M    M   2        35 260
10  64  41  53   8  12   0 0.00    M    M 14.2 24 270   M    M   1        32 270
11  70  36  53   8  12   0 0.00    M    M 10.4 20 250   M    M   0        26 280
12  63  40  52   7  13   0 0.00    M    M 14.8 24 280   M    M   0        37 260
13  53  33  43  -2  22   0 0.19    M    M  9.0 18 280   M    M   7 1      27 280
14  60  27  44  -2  21   0 0.00    M    M  7.0 20 200   M    M   0        25 200
15  60  35  48   2  17   0 0.00    M    M 18.9 35 280   M    M   1        49 280
16  57  32  45  -1  20   0 0.00    M    M  7.8 17 270   M    M   0        23 270
17  72  32  52   6  13   0 0.02    M    M 10.1 26 240   M    M   1        35 200
18  59  38  49   3  16   0 0.11    M    M 13.5 26 250   M    M   3 1      34 260
19  71  30  51   4  14   0 0.00    M    M  4.4 25 250   M    M   0        35 250
20  61  38  50   3  15   0 0.00    M    M 16.2 30 260   M    M   0        43 260
21  73  30  52   5  13   0 0.00    M    M  6.7 18 240   M    M   2        32 260
22  62  36  49   1  16   0 0.18    M    M 14.8 37 280   M    M   6 1      49 290
================================================================================
SM 1333  751       381   0  0.69    M    236.0          M       55
================================================================================
AV 60.6 34.1                              10.7 FASTST   M    M   3    MAX(MPH)
                                 MISC ---->  # 37 280               # 49  280
================================================================================
NOTES:
# LAST OF SEVERAL OCCURRENCES

COLUMN 17 PEAK WIND IN M.P.H.

PRELIMINARY LOCAL CLIMATOLOGICAL DATA (WS FORM: F-6) , PAGE 2

                                          STATION:  BURLEY ID
                                          MONTH:    APRIL
                                          YEAR:     2014
                                          LATITUDE:   42 32 N
                                          LONGITUDE: 113 46 W

[TEMPERATURE DATA]      [PRECIPITATION DATA]       SYMBOLS USED IN COLUMN 16

AVERAGE MONTHLY: 47.4   TOTAL FOR MONTH:   0.69    1 = FOG OR MIST
DPTR FM NORMAL:   2.3   DPTR FM NORMAL:   -0.04    2 = FOG REDUCING VISIBILITY
HIGHEST:    73 ON 21, 8 GRTST 24HR  0.19 ON 13-13      TO 1/4 MILE OR LESS
LOWEST:     27 ON 14                               3 = THUNDER
                        SNOW, ICE PELLETS, HAIL    4 = ICE PELLETS
                        TOTAL MONTH:    M          5 = HAIL
                        GRTST 24HR    M  ON   M    6 = FREEZING RAIN OR DRIZZLE
                        GRTST DEPTH:  M  ON   M    7 = DUSTSTORM OR SANDSTORM:
                                                       VSBY 1/2 MILE OR LESS
                                                   8 = SMOKE OR HAZE
[NO. OF DAYS WITH]      [WEATHER - DAYS WITH]      9 = BLOWING SNOW
                                                   X = TORNADO
MAX 32 OR BELOW:   0    0.01 INCH OR MORE:   7
MAX 90 OR ABOVE:   0    0.10 INCH OR MORE:   4
MIN 32 OR BELOW:   9    0.50 INCH OR MORE:   0
MIN  0 OR BELOW:   0    1.00 INCH OR MORE:   0

[HDD (BASE 65) ]
TOTAL THIS MO.   381    CLEAR  (SCALE 0-3)  15
DPTR FM NORMAL   -57    PTCLDY (SCALE 4-7)   7
TOTAL FM JUL 1  5771    CLOUDY (SCALE 8-10)  0
DPTR FM NORMAL  -486

[CDD (BASE 65) ]
TOTAL THIS MO.     0
DPTR FM NORMAL     0    [PRESSURE DATA]
TOTAL FM JAN 1     0    HIGHEST SLP M ON M
DPTR FM NORMAL     0    LOWEST  SLP 29.45 ON 22

[REMARKS]
