000
CXUS55 KCAE 191400
CF6CAE
PRELIMINARY LOCAL CLIMATOLOGICAL DATA (WS FORM: F-6)

                                          STATION:   COLUMBIA METRO AIRPORT SC
                                          MONTH:     JANUARY
                                          YEAR:      2017
                                          LATITUDE:   33 57 N
                                          LONGITUDE:  81  7 W

  TEMPERATURE IN F:       :PCPN:    SNOW:  WIND      :SUNSHINE: SKY     :PK WND
================================================================================
1   2   3   4   5  6A  6B    7    8   9   10  11  12  13   14  15   16   17  18
                                     12Z  AVG MX 2MIN
DY MAX MIN AVG DEP HDD CDD  WTR  SNW DPTH SPD SPD DIR MIN PSBL S-S WX    SPD DR
================================================================================

 1  56  43  50   6  15   0 0.40  0.0    0  3.1  9  70   M    M  10 1      10  70
 2  68  56  62  18   3   0 1.57  0.0    0  3.3 13 330   M    M  10 123    14 330
 3  72  59  66  22   0   1 0.96  0.0    0  7.2 21 290   M    M   8 123    26 300
 4  65  49  57  13   8   0 0.00  0.0    0  8.0 13 310   M    M   5         M  M
 5  60  32  46   2  19   0 0.00  0.0    0  3.1 13 100   M    M   4        16 110
 6  49  40  45   1  20   0 1.16  0.0    0  4.1 14  50   M    M   9 18     18  80
 7  40  29  35  -9  30   0 0.44  0.1    0  9.0 22  10   M    M   7 148    30 360
 8  39  24  32 -12  33   0 0.00  0.0    0  4.6 13 320   M    M   1        17 320
 9  42  22  32 -12  33   0 0.00  0.0    0  3.0 12  70   M    M   3        14  80
10  60  23  42  -2  23   0 0.00  0.0    0  2.8 13 170   M    M   5        15 180
11  72  47  60  16   5   0 0.00  0.0    0  4.4 15 190   M    M   6 1      18 190
12  75  49  62  18   3   0 0.00  0.0    0  4.6 17 220   M    M   1 1      22 200
13  80  44  62  18   3   0 0.00  0.0    0  2.4 15 260   M    M   1 1      18 260
14  69  50  60  16   5   0 0.00  0.0    0  2.6 13  80   M    M   6 18     15  80
15  80  45  63  18   2   0 0.00  0.0    0  3.7 14 260   M    M   5 18     17 280
16  59  54  57  12   8   0 0.00  0.0    0  5.4 10 100   M    M   9 128    12  60
17  77  54  66  21   0   1 0.00  0.0    0  5.7 15 230   M    M   8 1      20 230
18  80  50  65  20   0   0 0.00  0.0    0  9.8 24 270   M    M   5        31 260
================================================================================
SM 1143  770       210   2  4.53     0.1  86.8          M      103
================================================================================
AV 63.5 42.8                               4.8 FASTST   M    M   6    MAX(MPH)
                                 MISC ---->  # 24 270               # 31  260
================================================================================
NOTES:
# LAST OF SEVERAL OCCURRENCES

COLUMN 17 PEAK WIND IN M.P.H.

PRELIMINARY LOCAL CLIMATOLOGICAL DATA (WS FORM: F-6) , PAGE 2

                                          STATION:  COLUMBIA METRO AIRPORT SC
                                          MONTH:    JANUARY
                                          YEAR:     2017
                                          LATITUDE:   33 57 N
                                          LONGITUDE:  81  7 W

[TEMPERATURE DATA]      [PRECIPITATION DATA]       SYMBOLS USED IN COLUMN 16

AVERAGE MONTHLY: 53.1   TOTAL FOR MONTH:   4.53    1 = FOG OR MIST
DPTR FM NORMAL:   8.9   DPTR FM NORMAL:    2.49    2 = FOG REDUCING VISIBILITY
HIGHEST:    80 ON 18,15 GRTST 24HR  1.81 ON  2- 3      TO 1/4 MILE OR LESS
LOWEST:     22 ON  9                               3 = THUNDER
                        SNOW, ICE PELLETS, HAIL    4 = ICE PELLETS
                        TOTAL MONTH:   0.1 INCH    5 = HAIL
                        GRTST 24HR   0.1 ON   M    6 = FREEZING RAIN OR DRIZZLE
                        GRTST DEPTH:   0           7 = DUSTSTORM OR SANDSTORM:
                                                       VSBY 1/2 MILE OR LESS
                                                   8 = SMOKE OR HAZE
[NO. OF DAYS WITH]      [WEATHER - DAYS WITH]      9 = BLOWING SNOW
                                                   X = TORNADO
MAX 32 OR BELOW:   0    0.01 INCH OR MORE:   5
MAX 90 OR ABOVE:   0    0.10 INCH OR MORE:   5
MIN 32 OR BELOW:   5    0.50 INCH OR MORE:   3
MIN  0 OR BELOW:   0    1.00 INCH OR MORE:   2

[HDD (BASE 65) ]
TOTAL THIS MO.   210    CLEAR  (SCALE 0-3)   3
DPTR FM NORMAL  -163    PTCLDY (SCALE 4-7)  10
TOTAL FM JUL 1   981    CLOUDY (SCALE 8-10)  5
DPTR FM NORMAL  -402

[CDD (BASE 65) ]
TOTAL THIS MO.     2
DPTR FM NORMAL     2    [PRESSURE DATA]
TOTAL FM JAN 1     2    HIGHEST SLP M ON M
DPTR FM NORMAL     2    LOWEST  SLP 29.73 ON  3

[REMARKS]
