928
CXAK56 PAFC 251320
CF6CDB
PRELIMINARY LOCAL CLIMATOLOGICAL DATA (WS FORM: F-6)

                                          STATION:   COLD BAY
                                          MONTH:     FEBRUARY
                                          YEAR:      2017
                                          LATITUDE:   55 13 N
                                          LONGITUDE: 162 44 W

  TEMPERATURE IN F:       :PCPN:    SNOW:  WIND      :SUNSHINE: SKY     :PK WND
================================================================================
1   2   3   4   5  6A  6B    7    8   9   10  11  12  13   14  15   16   17  18
                                     12Z  AVG MX 2MIN
DY MAX MIN AVG DEP HDD CDD  WTR  SNW DPTH SPD SPD DIR MIN PSBL S-S WX    SPD DR
================================================================================

 1  37  24  31   3  34   0 0.00  0.0    T 15.1 25 140   M    M   1        29 140
 2  38  32  35   7  30   0 0.03    T    T 14.4 29 120   M    M   6 1      36 120
 3  39  35  37   9  28   0 0.04    T    T 19.3 31 120   M    M   9 1      39 120
 4  38  33  36   8  29   0    T    T    0 16.0 24 140   M    M   4        33 130
 5  36  25  31   3  34   0 0.00  0.0    T 15.1 32 140   M    M   1        38 140
 6  33  16  25  -3  40   0 0.00  0.0    T  4.1 12 280   M    M   6 1      14 290
 7  34  28  31   2  34   0 0.00  0.0    T  6.6 14 200   M    M  10        16 210
 8  39  28  34   5  31   0 0.01  0.1    T 10.9 22 250   M    M  10 1      27 250
 9  29  22  26  -3  39   0    T    T    T 14.7 24 320   M    M   9        30 320
10  22  14  18 -11  47   0 0.02  0.2    T 19.8 32  30   M    M  10 19     39  30
11  21  14  18 -11  47   0    T    T    T 15.4 25  30   M    M   8        31  30
12  20  11  16 -13  49   0 0.01  0.1    T 22.9 38  30   M    M   8 189    49  30
13  20  18  19 -10  46   0 0.03  0.3    T 22.4 33 350   M    M  10 19     42 350
14  26  20  23  -6  42   0 0.07  0.7    1  9.5 17 240   M    M   9 1      20 140
15  30  16  23  -6  42   0 0.11  1.1    2 10.7 22 360   M    M   7 1      25 360
16  29  25  27  -2  38   0 0.10  1.0    3 14.9 23 310   M    M   9 1      25 280
17  29  18  24  -5  41   0    T    T    3  5.8 13 360   M    M   8        16  10
18  24  12  18 -11  47   0    T    T    3 11.6 17  10   M    M   9 1      21  10
19  20  13  17 -12  48   0 0.01  0.1    3 12.5 21 350   M    M   6 1      24 340
20  32  -6  13 -16  52   0 0.01  0.1    3 16.4 40 120   M    M   6 189    51 140
21  37  30  34   5  31   0 0.80  3.6    2 22.1 51 150   M    M   7 19     58 150
22  46  34  40  11  25   0    T    T    2 30.3 46 140   M    M   7 1      61 140
23  42  34  38   8  27   0 0.57    T    0 20.8 44 150   M    M   9 1      54 150
24  44  28  36   6  29   0 0.00  0.0    0  6.4 17 140   M    M   3 1      22 150
================================================================================
SM  765  524       910   0  1.81     7.3 357.7          M      172
================================================================================
AV 31.9 21.8                              14.9 FASTST   M    M   7    MAX(MPH)
                                 MISC ---->  # 51 150               # 61  140
================================================================================
NOTES:
# LAST OF SEVERAL OCCURRENCES

COLUMN 17 PEAK WIND IN M.P.H.

PRELIMINARY LOCAL CLIMATOLOGICAL DATA (WS FORM: F-6) , PAGE 2

                                          STATION:  COLD BAY
                                          MONTH:    FEBRUARY
                                          YEAR:     2017
                                          LATITUDE:   55 13 N
                                          LONGITUDE: 162 44 W

[TEMPERATURE DATA]      [PRECIPITATION DATA]       SYMBOLS USED IN COLUMN 16

AVERAGE MONTHLY: 26.9   TOTAL FOR MONTH:   1.81    1 = FOG OR MIST
DPTR FM NORMAL:  -2.0   DPTR FM NORMAL:   -0.76    2 = FOG REDUCING VISIBILITY
HIGHEST:    46 ON 22    GRTST 24HR  0.81 ON 20-21      TO 1/4 MILE OR LESS
LOWEST:     -6 ON 20                               3 = THUNDER
                        SNOW, ICE PELLETS, HAIL    4 = ICE PELLETS
                        TOTAL MONTH:   7.3 INCHES  5 = HAIL
                        GRTST 24HR   3.6 ON   M    6 = FREEZING RAIN OR DRIZZLE
                        GRTST DEPTH:   3 ON 20,19  7 = DUSTSTORM OR SANDSTORM:
                                                       VSBY 1/2 MILE OR LESS
                                                   8 = SMOKE OR HAZE
[NO. OF DAYS WITH]      [WEATHER - DAYS WITH]      9 = BLOWING SNOW
                                                   X = TORNADO
MAX 32 OR BELOW:  12    0.01 INCH OR MORE:  13
MAX 90 OR ABOVE:   0    0.10 INCH OR MORE:   4
MIN 32 OR BELOW:  20    0.50 INCH OR MORE:   2
MIN  0 OR BELOW:   1    1.00 INCH OR MORE:   0

[HDD (BASE 65) ]
TOTAL THIS MO.   910    CLEAR  (SCALE 0-3)   3
DPTR FM NORMAL    42    PTCLDY (SCALE 4-7)  10
TOTAL FM JUL 1  5428    CLOUDY (SCALE 8-10) 11
DPTR FM NORMAL  -650

[CDD (BASE 65) ]
TOTAL THIS MO.     0
DPTR FM NORMAL     0    [PRESSURE DATA]
TOTAL FM JAN 1     0    HIGHEST SLP M ON M
DPTR FM NORMAL     0    LOWEST  SLP 28.47 ON 15

[REMARKS]
