000
CXAK56 PACD 291119
CF6CDB

PRELIMINARY LOCAL CLIMATOLOGICAL DATA (WS FORM: F-6)

                                          STATION:   COLD BAY
                                          MONTH:     07
                                          YEAR:      2016
                                          LATITUDE:   55 13 N
                                          LONGITUDE: 162 44 W

  TEMPERATURE IN F:       :PCPN:    SNOW:  WIND      :SUNSHINE: SKY     :PK WND
================================================================================
1   2   3   4   5  6A  6B    7     8   9   10  11  12  13   14  15   16  17  18
                                      12Z  AVG MX 2MIN
DY MAX MIN AVG DEP HDD CDD  WTR   SNW DPTH SPD SPD DIR MIN PSBL S-S WX   SPD DR
================================================================================

 1  66  37  52   3  13   0  0.00  0.0   0  5.1 13  310   M    M   M 1     16 310
 2  58  44  51   2  14   0  0.01  0.0   0  7.9 14  140   M    M   M 1     18 120
 3  58  50  54   5  11   0     T  0.0   0  5.3 15  160   M    M   M 1     18 170
 4  58  49  54   4  11   0  0.17  0.0   0  5.8 14  270   M    M   M 1     16 270
 5  55  48  52   2  13   0  0.04  0.0   0 10.4 17  260   M    M   M 1     19 270
 6  56  48  52   2  13   0  0.07  0.0   0 16.7 28  270   M    M   M 1     32 280
 7  59  48  54   4  11   0  0.12  0.0   0 19.4 40  150   M    M   M       47 150
 8  59  50  55   5  10   0  0.09  0.0   0  9.4 25  250   M    M   M 1     31 140
 9  55  48  52   2  13   0  0.13  0.0   0 20.0 28  260   M    M   M 1     33 270
10  55  48  52   2  13   0  0.01  0.0   0 16.4 25  260   M    M   M 1     30 260
11  64  45  55   4  10   0  0.00  0.0   0  9.5 24  360   M    M   M       29 360
12  62  49  56   5   9   0  0.01  0.0   0 14.0 22  340   M    M   M 1     27 340
13  66  52  59   8   6   0  0.03  0.0   0  7.9 15  300   M    M   M 1     17 300
14  62  53  58   7   7   0  0.22  0.0   0  6.2 13   30   M    M   M 1     16 250
15  60  53  57   6   8   0  0.05  0.0   0 14.4 26  150   M    M   M 1     31 150
16  61  50  56   5   9   0     T  0.0   0 14.6 29  140   M    M   M 1     36  90
17  66  53  60   9   5   0  0.00  0.0   0 13.3 30  150   M    M   M 1     40 150
18  67  48  58   7   7   0  0.00  0.0   0  9.3 24  150   M    M   M 1     30 160
19  66  54  60   9   5   0  0.10  0.0   0  8.3 15  160   M    M   M 1     18 150
20  65  54  60   9   5   0  0.08  0.0   0 15.0 25  130   M    M   M 1     32 130
21  61  50  56   5   9   0  0.06  0.0   0 12.5 32  150   M    M   M 1     39 150
22  56  51  54   2  11   0  0.01  0.0   0 22.4 32  250   M    M   M 1     38 250
23  56  50  53   1  12   0  0.01  0.0   0 19.8 28  270   M    M   M 1     33 250
24  53  51  52   0  13   0  0.15  0.0   0 20.1 29  260   M    M   M 1     35 270
25  58  50  54   2  11   0  0.20  0.0   0 11.4 18  320   M    M   M 1     22 320
26  58  50  54   2  11   0     T  0.0   0 10.9 16  300   M    M   M 1     20 340
27  63  48  56   4   9   0  0.02  0.0   0 11.5 17  260   M    M   M 1     21 270
28  65  45  55   3  10   0  0.00  0.0   0  4.5 13  120   M    M   M 1     18 120
================================================================================
SM 1688 1376       279   0  1.58 0.0    342.0           M        M
================================================================================
AV 60.3 49.1                             12.2 FASTST  PSBL  %   M    MAX(MPH)
                                 MISC ---->     40  150                 47 150
================================================================================
NOTES:
# LAST OF SEVERAL OCCURRENCES

COLUMN 17 PEAK WIND IN M.P.H.

PRELIMINARY LOCAL CLIMATOLOGICAL DATA (WS FORM: F-6) , PAGE 2

                                          STATION:   COLD BAY
                                          MONTH:     07
                                          YEAR:      2016
                                          LATITUDE:  55 13 N
                                          LONGITUDE: 162 44 W

[TEMPERATURE DATA]      [PRECIPITATION DATA]       SYMBOLS USED IN COLUMN 16

AVERAGE MONTHLY:54.7   TOTAL FOR MONTH: 1.58       1 = FOG
DPTR FM NORMAL:  3.9   DPTR FM NORMAL: -0.62       2 = FOG REDUCING VISIBILITY
HIGHEST:    67 ON 18    GRTST 24HR   0.22 ON 14        TO 1/4 MILE OR LESS
LOWEST:     37 ON  1                               3 = THUNDER
                        SNOW, ICE PELLETS, HAIL    4 = ICE PELLETS
                        TOTAL MONTH: 0.0         5 = HAIL
                        GRTST 24HR   0.0           6 = GLAZE OR RIME
                        GRTST DEPTH:    0          7 = BLOWING DUST OR SAND:
                                                       VSBY 1/2 MILE OR LESS
                                                   8 = SMOKE OR HAZE
[NO. OF DAYS WITH]      [WEATHER - DAYS WITH]      9 = BLOWING SNOW
                                                   X = TORNADO
MAX 32 OR BELOW:   0    0.01 INCH OR MORE:  20
MAX 70 OR ABOVE:   0    0.10 INCH OR MORE:   7
MIN 32 OR BELOW:   0    0.50 INCH OR MORE:   0
MIN  0 OR BELOW:   0    1.00 INCH OR MORE:   0

[HDD (BASE 65) ]
TOTAL THIS MO.   279    CLEAR  (SCALE 0-3)   M
DPTR FM NORMAL  -120    PTCLDY (SCALE 4-7)   M
SEASONAL TOTAL   279    CLOUDY (SCALE 8-10)  M
DPTR FM NORMAL  -120

[CDD (BASE 65) ]
TOTAL THIS MO.     0
DPTR FM NORMAL     0    [PRESSURE DATA]
SEASONAL TOTAL     0    HIGHEST SLP     M
DPTR FM NORMAL     0    LOWEST  SLP     M

[REMARKS]
