000
CXUS56 KSLC 241240
CF6CDC
PRELIMINARY LOCAL CLIMATOLOGICAL DATA (WS FORM: F-6)

                                          STATION:   CEDAR CITY UT
                                          MONTH:     DECEMBER
                                          YEAR:      2014
                                          LATITUDE:   37 42 N
                                          LONGITUDE: 113  6 W

  TEMPERATURE IN F:       :PCPN:    SNOW:  WIND      :SUNSHINE: SKY     :PK WND
================================================================================
1   2   3   4   5  6A  6B    7    8   9   10  11  12  13   14  15   16   17  18
                                     12Z  AVG MX 2MIN
DY MAX MIN AVG DEP HDD CDD  WTR  SNW DPTH SPD SPD DIR MIN PSBL S-S WX    SPD DR
================================================================================

 1  55  25  40   9  25   0 0.00  0.0    0  4.7 15 210   M    M   0        20 210
 2  52  24  38   7  27   0 0.10    M    0  4.4 20 200   M    M   4        26 220
 3  52  37  45  14  20   0 0.01    M    0  9.2 21 220   M    M   6        26 230
 4  54  37  46  16  19   0 0.02    M    0  5.0 18 220   M    M   7 1      23 220
 5  53  32  43  13  22   0 0.00  0.0    0  5.4 14 230   M    M   1        18 230
 6  54  31  43  13  22   0 0.00  0.0    0  3.7 12 310   M    M   2        13 300
 7  56  26  41  11  24   0 0.00  0.0    0  2.9  8 220   M    M   0         9  50
 8  56  27  42  12  23   0 0.00  0.0    0  3.7 14 230   M    M   0        17 230
 9  55  20  38   9  27   0 0.00  0.0    0  2.7  9 140   M    M   0        10 340
10  55  20  38   9  27   0 0.00  0.0    0  4.5 12 200   M    M   0        14 200
11  56  34  45  16  20   0 0.00  0.0    0 10.3 24 170   M    M   1        34 200
12  56  33  45  16  20   0 0.19    M    0 20.2 45 160   M    M   3 18     62 160
13  42  29  36   7  29   0 0.08    M    0  4.9 17 220   M    M   8 1      21 220
14  38  20  29   1  36   0 0.00  0.0    0  2.4 13 360   M    M   5 12     17 360
15  40  17  29   1  36   0 0.00  0.0    0  2.6 12 190   M    M   3        16 200
16  48  27  38  10  27   0 0.00  0.0    0  7.5 21 220   M    M   5        27 220
17  39  31  35   7  30   0 0.04    M    0  3.0 12 180   M    M  10 1      14 110
18  44  28  36   8  29   0    T    M    0  3.9  9 350   M    M   5 12     11 340
19  45  18  32   4  33   0 0.00  0.0    0  6.8 18 200   M    M   2        23 200
20  43  21  32   4  33   0 0.00  0.0    0  5.7 21 180   M    M   5        25 180
21  56  27  42  14  23   0 0.00  0.0    0  5.9 14 240   M    M   1        17 250
22  58  34  46  18  19   0 0.00  0.0    0 10.3 22  20   M    M   4        30  40
23  41  16  29   1  36   0 0.00  0.0    0  8.6 17 350   M    M   0        27 360
================================================================================
SM 1148  614       607   0  0.44     0.0 138.3          M       72
================================================================================
AV 49.9 26.7                               6.0 FASTST   M    M   3    MAX(MPH)
                                 MISC ---->  # 45 160               # 62  160
================================================================================
NOTES:
# LAST OF SEVERAL OCCURRENCES

COLUMN 17 PEAK WIND IN M.P.H.

PRELIMINARY LOCAL CLIMATOLOGICAL DATA (WS FORM: F-6) , PAGE 2

                                          STATION:  CEDAR CITY UT
                                          MONTH:    DECEMBER
                                          YEAR:     2014
                                          LATITUDE:   37 42 N
                                          LONGITUDE: 113  6 W

[TEMPERATURE DATA]      [PRECIPITATION DATA]       SYMBOLS USED IN COLUMN 16

AVERAGE MONTHLY: 38.3   TOTAL FOR MONTH:   0.44    1 = FOG OR MIST
DPTR FM NORMAL:   9.3   DPTR FM NORMAL:   -0.17    2 = FOG REDUCING VISIBILITY
HIGHEST:    58 ON 22    GRTST 24HR  0.26 ON 12-13      TO 1/4 MILE OR LESS
LOWEST:     16 ON 23                               3 = THUNDER
                        SNOW, ICE PELLETS, HAIL    4 = ICE PELLETS
                        TOTAL MONTH:   0.0 INCH    5 = HAIL
                        GRTST 24HR     0.0         6 = FREEZING RAIN OR DRIZZLE
                        GRTST DEPTH:   0           7 = DUSTSTORM OR SANDSTORM:
                                                       VSBY 1/2 MILE OR LESS
                                                   8 = SMOKE OR HAZE
[NO. OF DAYS WITH]      [WEATHER - DAYS WITH]      9 = BLOWING SNOW
                                                   X = TORNADO
MAX 32 OR BELOW:   0    0.01 INCH OR MORE:   6
MAX 90 OR ABOVE:   0    0.10 INCH OR MORE:   2
MIN 32 OR BELOW:  18    0.50 INCH OR MORE:   0
MIN  0 OR BELOW:   0    1.00 INCH OR MORE:   0

[HDD (BASE 65) ]
TOTAL THIS MO.   607    CLEAR  (SCALE 0-3)  13
DPTR FM NORMAL  -219    PTCLDY (SCALE 4-7)   8
TOTAL FM JUL 1  1798    CLOUDY (SCALE 8-10)  2
DPTR FM NORMAL  -470

[CDD (BASE 65) ]
TOTAL THIS MO.     0
DPTR FM NORMAL     0    [PRESSURE DATA]
TOTAL FM JAN 1   607    HIGHEST SLP M ON M
DPTR FM NORMAL    19    LOWEST  SLP 29.72 ON 12

[REMARKS]
