000
CXUS55 KCYS 012100
CF6CDR
PRELIMINARY LOCAL CLIMATOLOGICAL DATA (WS FORM: F-6)     ...CORRECTED...

                                          STATION:   CHADRON NEBRASKA AIRPORT
                                          MONTH:     SEPTEMBER
                                          YEAR:      2014
                                          LATITUDE:   42 50 N
                                          LONGITUDE: 103  6 W

  TEMPERATURE IN F:       :PCPN:    SNOW:  WIND      :SUNSHINE: SKY     :PK WND
================================================================================
1   2   3   4   5  6A  6B    7    8   9   10  11  12  13   14  15   16   17  18
                                     12Z  AVG MX 2MIN
DY MAX MIN AVG DEP HDD CDD  WTR  SNW DPTH SPD SPD DIR MIN PSBL S-S WX    SPD DR
================================================================================

 1  76  46  61  -7   4   0 0.02    M    M  7.7 37 330   M    M   1 3      47 330
 2  86  43  65  -2   0   0 0.00    M    M  5.8 20 230   M    M   0        23 220
 3  97  51  74   7   0   9 0.00    M    M  5.7 23 280   M    M   0 3      29 280
 4  74  51  63  -3   2   0 0.00    M    M  6.8 20 300   M    M   1        25 260
 5  65  52  59  -7   6   0    T    M    M  3.8 10 190   M    M   9        15 160
 6  79  48  64  -2   1   0 0.00    M    M  3.2 16 240   M    M   3 8      21 240
 7  90  56  73   8   0   8 0.00    M    M  6.7 17 260   M    M   0 8      23 190
 8  91  48  70   5   0   5 0.00    M    M  7.5 15 240   M    M   0        19 230
 9  75  48  62  -2   3   0    T    M    M  8.6 24  20   M    M   7 18     28  30
10  55  41  48 -16  17   0 0.38    M    M 10.7 22  40   M    M  10 1      28  40
11  41  35  38 -25  27   0 0.18    M    M 11.3 17  30   M    M   8 1      22  20
12  56  31  44 -19  21   0 0.02    M    M  7.8 18 170   M    M   5 1      23 210
13  68  35  52 -10  13   0 0.00    M    M  6.9 16  20   M    M   0        22  20
14  66  36  51 -11  14   0 0.00    M    M  6.7 20  10   M    M   4        23  10
15  72  33  53  -8  12   0 0.00    M    M  7.0 18 190   M    M   0        25 190
16  86  45  66   5   0   1 0.00    M    M  4.3 10 240   M    M   0 1      13 240
17  86  46  66   6   0   1 0.00    M    M  4.9 14 250   M    M   0 18     17 240
18  94  46  70  10   0   5 0.00    M    M 10.2 28 180   M    M   0 18     36 190
19  88  54  71  12   0   6 0.00    M    M  6.8 16 310   M    M   0        27 200
20  83  45  64   5   1   0 0.00    M    M  9.6 25 300   M    M   0        34 310
21  78  39  59   1   6   0 0.00    M    M  6.0 16 160   M    M   0        20 160
22  76  55  66   8   0   1    T    M    M 13.7 28 170   M    M   3        34 160
23  78  50  64   6   1   0    T    M    M  6.5 22 280   M    M   4        26 270
24  88  44  66   9   0   1 0.00    M    M  4.6  9 110   M    M   0        13 140
25  94  47  71  15   0   6 0.00    M    M 10.9 28 180   M    M   0        37 180
26  94  61  78  22   0  13 0.00    M    M 14.6 30 180   M    M   0        38 190
27  90  51  71  15   0   6 0.00    M    M  6.5 15  20   M    M   0        18 270
28  64  52  58   3   7   0 0.02    M    M 11.9 18  30   M    M   7 13     23  40
29  58  51  55   0  10   0 2.57    M    M 10.4 26  40   M    M  10 123    30  50
30  70  49  60   6   5   0 0.51    M    M 16.5 41 280   M    M   7 1      54 280
================================================================================
SM 2318 1389       150  62  3.70    M    243.6          M       79
================================================================================
AV 77.3 46.3                               8.1 FASTST   M    M   3    MAX(MPH)
                                 MISC ---->    41 280                 54  280
================================================================================
NOTES:
# LAST OF SEVERAL OCCURRENCES

COLUMN 17 PEAK WIND IN M.P.H.

PRELIMINARY LOCAL CLIMATOLOGICAL DATA (WS FORM: F-6) , PAGE 2

                                          STATION:  CHADRON NEBRASKA AIRPORT
                                          MONTH:    SEPTEMBER
                                          YEAR:     2014
                                          LATITUDE:   42 50 N
                                          LONGITUDE: 103  6 W

[TEMPERATURE DATA]      [PRECIPITATION DATA]       SYMBOLS USED IN COLUMN 16

AVERAGE MONTHLY: 61.8   TOTAL FOR MONTH:   3.70    1 = FOG OR MIST
DPTR FM NORMAL:   0.8   DPTR FM NORMAL:    1.97    2 = FOG REDUCING VISIBILITY
HIGHEST:    97 ON  3    GRTST 24HR  2.93 ON 29-30      TO 1/4 MILE OR LESS
LOWEST:     31 ON 12                               3 = THUNDER
                        SNOW, ICE PELLETS, HAIL    4 = ICE PELLETS
                        TOTAL MONTH:    M          5 = HAIL
                        GRTST 24HR    M  ON   M    6 = FREEZING RAIN OR DRIZZLE
                        GRTST DEPTH:  M  ON   M    7 = DUSTSTORM OR SANDSTORM:
                                                       VSBY 1/2 MILE OR LESS
                                                   8 = SMOKE OR HAZE
[NO. OF DAYS WITH]      [WEATHER - DAYS WITH]      9 = BLOWING SNOW
                                                   X = TORNADO
MAX 32 OR BELOW:   0    0.01 INCH OR MORE:   7
MAX 90 OR ABOVE:   7    0.10 INCH OR MORE:   4
MIN 32 OR BELOW:   1    0.50 INCH OR MORE:   2
MIN  0 OR BELOW:   0    1.00 INCH OR MORE:   1

[HDD (BASE 65) ]
TOTAL THIS MO.   150    CLEAR  (SCALE 0-3)  19
DPTR FM NORMAL   -31    PTCLDY (SCALE 4-7)   8
TOTAL FM JUL 1   164    CLOUDY (SCALE 8-10)  3
DPTR FM NORMAL   -47

[CDD (BASE 65) ]
TOTAL THIS MO.    62
DPTR FM NORMAL    -1    [PRESSURE DATA]
TOTAL FM JAN 1   647    HIGHEST SLP 30.64 ON 12
DPTR FM NORMAL   -63    LOWEST  SLP 29.43 ON 30

[REMARKS]
...SEPTEMBER 2014 WAS THE 7TH WETTEST SEPTEMBER ON RECORD...

NEW RECORD COLDEST HIGH TEMPERATURE OF 41 DEGREES WAS SET ON THE 11TH. THE OLD
 RECORD WAS 51 DEGREES SET IN 1950.
TIED RECORD LOW TEMPERATURE OF 31 DEGREES ON THE 12TH...LAST SET IN 1989.
TIED RECORD HIGH TEMPERATURE OF 94 DEGREES ON THE 25TH...LAST SET IN 1964.
NEW RECORD HIGH TEMPERATURE OF 94 DEGREES SET ON THE 26TH. THE OLD RECORD WAS 93
 DEGREES SET IN 2001.
NEW RECORD DAILY PRECIPITATION AMOUNT OF 2.57 INCHES SET ON THE 29TH. THE OLD
 RECORD WAS 0.50 INCH SET IN 1977.

PRECIPITATION AMOUNT FOR THE 30TH DETERMINED USING ASOS 5 MINUTE OBSERVATION
DATA...AND CHADRON 3SW (25-1575) COOPERATIVE OBSERVING SITE.
#FINAL-09-14#
