000
CXUS54 KLUB 290755
CF6CDS
PRELIMINARY LOCAL CLIMATOLOGICAL DATA (WS FORM: F-6)

                                          STATION:   CHILDRESS
                                          MONTH:     JUNE
                                          YEAR:      2015
                                          LATITUDE:   34 25 N
                                          LONGITUDE: 100 17 W

  TEMPERATURE IN F:       :PCPN:    SNOW:  WIND      :SUNSHINE: SKY     :PK WND
================================================================================
1   2   3   4   5  6A  6B    7    8   9   10  11  12  13   14  15   16   17  18
                                     12Z  AVG MX 2MIN
DY MAX MIN AVG DEP HDD CDD  WTR  SNW DPTH SPD SPD DIR MIN PSBL S-S WX    SPD DR
================================================================================

 1  87  62  75  -1   0  10 0.00  0.0    0 10.1 22 170   M    M   1        28 160
 2  90  66  78   2   0  13    T  0.0    0 14.1 25 170   M    M   0 8      31 180
 3  92  66  79   3   0  14 0.00  0.0    0 15.9 28 170   M    M   0 8      36 150
 4  91  67  79   3   0  14 0.00  0.0    0 15.0 29 160   M    M   0        34 170
 5  90  65  78   2   0  13 0.00  0.0    0 11.1 21 180   M    M   0        27 180
 6  91  66  79   2   0  14 0.00  0.0    0 10.5 22 190   M    M   1        27 200
 7  93  68  81   4   0  16 0.00  0.0    0 12.1 26 360   M    M   0        31 360
 8  92  71  82   5   0  17    T  0.0    0  8.5 13 320   M    M   1         M  M
 9  94  73  84   6   0  19 0.00  0.0    M  6.8 25 260   M    M   1 8      29 260
10  98  72  85   7   0  20 0.00  0.0    0 12.2 22 190   M    M   1        28 200
11  97  72  85   7   0  20 0.00  0.0    0 16.9 24 160   M    M   0        31 190
12  92  66  79   1   0  14 1.25  0.0    0 13.1 28 250   M    M   6 138    34 250
13  80  65  73  -5   0   8 0.73  0.0    0  8.5 31 310   M    M   6 13     37 320
14  86  65  76  -3   0  11 1.11  0.0    0  8.0 36 270   M    M   5 13     43 260
15  82  67  75  -4   0  10 0.33  0.0    0  5.3 24 360   M    M   5 13     31 360
16  85  71  78  -1   0  13 0.00  0.0    0  5.7 10 120   M    M   6         M  M
17  84  71  78  -2   0  13 0.01  0.0    0  4.5 10  60   M    M   6 1      15  50
18  93  69  81   1   0  16 0.00  0.0    0  4.8 10 130   M    M   2        13 250
19  96  71  84   4   0  19 0.00  0.0    0  9.8 20 220   M    M   0 8      25 230
20  94  71  83   3   0  18 0.00  0.0    0 15.8 26 200   M    M   1        32 210
21  93  70  82   2   0  17 0.00  0.0    0 12.8 22 190   M    M   2        28 180
22  93  71  82   1   0  17 0.00  0.0    0 18.0 32 210   M    M   0        37 220
23  94  67  81   0   0  16 0.00  0.0    0 11.4 22 200   M    M   0 8      27 180
24  95  70  83   2   0  18 0.00  0.0    0 11.7 21 200   M    M   1        28 190
25  96  71  84   3   0  19 0.00  0.0    0 13.0 26 240   M    M   1        30 250
26  91  73  82   1   0  17 0.00  0.0    0  8.6 18 250   M    M   1 3      22 230
27  89  71  80  -2   0  15 0.00  0.0    0  6.1 14  60   M    M   1        20  60
28  95  68  82   0   0  17 0.00  0.0    0  9.5 15 150   M    M   0        26 190
================================================================================
SM 2553 1925         0 428  3.43     0.0 299.8          M       48
================================================================================
AV 91.2 68.8                              10.7 FASTST   M    M   2    MAX(MPH)
                                 MISC ---->  # 36 270               # 43  260
================================================================================
NOTES:
# LAST OF SEVERAL OCCURRENCES

COLUMN 17 PEAK WIND IN M.P.H.

PRELIMINARY LOCAL CLIMATOLOGICAL DATA (WS FORM: F-6) , PAGE 2

                                          STATION:  CHILDRESS
                                          MONTH:    JUNE
                                          YEAR:     2015
                                          LATITUDE:   34 25 N
                                          LONGITUDE: 100 17 W

[TEMPERATURE DATA]      [PRECIPITATION DATA]       SYMBOLS USED IN COLUMN 16

AVERAGE MONTHLY: 80.0   TOTAL FOR MONTH:   3.43    1 = FOG OR MIST
DPTR FM NORMAL:   1.1   DPTR FM NORMAL:   -0.32    2 = FOG REDUCING VISIBILITY
HIGHEST:    98 ON 10    GRTST 24HR  1.42 ON 14-15      TO 1/4 MILE OR LESS
LOWEST:     62 ON  1                               3 = THUNDER
                        SNOW, ICE PELLETS, HAIL    4 = ICE PELLETS
                        TOTAL MONTH:   0.0 INCH    5 = HAIL
                        GRTST 24HR     0.0         6 = FREEZING RAIN OR DRIZZLE
                        GRTST DEPTH:   0           7 = DUSTSTORM OR SANDSTORM:
                                                       VSBY 1/2 MILE OR LESS
                                                   8 = SMOKE OR HAZE
[NO. OF DAYS WITH]      [WEATHER - DAYS WITH]      9 = BLOWING SNOW
                                                   X = TORNADO
MAX 32 OR BELOW:   0    0.01 INCH OR MORE:   5
MAX 90 OR ABOVE:  21    0.10 INCH OR MORE:   4
MIN 32 OR BELOW:   0    0.50 INCH OR MORE:   3
MIN  0 OR BELOW:   0    1.00 INCH OR MORE:   2

[HDD (BASE 65) ]
TOTAL THIS MO.     0    CLEAR  (SCALE 0-3)  22
DPTR FM NORMAL     0    PTCLDY (SCALE 4-7)   6
TOTAL FM JUL 1  2973    CLOUDY (SCALE 8-10)  0
DPTR FM NORMAL  -142

[CDD (BASE 65) ]
TOTAL THIS MO.   428
DPTR FM NORMAL    40    [PRESSURE DATA]
TOTAL FM JAN 1   628    HIGHEST SLP M ON M
DPTR FM NORMAL   -72    LOWEST  SLP 29.58 ON 11

[REMARKS]
