000
CXUS56 KEKA 011236
CF6CEC
PRELIMINARY LOCAL CLIMATOLOGICAL DATA (WS FORM: F-6)

                                          STATION:   CRESCENT CITY CA
                                          MONTH:     SEPTEMBER
                                          YEAR:      2014
                                          LATITUDE:   41 46 N
                                          LONGITUDE: 124 14 W

  TEMPERATURE IN F:       :PCPN:    SNOW:  WIND      :SUNSHINE: SKY     :PK WND
================================================================================
1   2   3   4   5  6A  6B    7    8   9   10  11  12  13   14  15   16   17  18
                                     12Z  AVG MX 2MIN
DY MAX MIN AVG DEP HDD CDD  WTR  SNW DPTH SPD SPD DIR MIN PSBL S-S WX    SPD DR
================================================================================

 1  66  50  58   1   7   0 0.00  0.0    0  7.6 20 350   M    M   1 1      27 340
 2  65  49  57   0   8   0 0.00  0.0    0 10.1 22 360   M    M   1 28     31 350
 3  63  54  59   2   6   0 0.00  0.0    0 19.0 28 340   M    M   0 8      40 340
 4  66  53  60   4   5   0 0.00  0.0    0 10.5 21 330   M    M   6 8      28 340
 5  59  50  55  -1  10   0 0.00  0.0    0  7.3 12 190   M    M   9 2      15 170
 6  59  53  56   0   9   0 0.00  0.0    0  4.5  9 180   M    M  10 1      11 200
 7  58  51  55  -1  10   0 0.00  0.0    0  3.3 10 320   M    M  10 1      12 320
 8  58  51  55  -1  10   0 0.00  0.0    0  6.1 12 170   M    M  10 1      15 180
 9  65  49  57   1   8   0 0.00  0.0    0  6.3 21 340   M    M   4 18     28 340
10  64  51  58   2   7   0 0.00  0.0    0  8.4 17 160   M    M   0 18     23 160
11  69  47  58   2   7   0 0.00  0.0    0  5.0 14 160   M    M   1 2      16 170
12  63  49  56   0   9   0 0.00  0.0    0  3.8 13 190   M    M   7 28     16 180
13  62  48  55  -1  10   0 0.00  0.0    0  3.5 13 190   M    M   7 28     15 180
14  57  46  52  -4  13   0 0.00  0.0    0  4.6 12 170   M    M  10 2      15 170
15  63  52  58   2   7   0 0.00  0.0    0  7.3 16 180   M    M   8 1      19 200
16  68  50  59   3   6   0 0.00  0.0    0  4.6 10 210   M    M   0 18     14 200
17  64  53  59   4   6   0 0.25  0.0    0  4.6 14 180   M    M   6 1      17 180
18  72  56  64   9   1   0 0.17  0.0    0  5.6 14 330   M    M   3 18     17 340
19  70  52  61   6   4   0 0.00  0.0    0  6.6 17 350   M    M   2 28     24 350
20  63  56  60   5   5   0 0.00  0.0    0  7.3 15 180   M    M   7 2      17 170
21  66  59  63   8   2   0 0.00  0.0    0  6.1 15 180   M    M  10 1      18 170
22  69  59  64   9   1   0    T  0.0    0  6.3 14 180   M    M   6        17 180
23  71  60  66  11   0   1 0.12  0.0    0 13.8 28 200   M    M  10 1      37 210
24  61  57  59   4   6   0 2.75  0.0    0  6.4 15 160   M    M   8 1      19 180
25  68  56  62   7   3   0 0.01  0.0    0  9.0 17 180   M    M   8        22 180
26  66  54  60   5   5   0 0.00  0.0    0  5.7 12 330   M    M   4 2      14 340
27  65  50  58   3   7   0 0.00  0.0    0 11.3 29 340   M    M   4 28     39 330
28  66  56  61   7   4   0 0.00  0.0    0 11.1 18 160   M    M   2 1      24 170
29  66  57  62   8   3   0 0.05  0.0    0  4.8 20 160   M    M   9 1      24 160
30  65  52  59   5   6   0 0.00  0.0    0 14.0 28 340   M    M   1 18     38 330
================================================================================
SM 1937 1580       185   1  3.35     0.0 224.5          M      164
================================================================================
AV 64.6 52.7                               7.5 FASTST   M    M   5    MAX(MPH)
                                 MISC ---->  # 29 340               # 40  340
================================================================================
NOTES:
# LAST OF SEVERAL OCCURRENCES

COLUMN 17 PEAK WIND IN M.P.H.

PRELIMINARY LOCAL CLIMATOLOGICAL DATA (WS FORM: F-6) , PAGE 2

                                          STATION:  CRESCENT CITY CA
                                          MONTH:    SEPTEMBER
                                          YEAR:     2014
                                          LATITUDE:   41 46 N
                                          LONGITUDE: 124 14 W

[TEMPERATURE DATA]      [PRECIPITATION DATA]       SYMBOLS USED IN COLUMN 16

AVERAGE MONTHLY: 58.6   TOTAL FOR MONTH:   3.35    1 = FOG OR MIST
DPTR FM NORMAL:   3.1   DPTR FM NORMAL:    2.42    2 = FOG REDUCING VISIBILITY
HIGHEST:    72 ON 18    GRTST 24HR  2.87 ON 23-24      TO 1/4 MILE OR LESS
LOWEST:     46 ON 14                               3 = THUNDER
                        SNOW, ICE PELLETS, HAIL    4 = ICE PELLETS
                        TOTAL MONTH:   0.0 INCH    5 = HAIL
                        GRTST 24HR     0.0         6 = FREEZING RAIN OR DRIZZLE
                        GRTST DEPTH:   0           7 = DUSTSTORM OR SANDSTORM:
                                                       VSBY 1/2 MILE OR LESS
                                                   8 = SMOKE OR HAZE
[NO. OF DAYS WITH]      [WEATHER - DAYS WITH]      9 = BLOWING SNOW
                                                   X = TORNADO
MAX 32 OR BELOW:   0    0.01 INCH OR MORE:   6
MAX 90 OR ABOVE:   0    0.10 INCH OR MORE:   4
MIN 32 OR BELOW:   0    0.50 INCH OR MORE:   1
MIN  0 OR BELOW:   0    1.00 INCH OR MORE:   1

[HDD (BASE 65) ]
TOTAL THIS MO.   185    CLEAR  (SCALE 0-3)  10
DPTR FM NORMAL   -99    PTCLDY (SCALE 4-7)  11
TOTAL FM JUL 1   607    CLOUDY (SCALE 8-10)  9
DPTR FM NORMAL  -197

[CDD (BASE 65) ]
TOTAL THIS MO.     1
DPTR FM NORMAL     1    [PRESSURE DATA]
TOTAL FM JAN 1     1    HIGHEST SLP 30.13 ON 30
DPTR FM NORMAL     1    LOWEST  SLP 29.70 ON 17

[REMARKS]
#FINAL-09-14#
