000
CXUS55 KGJT 261000
CF6CEZ
PRELIMINARY LOCAL CLIMATOLOGICAL DATA (WS FORM: F-6)

                                          STATION:   CORTEZ CO
                                          MONTH:     FEBRUARY
                                          YEAR:      2017
                                          LATITUDE:   37 17 N
                                          LONGITUDE: 108 38 W

  TEMPERATURE IN F:       :PCPN:    SNOW:  WIND      :SUNSHINE: SKY     :PK WND
================================================================================
1   2   3   4   5  6A  6B    7    8   9   10  11  12  13   14  15   16   17  18
                                     12Z  AVG MX 2MIN
DY MAX MIN AVG DEP HDD CDD  WTR  SNW DPTH SPD SPD DIR MIN PSBL S-S WX    SPD DR
================================================================================

 1  50  16  33   4  32   0 0.00    M    M  5.3 10  50   M    M   0        12  80
 2  48  22  35   5  30   0 0.00    M    M  2.9 12 200   M    M   1        14 210
 3  50  19  35   5  30   0 0.00    M    M  4.7 14 170   M    M   1        18 180
 4  50  26  38   8  27   0 0.00    M    M  3.7 12  50   M    M   2        13  50
 5  53  22  38   8  27   0 0.00    M    M  2.5  9  70   M    M   0        10 210
 6  46  29  38   8  27   0 0.00    M    M  5.5 21 210   M    M   7        25 200
 7  47  35  41  11  24   0    T    M    M  5.2 18 200   M    M  10        20 190
 8  58  32  45  15  20   0 0.00    M    M  4.4 10  50   M    M   5        12 350
 9  62  28  45  14  20   0 0.00    M    M  2.7  9  60   M    M   0 1      11  70
10  67  32  50  19  15   0 0.00    M    M  5.1 18 210   M    M   1        30 170
11  61  40  51  20  14   0 0.04    M    M  6.1 15  20   M    M   4 1      21 220
12  50  37  44  13  21   0    T    M    M  5.3 16 140   M    M   8        21 130
13  39  34  37   5  28   0 0.02    M    M  5.8 15 210   M    M  10 1      21 250
14  52  28  40   8  25   0 0.00    M    M  3.5 13 300   M    M   6 1      16 300
15  52  22  37   5  28   0 0.00    M    M  5.3 13 280   M    M   0        26 330
16  54  21  38   6  27   0 0.00    M    M  3.9 12 210   M    M   0        16 300
17  54  27  41   9  24   0    T    M    M  4.3 22 210   M    M   7        26 210
18  57  30  44  11  21   0 0.00    M    M  6.3 21 140   M    M   5        27 140
19  48  35  42   9  23   0 0.30    M    M  7.7 21 150   M    M  10 13     25 140
20  51  30  41   8  24   0 0.00    M    M  4.1 14 290   M    M   4        17 290
21  60  33  47  14  18   0 0.00    M    M  5.5 22 200   M    M   4        27 210
22  62  35  49  15  16   0 0.00    M    M 11.5 29 210   M    M   1        37 210
23  44  21  33  -1  32   0 0.02    M    M 12.7 28 270   M    M   5 1      35 280
24  35  17  26  -8  39   0    T    M    M  5.6 21 270   M    M   6        27 290
25  38  11  25  -9  40   0 0.00    M    M  5.1 20 300   M    M   2        23 320
================================================================================
SM 1288  682       632   0  0.38    M    134.7          M       99
================================================================================
AV 51.5 27.3                               5.4 FASTST   M    M   4    MAX(MPH)
                                 MISC ---->  # 29 210               # 37  210
================================================================================
NOTES:
# LAST OF SEVERAL OCCURRENCES

COLUMN 17 PEAK WIND IN M.P.H.

PRELIMINARY LOCAL CLIMATOLOGICAL DATA (WS FORM: F-6) , PAGE 2

                                          STATION:  CORTEZ CO
                                          MONTH:    FEBRUARY
                                          YEAR:     2017
                                          LATITUDE:   37 17 N
                                          LONGITUDE: 108 38 W

[TEMPERATURE DATA]      [PRECIPITATION DATA]       SYMBOLS USED IN COLUMN 16

AVERAGE MONTHLY: 39.4   TOTAL FOR MONTH:   0.38    1 = FOG OR MIST
DPTR FM NORMAL:   7.8   DPTR FM NORMAL:   -0.41    2 = FOG REDUCING VISIBILITY
HIGHEST:    67 ON 10    GRTST 24HR  0.30 ON 19-19      TO 1/4 MILE OR LESS
LOWEST:     11 ON 25                               3 = THUNDER
                        SNOW, ICE PELLETS, HAIL    4 = ICE PELLETS
                        TOTAL MONTH:    M          5 = HAIL
                        GRTST 24HR    M  ON   M    6 = FREEZING RAIN OR DRIZZLE
                        GRTST DEPTH:  M  ON   M    7 = DUSTSTORM OR SANDSTORM:
                                                       VSBY 1/2 MILE OR LESS
                                                   8 = SMOKE OR HAZE
[NO. OF DAYS WITH]      [WEATHER - DAYS WITH]      9 = BLOWING SNOW
                                                   X = TORNADO
MAX 32 OR BELOW:   0    0.01 INCH OR MORE:   4
MAX 90 OR ABOVE:   0    0.10 INCH OR MORE:   1
MIN 32 OR BELOW:  18    0.50 INCH OR MORE:   0
MIN  0 OR BELOW:   0    1.00 INCH OR MORE:   0

[HDD (BASE 65) ]
TOTAL THIS MO.   632    CLEAR  (SCALE 0-3)  11
DPTR FM NORMAL  -202    PTCLDY (SCALE 4-7)  10
TOTAL FM JUL 1  4017    CLOUDY (SCALE 8-10)  4
DPTR FM NORMAL  -622

[CDD (BASE 65) ]
TOTAL THIS MO.     0
DPTR FM NORMAL     0    [PRESSURE DATA]
TOTAL FM JAN 1     0    HIGHEST SLP M ON M
DPTR FM NORMAL     0    LOWEST  SLP 29.27 ON 23

[REMARKS]
