000
CXUS55 KDVN 201100
CF6CID
PRELIMINARY LOCAL CLIMATOLOGICAL DATA (WS FORM: F-6)

                                          STATION:   CEDAR RAPIDS IA
                                          MONTH:     FEBRUARY
                                          YEAR:      2018
                                          LATITUDE:   41 52 N
                                          LONGITUDE:  91 42 W

  TEMPERATURE IN F:       :PCPN:    SNOW:  WIND      :SUNSHINE: SKY     :PK WND
================================================================================
1   2   3   4   5  6A  6B    7    8   9   10  11  12  13   14  15   16   17  18
                                     12Z  AVG MX 2MIN
DY MAX MIN AVG DEP HDD CDD  WTR  SNW DPTH SPD SPD DIR MIN PSBL S-S WX    SPD DR
================================================================================

 1  34   4  19  -2  46   0 0.00    M    M 18.5 30 310   M    M   1        40 330
 2  21  -3   9 -12  56   0    T    M    M  7.2 15 220   M    M   4        19 230
 3  46  18  32  11  33   0 0.03    M    M 10.1 25 220   M    M  10 1      30 220
 4  34  -4  15  -6  50   0    T    M    M 17.1 29 340   M    M   6 18     35 340
 5  11  -5   3 -18  62   0 0.16    M    M  6.6 15 150   M    M   5 128    18 180
 6  13  -9   2 -20  63   0    T    M    M  5.2 13 310   M    M   4 18     14 310
 7  14   0   7 -15  58   0    T    M    M  8.0 17 290   M    M   5 18     22 320
 8  21   6  14  -8  51   0 0.04    M    M  7.3 17  50   M    M   9 18     21  80
 9  20   8  14  -8  51   0 0.01    M    M 14.6 25  30   M    M   8 18     31  30
10  14   8  11 -12  54   0 0.01    M    M  8.8 15 350   M    M   5 18     18 360
11  16   2   9 -14  56   0 0.04    M    M  9.9 16 290   M    M   3 18     19 290
12  20  -4   8 -15  57   0 0.00    M    M  6.4 12 100   M    M   0        14  90
13  32  12  22  -2  43   0 0.00    M    M  9.2 16 150   M    M   4 8      20 170
14  42  25  34  10  31   0 0.00  0.0    0 10.8 16 210   M    M   0 18     22 210
15  47  34  41  17  24   0 0.00    M    M  8.3 21 350   M    M   5 128    28 340
16  34  13  24  -1  41   0 0.00    M    M 12.7 25 330   M    M   2        32 320
17  32  17  25   0  40   0 0.10    M    M  8.9 23 300   M    M   6 12     26 310
18  46  15  31   6  34   0 0.00    M    M 13.1 26 160   M    M   4 128    38 160
19  50  33  42  16  23   0 0.30    M    M  7.5 15 240   M    M   9 123    17 250
================================================================================
SM  547  170       873   0  0.69     0.0 190.2          M       90
================================================================================
AV 28.8  9.0                              10.0 FASTST   M    M   5    MAX(MPH)
                                 MISC ---->  # 30 310               # 40  330
================================================================================
NOTES:
# LAST OF SEVERAL OCCURRENCES

COLUMN 17 PEAK WIND IN M.P.H.

PRELIMINARY LOCAL CLIMATOLOGICAL DATA (WS FORM: F-6) , PAGE 2

                                          STATION:  CEDAR RAPIDS IA
                                          MONTH:    FEBRUARY
                                          YEAR:     2018
                                          LATITUDE:   41 52 N
                                          LONGITUDE:  91 42 W

[TEMPERATURE DATA]      [PRECIPITATION DATA]       SYMBOLS USED IN COLUMN 16

AVERAGE MONTHLY: 18.9   TOTAL FOR MONTH:   0.69    1 = FOG OR MIST
DPTR FM NORMAL:  -4.0   DPTR FM NORMAL:   -0.07    2 = FOG REDUCING VISIBILITY
HIGHEST:    50 ON 19    GRTST 24HR  0.30 ON 19-19      TO 1/4 MILE OR LESS
LOWEST:     -9 ON  6                               3 = THUNDER
                        SNOW, ICE PELLETS, HAIL    4 = ICE PELLETS
                        TOTAL MONTH:   0.0 INCH    5 = HAIL
                        GRTST 24HR     0.0         6 = FREEZING RAIN OR DRIZZLE
                        GRTST DEPTH:   0           7 = DUSTSTORM OR SANDSTORM:
                                                       VSBY 1/2 MILE OR LESS
                                                   8 = SMOKE OR HAZE
[NO. OF DAYS WITH]      [WEATHER - DAYS WITH]      9 = BLOWING SNOW
                                                   X = TORNADO
MAX 32 OR BELOW:  11    0.01 INCH OR MORE:   8
MAX 90 OR ABOVE:   0    0.10 INCH OR MORE:   3
MIN 32 OR BELOW:  17    0.50 INCH OR MORE:   0
MIN  0 OR BELOW:   6    1.00 INCH OR MORE:   0

[HDD (BASE 65) ]
TOTAL THIS MO.   873    CLEAR  (SCALE 0-3)   5
DPTR FM NORMAL    73    PTCLDY (SCALE 4-7)  11
TOTAL FM JUL 1  4783    CLOUDY (SCALE 8-10)  3
DPTR FM NORMAL  -165

[CDD (BASE 65) ]
TOTAL THIS MO.     0
DPTR FM NORMAL     0    [PRESSURE DATA]
TOTAL FM JAN 1     0    HIGHEST SLP M ON M
DPTR FM NORMAL     0    LOWEST  SLP 29.66 ON 19

[REMARKS]
