000
CXUS55 KOHX 251010
CF6CKV
PRELIMINARY LOCAL CLIMATOLOGICAL DATA (WS FORM: F-6)

                                          STATION:   CLARKSVILLE
                                          MONTH:     FEBRUARY
                                          YEAR:      2017
                                          LATITUDE:   36 37 N
                                          LONGITUDE:  87 25 W

  TEMPERATURE IN F:       :PCPN:    SNOW:  WIND      :SUNSHINE: SKY     :PK WND
================================================================================
1   2   3   4   5  6A  6B    7    8   9   10  11  12  13   14  15   16   17  18
                                     12Z  AVG MX 2MIN
DY MAX MIN AVG DEP HDD CDD  WTR  SNW DPTH SPD SPD DIR MIN PSBL S-S WX    SPD DR
================================================================================

 1  57  37  47  11  18   0 0.00    M    M  7.1 16  70   M    M   0        20  60
 2  41  29  35  -1  30   0 0.00    M    M 10.6 18  20   M    M   6        23  20
 3  39  21  30  -7  35   0 0.00    M    M 10.2 21 350   M    M   4        24 350
 4  47  16  32  -5  33   0 0.00    M    M  6.5 17 210   M    M   3        24 220
 5  60  39  50  13  15   0 0.00    M    M  6.1 18 220   M    M   4        26 230
 6  63  34  49  12  16   0 0.03    M    M  8.6 22 190   M    M   8 1      27 180
 7  65  51  58  21   7   0 2.51    M    M 10.4 22 200   M    M   7 123    32 220
 8  55  33  44   6  21   0    T    M    M 10.6 25 340   M    M   8 128    32 330
 9  34  24  29  -9  36   0 0.00    M    M 10.8 25 330   M    M   3        30 340
10  64  23  44   6  21   0 0.00  0.0    0 12.0 24 200   M    M   0        35 220
11  70  57  64  26   1   0    T  0.0    0 11.4 22 200   0    0   9        28 200
12  68  37  53  14  12   0    T    M    M 13.1 29 340   M    M   3 18     31 340
13  53  27  40   1  25   0 0.00  0.0    0  4.3 12  80   M    M   0        16  90
14  43  36  40   1  25   0 0.48    M    0  2.0 12 340   M    M  10 1      15 330
15  49  29  39   0  26   0 0.01    M    0  9.8 21 330   M    M   2 1      27 320
16  59  24  42   2  23   0 0.00  0.0    0  4.6 14 230   M    M   0        25 330
17  69  42  56  16   9   0 0.00  0.0    0  8.4 16 230   M    M   0        23 220
18  54  49  52  12  13   0 0.12    M    0  3.5 12 220   M    M   8 1      18 180
19  70  40  55  14  10   0 0.00  0.0    0  2.5  8 270   M    M   5 12     11 220
20  72  44  58  17   7   0 0.00  0.0    0  5.4 14 150   M    M   0 128    17 140
21  72  54  63  22   2   0 0.03  0.0    0  7.2 21 180   M    M   5        26 190
22  73  53  63  21   2   0    T  0.0    0  4.2 13 190   M    M   3 12     16 200
23  73  53  63  21   2   0 0.00  0.0    0  8.8 18 200   M    M   4 1      23 180
24  81  55  68  26   0   3 0.00  0.0    0 16.2 30 200   M    M   1        39 200
================================================================================
SM 1431  907       389   3  3.18     0.0 194.3            0     93
================================================================================
AV 59.6 37.8                               8.1 FASTST    0   0   4    MAX(MPH)
                                 MISC ---->  # 30 200               # 39  200
================================================================================
NOTES:
# LAST OF SEVERAL OCCURRENCES

COLUMN 17 PEAK WIND IN M.P.H.

PRELIMINARY LOCAL CLIMATOLOGICAL DATA (WS FORM: F-6) , PAGE 2

                                          STATION:  CLARKSVILLE
                                          MONTH:    FEBRUARY
                                          YEAR:     2017
                                          LATITUDE:   36 37 N
                                          LONGITUDE:  87 25 W

[TEMPERATURE DATA]      [PRECIPITATION DATA]       SYMBOLS USED IN COLUMN 16

AVERAGE MONTHLY: 48.7   TOTAL FOR MONTH:   3.18    1 = FOG OR MIST
DPTR FM NORMAL:   9.8   DPTR FM NORMAL:   -0.45    2 = FOG REDUCING VISIBILITY
HIGHEST:    81 ON 24    GRTST 24HR  2.51 ON  7- 7      TO 1/4 MILE OR LESS
LOWEST:     16 ON  4                               3 = THUNDER
                        SNOW, ICE PELLETS, HAIL    4 = ICE PELLETS
                        TOTAL MONTH:   0.0 INCH    5 = HAIL
                        GRTST 24HR     0.0         6 = FREEZING RAIN OR DRIZZLE
                        GRTST DEPTH:   0           7 = DUSTSTORM OR SANDSTORM:
                                                       VSBY 1/2 MILE OR LESS
                                                   8 = SMOKE OR HAZE
[NO. OF DAYS WITH]      [WEATHER - DAYS WITH]      9 = BLOWING SNOW
                                                   X = TORNADO
MAX 32 OR BELOW:   0    0.01 INCH OR MORE:   6
MAX 90 OR ABOVE:   0    0.10 INCH OR MORE:   3
MIN 32 OR BELOW:   8    0.50 INCH OR MORE:   1
MIN  0 OR BELOW:   0    1.00 INCH OR MORE:   1

[HDD (BASE 65) ]
TOTAL THIS MO.   389    CLEAR  (SCALE 0-3)  11
DPTR FM NORMAL  -237    PTCLDY (SCALE 4-7)   9
TOTAL FM JUL 1  2326    CLOUDY (SCALE 8-10)  4
DPTR FM NORMAL  -772

[CDD (BASE 65) ]
TOTAL THIS MO.     3
DPTR FM NORMAL     3    [PRESSURE DATA]
TOTAL FM JAN 1     3    HIGHEST SLP  0.00 ON 11
DPTR FM NORMAL     2    LOWEST  SLP 29.64 ON M

[REMARKS]
