000
CXUS51 KCLE 280800
CF6CLE
PRELIMINARY LOCAL CLIMATOLOGICAL DATA (WS FORM: F-6)

                                          STATION:   CLEVELAND OH
                                          MONTH:     MARCH
                                          YEAR:      2017
                                          LATITUDE:   41 24 N
                                          LONGITUDE:  81 51 W

  TEMPERATURE IN F:       :PCPN:    SNOW:  WIND      :SUNSHINE: SKY     :PK WND
================================================================================
1   2   3   4   5  6A  6B    7    8   9   10  11  12  13   14  15   16   17  18
                                     12Z  AVG MX 2MIN
DY MAX MIN AVG DEP HDD CDD  WTR  SNW DPTH SPD SPD DIR MIN PSBL S-S WX    SPD DR
================================================================================

 1  65  35  50  16  15   0 0.60    T    0 21.9 47 320   M    M  10 13     61 180
 2  35  27  31  -3  34   0 0.30  3.6    T 14.0 36 280   M    M   8 12     46 280
 3  28  24  26  -8  39   0 0.15  1.6    3 12.1 23 330   M    M   8 12389  33 330
 4  29  21  25  -9  40   0 0.00  0.0    2  9.1 18 300   M    M   3        23 320
 5  48  20  34  -1  31   0 0.00  0.0    1 11.5 18 160   M    M   6        24 160
 6  59  45  52  17  13   0 0.16  0.0    0 13.5 24 200   M    M  10 18     32 180
 7  61  44  53  18  12   0 0.54  0.0    0 15.4 26 200   M    M  10 3      36 200
 8  56  40  48  12  17   0 0.00  0.0    0 24.1 47 250   M    M   1        61 260
 9  49  34  42   6  23   0 0.04  0.4    0  9.4 26 280   M    M   8 1      33 280
10  36  22  29  -7  36   0 0.01  0.1    T 15.1 26 300   M    M  10 1      34 290
11  28  19  24 -12  41   0    T    T    0 12.7 23 280   M    M   7        29 310
12  29  22  26 -11  39   0    T    T    0  8.1 15  10   M    M   8        20  10
13  33  23  28  -9  37   0 0.09  1.1    0 12.0 28  30   M    M  10        35  40
14  27  19  23 -15  42   0 0.09  1.5    1 22.5 30 330   M    M  10 89     39  20
15  31  20  26 -12  39   0 0.02  0.2    1 19.1 29 280   M    M   7        39 320
16  38  26  32  -6  33   0    T    T    1 11.3 24 320   M    M   4        31 310
17  43  23  33  -6  32   0 0.07  0.5    0  9.5 22 200   M    M   7 189    28 200
18  41  35  38  -1  27   0 0.16  0.3    0  9.4 21 260   M    M  10 18     27 260
19  39  35  37  -2  28   0 0.02  0.0    0  6.0 12 330   M    M  10 12     15 350
20  49  34  42   2  23   0 0.01    T    0  6.2 18 160   M    M  10 14     24 160
21  57  33  45   5  20   0 0.00  0.0    0  9.5 24 360   M    M   8 128    32 330
22  33  23  28 -12  37   0 0.00  0.0    0 12.2 25 360   M    M   6        32  10
23  51  18  35  -6  30   0 0.00  0.0    0  6.2 16 150   M    M   3        19 150
24  74  42  58  17   7   0 0.32  0.0    0 16.7 28 240   M    M   8        36 220
25  66  42  54  12  11   0 0.00  0.0    0  6.7 16  40   M    M   8        17  40
26  68  42  55  13  10   0 0.23  0.0    0  9.7 20 170   M    M   9        26 180
27  64  54  59  17   6   0    T  0.0    0  7.9 16 220   M    M   9 18     19 230
================================================================================
SM 1237  822       722   0  2.81     9.3 331.8          M      208
================================================================================
AV 45.8 30.4                              12.3 FASTST   M    M   8    MAX(MPH)
                                 MISC ---->  # 47 320               # 61  180
================================================================================
NOTES:
# LAST OF SEVERAL OCCURRENCES

COLUMN 17 PEAK WIND IN M.P.H.

PRELIMINARY LOCAL CLIMATOLOGICAL DATA (WS FORM: F-6) , PAGE 2

                                          STATION:  CLEVELAND OH
                                          MONTH:    MARCH
                                          YEAR:     2017
                                          LATITUDE:   41 24 N
                                          LONGITUDE:  81 51 W

[TEMPERATURE DATA]      [PRECIPITATION DATA]       SYMBOLS USED IN COLUMN 16

AVERAGE MONTHLY: 38.1   TOTAL FOR MONTH:   2.81    1 = FOG OR MIST
DPTR FM NORMAL:   0.4   DPTR FM NORMAL:    0.32    2 = FOG REDUCING VISIBILITY
HIGHEST:    74 ON 24    GRTST 24HR  0.60 ON  1- 1      TO 1/4 MILE OR LESS
LOWEST:     18 ON 23                               3 = THUNDER
                        SNOW, ICE PELLETS, HAIL    4 = ICE PELLETS
                        TOTAL MONTH:   9.3 INCHES  5 = HAIL
                        GRTST 24HR   3.6 ON   M    6 = FREEZING RAIN OR DRIZZLE
                        GRTST DEPTH:   3 ON  3     7 = DUSTSTORM OR SANDSTORM:
                                                       VSBY 1/2 MILE OR LESS
                                                   8 = SMOKE OR HAZE
[NO. OF DAYS WITH]      [WEATHER - DAYS WITH]      9 = BLOWING SNOW
                                                   X = TORNADO
MAX 32 OR BELOW:   6    0.01 INCH OR MORE:  16
MAX 90 OR ABOVE:   0    0.10 INCH OR MORE:   8
MIN 32 OR BELOW:  14    0.50 INCH OR MORE:   2
MIN  0 OR BELOW:   0    1.00 INCH OR MORE:   0

[HDD (BASE 65) ]
TOTAL THIS MO.   722    CLEAR  (SCALE 0-3)   3
DPTR FM NORMAL   -15    PTCLDY (SCALE 4-7)  10
TOTAL FM JUL 1  4033    CLOUDY (SCALE 8-10) 14
DPTR FM NORMAL  -921

[CDD (BASE 65) ]
TOTAL THIS MO.     0
DPTR FM NORMAL     0    [PRESSURE DATA]
TOTAL FM JAN 1     0    HIGHEST SLP M ON M
DPTR FM NORMAL     0    LOWEST  SLP 29.44 ON  1

[REMARKS]
