000
CXUS55 KLOX 311655
CF6CMA
PRELIMINARY LOCAL CLIMATOLOGICAL DATA (WS FORM: F-6)

                                          STATION:   CAMARILLO AIRPORT CA
                                          MONTH:     AUGUST
                                          YEAR:      2014
                                          LATITUDE:   34 12 N
                                          LONGITUDE: 119  6 W

  TEMPERATURE IN F:       :PCPN:    SNOW:  WIND      :SUNSHINE: SKY     :PK WND
================================================================================
1   2   3   4   5  6A  6B    7    8   9   10  11  12  13   14  15   16   17  18
                                     12Z  AVG MX 2MIN
DY MAX MIN AVG DEP HDD CDD  WTR  SNW DPTH SPD SPD DIR MIN PSBL S-S WX    SPD DR
================================================================================

 1  79  64  72   5   0   7 0.00  0.0    0  3.9 14 250   M    M   5 18     20 250
 2  78  65  72   5   0   7 0.00  0.0    0  4.1 16 230   M    M   5 18     20 230
 3  80  67  74   7   0   9 0.03  0.0    0  4.3 15 290   M    M   3 18     18 290
 4  79  62  71   4   0   6 0.00  0.0    0  5.1 16 270   M    M   2 18     21 270
 5  78  63  71   4   0   6 0.00  0.0    0  5.8 15 270   M    M   5        21 270
 6  75  64  70   3   0   5 0.00  0.0    0  5.1 14 270   M    M   7        18 270
 7  77  65  71   3   0   6 0.00  0.0    0  4.7 15 220   M    M   5        20 220
 8  79  62  71   3   0   6 0.00  0.0    0  4.6 14 220   M    M   5        18 230
 9  78  66  72   4   0   7 0.00  0.0    0  4.9 14 270   M    M   8 8      20 250
10  79  64  72   4   0   7 0.00  0.0    0  4.4 13 270   M    M   4 8      17 260
11  79  63  71   3   0   6 0.00  0.0    0  5.0 16 220   M    M   1 18     22 220
12  80  63  72   4   0   7 0.00  0.0    0  4.6 15 260   M    M   1        20 260
13  76  63  70   2   0   5 0.00  0.0    0  5.0 14 280   M    M   1        18 240
14  79  65  72   4   0   7 0.00  0.0    0  5.1 14 230   M    M   5 8      18 220
15  79  61  70   2   0   5 0.00  0.0    0  4.1 13 250   M    M   3 18     15 240
16  83  59  71   3   0   6 0.00  0.0    0  4.6 14 260   M    M   1 8      18 270
17  82  62  72   4   0   7 0.00  0.0    0  4.2 14 270   M    M   0        17 240
18  83  60  72   4   0   7 0.00  0.0    0  4.5  M   M   M    M   0         M  M
19  78  62  70   2   0   5 0.00  0.0    0  5.9 15 220   M    M   5         M  M
20  80  66  73   5   0   8 0.00  0.0    0  4.3 14 270   M    M   3        21 220
21  80  67  74   6   0   9 0.00  0.0    0  4.4 14 210   M    M   0        18 210
22  79  63  71   3   0   6 0.00  0.0    0  5.7 15 220   M    M   3 8      20 240
23  79  67  73   5   0   8 0.00  0.0    0  5.3 14 250   M    M   5 8      19 190
24  80  65  73   5   0   8 0.00  0.0    0  6.0 16 280   M    M   4        22 260
25  77  62  70   2   0   5 0.00  0.0    0  5.1 14 200   M    M   3 8      19 250
26  82  58  70   2   0   5 0.00  0.0    0  4.5 14 240   M    M   0        18 240
27  91  63  77   9   0  12 0.00  0.0    0  4.5 13 260   M    M   0        16 260
28  85  64  75   7   0  10 0.00  0.0    0  4.3 15 270   M    M   0        17 270
29  83  61  72   4   0   7 0.00  0.0    0  5.0 14 260   M    M   0 8      19 260
30  84  64  74   6   0   9 0.00  0.0    0  4.2 13 230   M    M   1 28     16 210
================================================================================
SM 2401 1900         0 208  0.03     0.0 143.2          M       85
================================================================================
AV 80.0 63.3                               4.8 FASTST   M    M   3    MAX(MPH)
                                 MISC ---->  # 16 230               # 22  220
================================================================================
NOTES:
# LAST OF SEVERAL OCCURRENCES

COLUMN 17 PEAK WIND IN M.P.H.

PRELIMINARY LOCAL CLIMATOLOGICAL DATA (WS FORM: F-6) , PAGE 2

                                          STATION:  CAMARILLO AIRPORT CA
                                          MONTH:    AUGUST
                                          YEAR:     2014
                                          LATITUDE:   34 12 N
                                          LONGITUDE: 119  6 W

[TEMPERATURE DATA]      [PRECIPITATION DATA]       SYMBOLS USED IN COLUMN 16

AVERAGE MONTHLY: 71.7   TOTAL FOR MONTH:   0.03    1 = FOG OR MIST
DPTR FM NORMAL:   3.9   DPTR FM NORMAL:   -0.01    2 = FOG REDUCING VISIBILITY
HIGHEST:    91 ON 27    GRTST 24HR  0.03 ON  3- 3      TO 1/4 MILE OR LESS
LOWEST:     58 ON 26                               3 = THUNDER
                        SNOW, ICE PELLETS, HAIL    4 = ICE PELLETS
                        TOTAL MONTH:   0.0 INCH    5 = HAIL
                        GRTST 24HR     0.0         6 = FREEZING RAIN OR DRIZZLE
                        GRTST DEPTH:   0           7 = DUSTSTORM OR SANDSTORM:
                                                       VSBY 1/2 MILE OR LESS
                                                   8 = SMOKE OR HAZE
[NO. OF DAYS WITH]      [WEATHER - DAYS WITH]      9 = BLOWING SNOW
                                                   X = TORNADO
MAX 32 OR BELOW:   0    0.01 INCH OR MORE:   1
MAX 90 OR ABOVE:   1    0.10 INCH OR MORE:   0
MIN 32 OR BELOW:   0    0.50 INCH OR MORE:   0
MIN  0 OR BELOW:   0    1.00 INCH OR MORE:   0

[HDD (BASE 65) ]
TOTAL THIS MO.     0    CLEAR  (SCALE 0-3)  16
DPTR FM NORMAL     0    PTCLDY (SCALE 4-7)  14
TOTAL FM JUL 1     0    CLOUDY (SCALE 8-10)  0
DPTR FM NORMAL   -10

[CDD (BASE 65) ]
TOTAL THIS MO.   208
DPTR FM NORMAL   118    [PRESSURE DATA]
TOTAL FM JAN 1   626    HIGHEST SLP M ON M
DPTR FM NORMAL   411    LOWEST  SLP 29.70 ON 30

[REMARKS]
