000
CXUS53 KILX 250900
CF6CMI
PRELIMINARY LOCAL CLIMATOLOGICAL DATA (WS FORM: F-6)

                                          STATION:   CHAMPAIGN IL AIRPORT
                                          MONTH:     DECEMBER
                                          YEAR:      2014
                                          LATITUDE:   40  1 N
                                          LONGITUDE:  88 17 W

  TEMPERATURE IN F:       :PCPN:    SNOW:  WIND      :SUNSHINE: SKY     :PK WND
================================================================================
1   2   3   4   5  6A  6B    7    8   9   10  11  12  13   14  15   16   17  18
                                     12Z  AVG MX 2MIN
DY MAX MIN AVG DEP HDD CDD  WTR  SNW DPTH SPD SPD DIR MIN PSBL S-S WX    SPD DR
================================================================================

 1  32  22  27  -7  38   0 0.00    M    M 15.7 25 350   M    M   4        29 350
 2  32  24  28  -6  37   0 0.00    M    M 10.1 16 220   M    M  10 18     19 220
 3  41  23  32  -1  33   0 0.00    M    M  8.7 16 280   M    M   1 1      19 250
 4  34  24  29  -4  36   0 0.02    M    M  9.5 15 100   M    M   8 12     16  80
 5  41  33  37   5  28   0 0.53    M    M  9.1 18  10   M    M  10 12     23  30
 6  40  30  35   3  30   0 0.02    M    M 13.0 21  10   M    M   7 18     24  20
 7  37  26  32   1  33   0 0.00    M    M  9.5 18 110   M    M   0 1      22 100
 8  40  31  36   5  29   0 0.06    M    M 10.3 20 310   M    M   8 1      25 300
 9  38  31  35   4  30   0    T    M    M 14.3 21 320   M    M   9 1      25 340
10  36  32  34   4  31   0 0.00    M    M  9.2 14 360   M    M  10        17 360
11  32  22  27  -3  38   0 0.00    M    M  6.7 12 290   M    M   8 18     14 260
12  37  20  29  -1  36   0 0.00    M    M  6.2 12 200   M    M   8 18     15 210
13  49  33  41  12  24   0 0.00    M    M  7.3 12 190   M    M  10 18     15 190
14  48  44  46  17  19   0 0.00    M    M 10.2 17 160   M    M  10 12     21 150
15  46  43  45  16  20   0 0.04    M    M 14.2 24 120   M    M  10 12     29 120
16  47  27  37   9  28   0 0.01    M    M 21.1 32 280   M    M  10 1      40 280
17  27  22  25  -3  40   0    T    M    M  9.9 22 290   M    M  10 18     25 290
18  28  20  24  -4  41   0    T    M    M  3.5  7 270   M    M   9 18      7 300
19  34  16  25  -3  40   0 0.00    M    M  3.1 10 180   M    M   0 18     12 180
20  34  23  29   2  36   0 0.00    M    M  5.6 10 140   M    M   9 1      12 140
21  40  29  35   8  30   0 0.00    M    M  9.5 15 140   M    M   7 18     18 140
22  48  29  39  12  26   0 0.46    M    M 14.7 21 120   M    M  10 1      25 130
23  49  41  45  18  20   0 0.05    M    M  8.0 17 170   M    M   7 1      22 180
24  44  35  40  13  25   0 0.33    M    M 13.5 23 270   M    M  10 1      28 260
================================================================================
SM  934  680       748   0  1.52    M    242.9          M      185
================================================================================
AV 38.9 28.3                              10.1 FASTST   M    M   8    MAX(MPH)
                                 MISC ---->  # 32 280               # 40  280
================================================================================
NOTES:
# LAST OF SEVERAL OCCURRENCES

COLUMN 17 PEAK WIND IN M.P.H.

PRELIMINARY LOCAL CLIMATOLOGICAL DATA (WS FORM: F-6) , PAGE 2

                                          STATION:  CHAMPAIGN IL AIRPORT
                                          MONTH:    DECEMBER
                                          YEAR:     2014
                                          LATITUDE:   40  1 N
                                          LONGITUDE:  88 17 W

[TEMPERATURE DATA]      [PRECIPITATION DATA]       SYMBOLS USED IN COLUMN 16

AVERAGE MONTHLY: 33.6   TOTAL FOR MONTH:   1.52    1 = FOG OR MIST
DPTR FM NORMAL:   3.8   DPTR FM NORMAL:   -0.37    2 = FOG REDUCING VISIBILITY
HIGHEST:    49 ON 23,13 GRTST 24HR  0.55 ON  5- 6      TO 1/4 MILE OR LESS
LOWEST:     16 ON 19                               3 = THUNDER
                        SNOW, ICE PELLETS, HAIL    4 = ICE PELLETS
                        TOTAL MONTH:    M          5 = HAIL
                        GRTST 24HR    M  ON   M    6 = FREEZING RAIN OR DRIZZLE
                        GRTST DEPTH:  M  ON   M    7 = DUSTSTORM OR SANDSTORM:
                                                       VSBY 1/2 MILE OR LESS
                                                   8 = SMOKE OR HAZE
[NO. OF DAYS WITH]      [WEATHER - DAYS WITH]      9 = BLOWING SNOW
                                                   X = TORNADO
MAX 32 OR BELOW:   5    0.01 INCH OR MORE:   9
MAX 90 OR ABOVE:   0    0.10 INCH OR MORE:   3
MIN 32 OR BELOW:  18    0.50 INCH OR MORE:   1
MIN  0 OR BELOW:   0    1.00 INCH OR MORE:   0

[HDD (BASE 65) ]
TOTAL THIS MO.   748    CLEAR  (SCALE 0-3)   3
DPTR FM NORMAL   -97    PTCLDY (SCALE 4-7)   7
TOTAL FM JUL 1  2098    CLOUDY (SCALE 8-10) 14
DPTR FM NORMAL    89

[CDD (BASE 65) ]
TOTAL THIS MO.     0
DPTR FM NORMAL     0    [PRESSURE DATA]
TOTAL FM JAN 1   948    HIGHEST SLP M ON M
DPTR FM NORMAL     3    LOWEST  SLP 29.49 ON M

[REMARKS]
