000
CXUS53 KTOP 250820
CF6CNK
PRELIMINARY LOCAL CLIMATOLOGICAL DATA (WS FORM: F-6)

                                          STATION:   Concordia KS
                                          MONTH:     APRIL
                                          YEAR:      2014
                                          LATITUDE:   39 32 N
                                          LONGITUDE:  97 39 W

  TEMPERATURE IN F:       :PCPN:    SNOW:  WIND      :SUNSHINE: SKY     :PK WND
================================================================================
1   2   3   4   5  6A  6B    7    8   9   10  11  12  13   14  15   16   17  18
                                     12Z  AVG MX 2MIN
DY MAX MIN AVG DEP HDD CDD  WTR  SNW DPTH SPD SPD DIR MIN PSBL S-S WX    SPD DR
================================================================================

 1  53  24  39  -9  26   0 0.00  0.0    0  7.6 16 310   M    M   3        23 310
 2  44  38  41  -8  24   0 0.10  0.0    0 11.8 20  80   M    M   8 138    24  80
 3  42  33  38 -11  27   0 0.33    T    0 15.6 28 350   M    M   8 13     35 310
 4  49  33  41  -8  24   0 0.00  0.0    0 11.8 26 330   M    M   5        37 320
 5  66  32  49  -1  16   0 0.00  0.0    0 15.6 25 170   M    M   2 8      33 180
 6  63  46  55   5  10   0    T  0.0    0  9.2 21 150   M    M   9 8      24 170
 7  65  39  52   2  13   0 0.10  0.0    0 11.0 32 320   M    M   6 1      39 320
 8  62  34  48  -3  17   0 0.00  0.0    0 12.7 26 360   M    M   0        36  20
 9  88  43  66  15   0   1 0.00  0.0    0 16.5 33 200   M    M   0        40 200
10  67  47  57   6   8   0 0.00  0.0    0 13.2 31 320   M    M   0        38 320
11  78  44  61   9   4   0 0.00  0.0    0  9.1 21 180   M    M   1 8      26 170
12  85  59  72  20   0   7 0.00  0.0    0 13.6 26 190   M    M   0 8      35 180
13  64  33  49  -3  16   0 0.03    T    0 20.7 38 360   M    M   9 1      47 360
14  49  29  39 -14  26   0    T  0.0    0 16.7 31 350   M    M   6        43 350
15  63  22  43 -10  22   0 0.00  0.0    0 13.3 25 200   M    M   0        33 190
16  71  37  54   1  11   0 0.00  0.0    0 21.2 37 190   M    M   0        49 180
17  56  33  45  -9  20   0 0.00  0.0    0  8.3 20 350   M    M   3        26 340
18  72  30  51  -3  14   0 0.00  0.0    0 13.8 26 170   M    M   0 18     37 150
19  82  52  67  13   0   2 0.00  0.0    0 20.6 33 190   M    M   0        46 190
20  80  59  70  15   0   5 0.01  0.0    0 16.5 25 180   M    M   3        31 180
21  77  50  64   9   1   0 0.01  0.0    0 11.4 25  10   M    M   3 1      35 360
22  75  36  56   1   9   0 0.00  0.0    0 11.3 23 130   M    M   1        27 140
23  83  53  68  12   0   3    T  0.0    0 21.3 35 160   M    M   4 3      48 160
24  70  52  61   5   4   0 0.37  0.0    0 13.0 24 330   M    M   5 13     34 350
================================================================================
SM 1604  958       292  18  0.95    T    335.8          M       76
================================================================================
AV 66.8 39.9                              14.0 FASTST   M    M   3    MAX(MPH)
                                 MISC ---->  # 38 360               # 49  180
================================================================================
NOTES:
# LAST OF SEVERAL OCCURRENCES

COLUMN 17 PEAK WIND IN M.P.H.

PRELIMINARY LOCAL CLIMATOLOGICAL DATA (WS FORM: F-6) , PAGE 2

                                          STATION:  Concordia KS
                                          MONTH:    APRIL
                                          YEAR:     2014
                                          LATITUDE:   39 32 N
                                          LONGITUDE:  97 39 W

[TEMPERATURE DATA]      [PRECIPITATION DATA]       SYMBOLS USED IN COLUMN 16

AVERAGE MONTHLY: 53.4   TOTAL FOR MONTH:   0.95    1 = FOG OR MIST
DPTR FM NORMAL:   1.2   DPTR FM NORMAL:   -0.93    2 = FOG REDUCING VISIBILITY
HIGHEST:    88 ON  9    GRTST 24HR  0.42 ON  2- 3      TO 1/4 MILE OR LESS
LOWEST:     22 ON 15                               3 = THUNDER
                        SNOW, ICE PELLETS, HAIL    4 = ICE PELLETS
                        TOTAL MONTH:    T          5 = HAIL
                        GRTST 24HR    T  ON 13-13  6 = FREEZING RAIN OR DRIZZLE
                        GRTST DEPTH:   0           7 = DUSTSTORM OR SANDSTORM:
                                                       VSBY 1/2 MILE OR LESS
                                                   8 = SMOKE OR HAZE
[NO. OF DAYS WITH]      [WEATHER - DAYS WITH]      9 = BLOWING SNOW
                                                   X = TORNADO
MAX 32 OR BELOW:   0    0.01 INCH OR MORE:   7
MAX 90 OR ABOVE:   0    0.10 INCH OR MORE:   4
MIN 32 OR BELOW:   5    0.50 INCH OR MORE:   0
MIN  0 OR BELOW:   0    1.00 INCH OR MORE:   0

[HDD (BASE 65) ]
TOTAL THIS MO.   292    CLEAR  (SCALE 0-3)  13
DPTR FM NORMAL   -28    PTCLDY (SCALE 4-7)   7
TOTAL FM JUL 1  5570    CLOUDY (SCALE 8-10)  4
DPTR FM NORMAL   359

[CDD (BASE 65) ]
TOTAL THIS MO.    18
DPTR FM NORMAL     9    [PRESSURE DATA]
TOTAL FM JAN 1    18    HIGHEST SLP M ON M
DPTR FM NORMAL     8    LOWEST  SLP 29.38 ON 13

[REMARKS]
