000
CXUS55 KGJT 311000
CF6CNY
PRELIMINARY LOCAL CLIMATOLOGICAL DATA (WS FORM: F-6)

                                          STATION:   CANYONLANDS AIRPORT UT
                                          MONTH:     AUGUST
                                          YEAR:      2016
                                          LATITUDE:   38 46 N
                                          LONGITUDE: 109 45 W

  TEMPERATURE IN F:       :PCPN:    SNOW:  WIND      :SUNSHINE: SKY     :PK WND
================================================================================
1   2   3   4   5  6A  6B    7    8   9   10  11  12  13   14  15   16   17  18
                                     12Z  AVG MX 2MIN
DY MAX MIN AVG DEP HDD CDD  WTR  SNW DPTH SPD SPD DIR MIN PSBL S-S WX    SPD DR
================================================================================

 1  97  67  82   2   0  17 0.00    M    M  5.0 17 310   M    M   0        21  50
 2  99  68  84   4   0  19 0.00    M    M  6.3 26 140   M    M   0        31 140
 3  98  73  86   6   0  21    T    M    M  9.5 23 140   M    M   2 3      27 140
 4  82  70  76  -4   0  11    T    M    M  6.7 20 310   M    M   5        22 320
 5  90  65  78  -2   0  13 0.05    M    M  7.5 31 270   M    M   3 3      36 280
 6  86  65  76  -4   0  11 0.04    M    M  4.7 23 110   M    M   5 3      29 100
 7  95  65  80   1   0  15 0.00    M    M  7.8 24 140   M    M   1 3      32 140
 8  98  68  83   4   0  18 0.02    M    M  7.2 24 110   M    M   3 3      28 110
 9  97  66  82   3   0  17 0.00    M    M  9.7 28 200   M    M   0        36 250
10  94  69  82   3   0  17 0.00    M    M 11.5 30 250   M    M   0        36 240
11  95  60  78   0   0  13 0.00    M    M  5.8 29 310   M    M   1        33 310
12  94  56  75  -3   0  10 0.00    M    M  6.0 18 300   M    M   0        30 310
13  95  59  77  -1   0  12 0.00    M    M  5.2 40 330   M    M   0 8      50 320
14  96  55  76  -2   0  11 0.00    M    M  3.4 15 260   M    M   0        20 270
15 100  59  80   2   0  15 0.00    M    M  9.4 31 310   M    M   0        37 310
16  96  67  82   5   0  17 0.00    M    M  5.7 17 260   M    M   0        19 260
17  93  67  80   3   0  15    T    M    M  7.8 33 200   M    M   1        40 200
18  94  64  79   2   0  14 0.12    M    M  7.0 30  80   M    M   1 38     36  80
19  93  60  77   1   0  12 0.00    M    M  4.0 16 280   M    M   0        22 280
20  93  63  78   2   0  13 0.00    M    M  5.2 16  70   M    M   0        20  80
21  94  64  79   3   0  14 0.00    M    M  6.9 21 140   M    M   0        27 140
22  88  64  76   0   0  11 0.20    M    M  8.7 26  40   M    M   5 3      34  40
23  80  61  71  -4   0   6 0.28    M    M  6.2 28  30   M    M   2 3      35 360
24  88  56  72  -3   0   7 0.00    M    M  5.3 21 270   M    M   0        24 270
25  86  56  71  -4   0   6    T    M    M 12.5 49 280   M    M   1 38     62 270
26  83  55  69  -5   0   4 0.00    M    M  7.9 26 260   M    M   1        32 260
27  81  61  71  -3   0   6 0.00    M    M  5.0 24 180   M    M   1        29 180
28  86  63  75   1   0  10 0.00    M    M  4.7 16 160   M    M   0        20 160
29  92  61  77   4   0  12 0.00    M    M  8.6 20  40   M    M   0        23  60
30  92  64  78   5   0  13 0.00    M    M  4.8 16  70   M    M   0        25 120
================================================================================
SM 2755 1891         0 380  0.71    M    206.0          M       32
================================================================================
AV 91.8 63.0                               6.9 FASTST   M    M   1    MAX(MPH)
                                 MISC ---->  # 49 280               # 62  270
================================================================================
NOTES:
# LAST OF SEVERAL OCCURRENCES

COLUMN 17 PEAK WIND IN M.P.H.

PRELIMINARY LOCAL CLIMATOLOGICAL DATA (WS FORM: F-6) , PAGE 2

                                          STATION:  CANYONLANDS AIRPORT UT
                                          MONTH:    AUGUST
                                          YEAR:     2016
                                          LATITUDE:   38 46 N
                                          LONGITUDE: 109 45 W

[TEMPERATURE DATA]      [PRECIPITATION DATA]       SYMBOLS USED IN COLUMN 16

AVERAGE MONTHLY: 77.4   TOTAL FOR MONTH:   0.71    1 = FOG OR MIST
DPTR FM NORMAL:   0.3   DPTR FM NORMAL:   -0.10    2 = FOG REDUCING VISIBILITY
HIGHEST:   100 ON 15    GRTST 24HR  0.34 ON 22-23      TO 1/4 MILE OR LESS
LOWEST:     55 ON 26,14                            3 = THUNDER
                        SNOW, ICE PELLETS, HAIL    4 = ICE PELLETS
                        TOTAL MONTH:    M          5 = HAIL
                        GRTST 24HR    M  ON   M    6 = FREEZING RAIN OR DRIZZLE
                        GRTST DEPTH:  M  ON   M    7 = DUSTSTORM OR SANDSTORM:
                                                       VSBY 1/2 MILE OR LESS
                                                   8 = SMOKE OR HAZE
[NO. OF DAYS WITH]      [WEATHER - DAYS WITH]      9 = BLOWING SNOW
                                                   X = TORNADO
MAX 32 OR BELOW:   0    0.01 INCH OR MORE:   6
MAX 90 OR ABOVE:  21    0.10 INCH OR MORE:   3
MIN 32 OR BELOW:   0    0.50 INCH OR MORE:   0
MIN  0 OR BELOW:   0    1.00 INCH OR MORE:   0

[HDD (BASE 65) ]
TOTAL THIS MO.     0    CLEAR  (SCALE 0-3)  27
DPTR FM NORMAL     0    PTCLDY (SCALE 4-7)   3
TOTAL FM JUL 1     0    CLOUDY (SCALE 8-10)  0
DPTR FM NORMAL     0

[CDD (BASE 65) ]
TOTAL THIS MO.   380
DPTR FM NORMAL    16    [PRESSURE DATA]
TOTAL FM JAN 1  1464    HIGHEST SLP M ON M
DPTR FM NORMAL   307    LOWEST  SLP 29.75 ON 22

[REMARKS]
