000
CXUS51 KGYX 261000
CF6CON
PRELIMINARY LOCAL CLIMATOLOGICAL DATA (WS FORM: F-6)

                                          STATION:   CONCORD NH
                                          MONTH:     FEBRUARY
                                          YEAR:      2017
                                          LATITUDE:   43 12 N
                                          LONGITUDE:  71 30 W

  TEMPERATURE IN F:       :PCPN:    SNOW:  WIND      :SUNSHINE: SKY     :PK WND
================================================================================
1   2   3   4   5  6A  6B    7    8   9   10  11  12  13   14  15   16   17  18
                                     12Z  AVG MX 2MIN
DY MAX MIN AVG DEP HDD CDD  WTR  SNW DPTH SPD SPD DIR MIN PSBL S-S WX    SPD DR
================================================================================

 1  39  19  29   8  36   0 0.12  1.5   11  3.3 17 230   M    M   6 1      27 230
 2  36  13  25   3  40   0    T    T   10  5.2 21 300   M    M   4        25 250
 3  31  16  24   2  41   0 0.00  0.0   10  9.0 20 270   M    M   3        27 260
 4  31  13  22   0  43   0 0.00  0.0   10  7.9 20 290   M    M   4        26 300
 5  40  21  31   9  34   0 0.00  0.0   10  7.1 17 280   M    M   6        24 270
 6  35  22  29   7  36   0 0.00  0.0   10 11.5 23 310   M    M   5        34 280
 7  27  18  23   1  42   0 0.39  2.8   10  6.1 14  90   M    M  10 128    19  90
 8  49  18  34  11  31   0 0.25  0.5   13  3.5 17 300   M    M   5 168    23 280
 9  32   8  20  -3  45   0 0.54  6.3   12 12.4 28 310   M    M   8 1289   38 330
10  17  -2   8 -15  57   0    T    T   17  9.6 30 310   M    M   2 89     39 310
11  18   4  11 -12  54   0 0.11  1.4   18  4.7 10 310   M    M   8 18     12 300
12  25   4  15  -9  50   0 0.53  5.6   17  5.1 15  30   M    M  10 128    20  30
13  30  20  25   1  40   0 0.18  2.5   24 14.3 31 310   M    M   8 18     40 310
14  37   5  21  -3  44   0 0.00  0.0   22  2.9 13 300   M    M   1        15 300
15  35  24  30   6  35   0 0.11  1.1   22  4.2 14 320   M    M  10 18     18 320
16  32  24  28   3  37   0 0.19  2.5   24 14.1 24 300   M    M   8 18     33 300
17  36  22  29   4  36   0 0.00  0.0   23 15.7 26 310   M    M   2 8      37 300
18  51  22  37  12  28   0 0.00  0.0   22  4.6 14 300   M    M   2        18 210
19  56  24  40  15  25   0 0.00  0.0   20  6.0 20 280   M    M   4        27 270
20  44  19  32   6  33   0 0.00  0.0   18  9.0 23 300   M    M   2        30 320
21  42  12  27   1  38   0 0.00  0.0   18  4.3 13 150   M    M   0        16 110
22  57  31  44  18  21   0    T  0.0   17  2.0  6 170   M    M   4         M  M
23  65  28  47  21  18   0 0.00  0.0   16  4.6 17 190   M    M   2 18     23 190
24  69  34  52  25  13   0    T  0.0   14  3.1 13 200   M    M   3 128    18 200
25  68  41  55  28  10   0 0.29  0.0   12  8.9 22 260   M    M   8 1      29 150
================================================================================
SM 1002  460       887   0  2.71    24.2 179.1          M      125
================================================================================
AV 40.1 18.4                               7.2 FASTST   M    M   5    MAX(MPH)
                                 MISC ---->  # 31 310               # 40  310
================================================================================
NOTES:
# LAST OF SEVERAL OCCURRENCES

COLUMN 17 PEAK WIND IN M.P.H.

PRELIMINARY LOCAL CLIMATOLOGICAL DATA (WS FORM: F-6) , PAGE 2

                                          STATION:  CONCORD NH
                                          MONTH:    FEBRUARY
                                          YEAR:     2017
                                          LATITUDE:   43 12 N
                                          LONGITUDE:  71 30 W

[TEMPERATURE DATA]      [PRECIPITATION DATA]       SYMBOLS USED IN COLUMN 16

AVERAGE MONTHLY: 29.2   TOTAL FOR MONTH:   2.71    1 = FOG OR MIST
DPTR FM NORMAL:   5.3   DPTR FM NORMAL:    0.40    2 = FOG REDUCING VISIBILITY
HIGHEST:    69 ON 24    GRTST 24HR  0.54 ON  9- 9      TO 1/4 MILE OR LESS
LOWEST:     -2 ON 10                               3 = THUNDER
                        SNOW, ICE PELLETS, HAIL    4 = ICE PELLETS
                        TOTAL MONTH:  24.2 INCHES  5 = HAIL
                        GRTST 24HR   6.3 ON  9- 9  6 = FREEZING RAIN OR DRIZZLE
                        GRTST DEPTH:  24 ON 16,13  7 = DUSTSTORM OR SANDSTORM:
                                                       VSBY 1/2 MILE OR LESS
                                                   8 = SMOKE OR HAZE
[NO. OF DAYS WITH]      [WEATHER - DAYS WITH]      9 = BLOWING SNOW
                                                   X = TORNADO
MAX 32 OR BELOW:   9    0.01 INCH OR MORE:  10
MAX 90 OR ABOVE:   0    0.10 INCH OR MORE:  10
MIN 32 OR BELOW:  23    0.50 INCH OR MORE:   2
MIN  0 OR BELOW:   1    1.00 INCH OR MORE:   0

[HDD (BASE 65) ]
TOTAL THIS MO.   887    CLEAR  (SCALE 0-3)   9
DPTR FM NORMAL  -138    PTCLDY (SCALE 4-7)  12
TOTAL FM JUL 1  4414    CLOUDY (SCALE 8-10)  4
DPTR FM NORMAL  -733

[CDD (BASE 65) ]
TOTAL THIS MO.     0
DPTR FM NORMAL     0    [PRESSURE DATA]
TOTAL FM JAN 1     0    HIGHEST SLP M ON M
DPTR FM NORMAL     0    LOWEST  SLP 29.26 ON 15

[REMARKS]
