000
CXUS51 KGYX 200900
CF6CON
PRELIMINARY LOCAL CLIMATOLOGICAL DATA (WS FORM: F-6)

                                          STATION:   CONCORD NH
                                          MONTH:     OCTOBER
                                          YEAR:      2017
                                          LATITUDE:   43 12 N
                                          LONGITUDE:  71 30 W

  TEMPERATURE IN F:       :PCPN:    SNOW:  WIND      :SUNSHINE: SKY     :PK WND
================================================================================
1   2   3   4   5  6A  6B    7    8   9   10  11  12  13   14  15   16   17  18
                                     12Z  AVG MX 2MIN
DY MAX MIN AVG DEP HDD CDD  WTR  SNW DPTH SPD SPD DIR MIN PSBL S-S WX    SPD DR
================================================================================

 1  67  38  53  -1  12   0 0.00  0.0    0  3.8 15 320   M    M   3 12     19 310
 2  71  33  52  -1  13   0 0.00  0.0    0  1.9  9 210   M    M   0        12 210
 3  70  38  54   1  11   0 0.00  0.0    0  3.9 14 180   M    M   4 12     17 160
 4  81  41  61   9   4   0 0.00  0.0    0  5.0 15 210   M    M   0 1      22 210
 5  80  54  67  15   0   2 0.00  0.0    0  7.6 17 260   M    M   0        23 260
 6  66  46  56   4   9   0 0.01  0.0    0  1.1  8 240   M    M   6 1      11 230
 7  74  50  62  11   3   0    T  0.0    0  2.7 12 170   M    M   6        15 160
 8  81  63  72  21   0   7 0.10  0.0    0  7.2 21 180   M    M   7 12     26 180
 9  73  61  67  17   0   2 0.75  0.0    0  4.4 18 180   M    M   9 12     27 170
10  77  52  65  15   0   0 0.00  0.0    0  7.0 22 300   M    M   2        27 290
11  70  50  60  10   5   0 0.01  0.0    0  3.7 13 340   M    M   2 1      18 330
12  60  35  48  -1  17   0 0.00  0.0    0  3.3 12  90   M    M   1        15  30
13  64  31  48  -1  17   0 0.00  0.0    0  3.9 12 130   M    M   6 12     17 150
14  76  50  63  14   2   0 0.00  0.0    0  2.3 10 180   M    M   4 1      17 210
15  77  52  65  17   0   0 0.01  0.0    0  8.7 20 210   M    M   5 12     30 210
16  67  37  52   4  13   0    T  0.0    0 11.0 22 310   M    M   2        30 330
17  59  27  43  -5  22   0 0.00  0.0    0  3.5 12 320   M    M   0 8      17 360
18  72  32  52   5  13   0 0.00  0.0    0  2.4 10 260   M    M   0        15 250
19  76  32  54   7  11   0 0.00  0.0    0  5.4 18 200   M    M   1 12     24 170
================================================================================
SM 1361  822       152  11  0.88     0.0  88.8          M       58
================================================================================
AV 71.6 43.3                               4.7 FASTST   M    M   3    MAX(MPH)
                                 MISC ---->  # 22 300               # 30  210
================================================================================
NOTES:
# LAST OF SEVERAL OCCURRENCES

COLUMN 17 PEAK WIND IN M.P.H.

PRELIMINARY LOCAL CLIMATOLOGICAL DATA (WS FORM: F-6) , PAGE 2

                                          STATION:  CONCORD NH
                                          MONTH:    OCTOBER
                                          YEAR:     2017
                                          LATITUDE:   43 12 N
                                          LONGITUDE:  71 30 W

[TEMPERATURE DATA]      [PRECIPITATION DATA]       SYMBOLS USED IN COLUMN 16

AVERAGE MONTHLY: 57.5   TOTAL FOR MONTH:   0.88    1 = FOG OR MIST
DPTR FM NORMAL:   7.3   DPTR FM NORMAL:   -1.61    2 = FOG REDUCING VISIBILITY
HIGHEST:    81 ON  8, 4 GRTST 24HR  0.75 ON  9- 9      TO 1/4 MILE OR LESS
LOWEST:     27 ON 17                               3 = THUNDER
                        SNOW, ICE PELLETS, HAIL    4 = ICE PELLETS
                        TOTAL MONTH:   0.0 INCH    5 = HAIL
                        GRTST 24HR     0.0         6 = FREEZING RAIN OR DRIZZLE
                        GRTST DEPTH:   0           7 = DUSTSTORM OR SANDSTORM:
                                                       VSBY 1/2 MILE OR LESS
                                                   8 = SMOKE OR HAZE
[NO. OF DAYS WITH]      [WEATHER - DAYS WITH]      9 = BLOWING SNOW
                                                   X = TORNADO
MAX 32 OR BELOW:   0    0.01 INCH OR MORE:   5
MAX 90 OR ABOVE:   0    0.10 INCH OR MORE:   2
MIN 32 OR BELOW:   4    0.50 INCH OR MORE:   1
MIN  0 OR BELOW:   0    1.00 INCH OR MORE:   0

[HDD (BASE 65) ]
TOTAL THIS MO.   152    CLEAR  (SCALE 0-3)  10
DPTR FM NORMAL  -132    PTCLDY (SCALE 4-7)   8
TOTAL FM JUL 1   293    CLOUDY (SCALE 8-10)  1
DPTR FM NORMAL  -226

[CDD (BASE 65) ]
TOTAL THIS MO.    11
DPTR FM NORMAL    11    [PRESSURE DATA]
TOTAL FM JAN 1   561    HIGHEST SLP M ON M
DPTR FM NORMAL   111    LOWEST  SLP 29.64 ON 15

[REMARKS]
