000
CXUS54 KCRP 221300
CF6COT
PRELIMINARY LOCAL CLIMATOLOGICAL DATA (WS FORM: F-6)

                                          STATION:   COTULLA
                                          MONTH:     DECEMBER
                                          YEAR:      2014
                                          LATITUDE:   28 27 N
                                          LONGITUDE:  99 13 W

  TEMPERATURE IN F:       :PCPN:    SNOW:  WIND      :SUNSHINE: SKY     :PK WND
================================================================================
1   2   3   4   5  6A  6B    7    8   9   10  11  12  13   14  15   16   17  18
                                     12Z  AVG MX 2MIN
DY MAX MIN AVG DEP HDD CDD  WTR  SNW DPTH SPD SPD DIR MIN PSBL S-S WX    SPD DR
================================================================================

 1   M  54   M   M   M   M 0.00  0.0    0  8.6 22  40   M    M   7 8      27  40
 2   M   M   M   M   M   M    T  0.0    0  5.8 13  30   M    M  10        16  30
 3  81  56  69  12   0   4 0.01  0.0    0  4.2  9 130   M    M  10 18     11 130
 4  73  59  66   9   0   1    T  0.0    0  4.5 14 140   M    M  10 12     17 140
 5  78  62  70  13   0   5 0.00  0.0    0  5.8 12 150   M    M   7 1      16 160
 6  78  58  68  12   0   3 0.00  0.0    0  6.4 15  50   M    M   4 1      20  50
 7  65  55  60   4   5   0 0.00  0.0    0  7.2 15  60   M    M   9        18  60
 8  69  54  62   6   3   0 0.00  0.0    0  4.4 10  70   M    M   7        20 150
 9  70  51  61   5   4   0 0.00  0.0    0  3.9  9 170   M    M   7 8      17 320
10  72  57  65   9   0   0 0.01  0.0    0  6.2 14 140   M    M  10 18     19 140
11  73  62  68  12   0   3 0.01  0.0    0  7.1 14 160   M    M  10 1      20 160
12  77  59  68  13   0   3 0.00  0.0    0  8.4 17 150   M    M   7        21 150
13  78  58  68  13   0   3 0.00  0.0    0  8.8 17 130   M    M   5        22 130
14  79  61  70  15   0   5 0.00  0.0    0  6.9 16 160   M    M   7 1      23 180
15  79  58  69  14   0   4 0.00  0.0    0  5.1 12  70   M    M   3 128    14  30
16  62  51  57   2   8   0 0.00  0.0    0  8.9 21  90   M    M   7        27  90
17  61  54  58   3   7   0 0.01  0.0    0  7.2 13 110   M    M  10 18     17  80
18  69  58  64   9   1   0 0.08  0.0    0  5.5 13  70   M    M  10 18     17  70
19  68  51  60   5   5   0 0.01  0.0    0  8.6 17  30   M    M   7 1      24  50
20  56  48  52  -2  13   0 0.00  0.0    0  5.6 13  40   M    M   9        17  30
21  60  50  55   1  10   0 0.00  0.0    0  3.9  9 160   M    M   8 1      12 160
================================================================================
SM 1348 1116        56  31  0.13     0.0 133.0          M      164
================================================================================
AV 70.9 55.8                               6.3 FASTST   M    M   8    MAX(MPH)
                                 MISC ---->  # 22  40               # 27   40
================================================================================
NOTES:
# LAST OF SEVERAL OCCURRENCES

COLUMN 17 PEAK WIND IN M.P.H.

PRELIMINARY LOCAL CLIMATOLOGICAL DATA (WS FORM: F-6) , PAGE 2

                                          STATION:  COTULLA
                                          MONTH:    DECEMBER
                                          YEAR:     2014
                                          LATITUDE:   28 27 N
                                          LONGITUDE:  99 13 W

[TEMPERATURE DATA]      [PRECIPITATION DATA]       SYMBOLS USED IN COLUMN 16

AVERAGE MONTHLY: 63.4   TOTAL FOR MONTH:   0.13    1 = FOG OR MIST
DPTR FM NORMAL:   7.6   DPTR FM NORMAL:   -0.69    2 = FOG REDUCING VISIBILITY
HIGHEST:    81 ON  3    GRTST 24HR  0.09 ON 18-19      TO 1/4 MILE OR LESS
LOWEST:     48 ON 20                               3 = THUNDER
                        SNOW, ICE PELLETS, HAIL    4 = ICE PELLETS
                        TOTAL MONTH:   0.0 INCH    5 = HAIL
                        GRTST 24HR     0.0         6 = FREEZING RAIN OR DRIZZLE
                        GRTST DEPTH:   0           7 = DUSTSTORM OR SANDSTORM:
                                                       VSBY 1/2 MILE OR LESS
                                                   8 = SMOKE OR HAZE
[NO. OF DAYS WITH]      [WEATHER - DAYS WITH]      9 = BLOWING SNOW
                                                   X = TORNADO
MAX 32 OR BELOW:   0    0.01 INCH OR MORE:   6
MAX 90 OR ABOVE:   0    0.10 INCH OR MORE:   0
MIN 32 OR BELOW:   0    0.50 INCH OR MORE:   0
MIN  0 OR BELOW:   0    1.00 INCH OR MORE:   0

[HDD (BASE 65) ]
TOTAL THIS MO.    56    CLEAR  (SCALE 0-3)   0
DPTR FM NORMAL  -151    PTCLDY (SCALE 4-7)  12
TOTAL FM JUL 1   233    CLOUDY (SCALE 8-10)  9
DPTR FM NORMAL  -109

[CDD (BASE 65) ]
TOTAL THIS MO.    31
DPTR FM NORMAL    18    [PRESSURE DATA]
TOTAL FM JAN 1  4015    HIGHEST SLP M ON M
DPTR FM NORMAL   334    LOWEST  SLP 29.81 ON 14

[REMARKS]
