000
CXUS54 KCRP 011300
CF6COT
PRELIMINARY LOCAL CLIMATOLOGICAL DATA (WS FORM: F-6)

                                          STATION:   COTULLA
                                          MONTH:     SEPTEMBER
                                          YEAR:      2014
                                          LATITUDE:   28 27 N
                                          LONGITUDE:  99 13 W

  TEMPERATURE IN F:       :PCPN:    SNOW:  WIND      :SUNSHINE: SKY     :PK WND
================================================================================
1   2   3   4   5  6A  6B    7    8   9   10  11  12  13   14  15   16   17  18
                                     12Z  AVG MX 2MIN
DY MAX MIN AVG DEP HDD CDD  WTR  SNW DPTH SPD SPD DIR MIN PSBL S-S WX    SPD DR
================================================================================

 1 102  77  90   5   0  25 0.00  0.0    0 12.3 25 140   M    M   1        30 120
 2 101  79  90   6   0  25 0.00  0.0    0 12.2 26 130   M    M   3        35 140
 3  92  76  84   0   0  19 0.11  0.0    0  9.0 28 150   M    M   4 138    45 140
 4  95  76  86   2   0  21 0.19  0.0    0  9.2 21 140   M    M   4 18     29 150
 5  95  78  87   3   0  22    T  0.0    0  9.2 22 130   M    M   3 3      28 130
 6  98  77  88   5   0  23 0.01  0.0    0  8.4 21 150   M    M   2 8      25 140
 7  98  75  87   4   0  22    T  0.0    0  6.5 18 120   M    M   3        23 110
 8  97  78  88   5   0  23 0.26  0.0    0  7.0 16 110   M    M   3 8      27 120
 9 100  74  87   5   0  22 0.00  0.0    0  8.7 20 150   M    M   1 8      26 150
10 102  76  89   7   0  24 0.00  0.0    0 10.5 21 150   M    M   0        26 150
11 101  77  89   7   0  24 0.00  0.0    0 11.0 23 140   M    M   0 8      45 140
12  96  74  85   3   0  20 0.31  0.0    0  8.5 22  70   M    M   5 18     31  70
13  77  65  71 -10   0   6 0.18  0.0    0 11.5 24  50   M    M   9 18     34  70
14  87  64  76  -5   0  11    T  0.0    0  6.9 13 100   M    M   7 18     16 110
15  88  69  79  -2   0  14 0.00  0.0    0  4.3 10  20   M    M   2 8      13 360
16  92  76  84   4   0  19 0.17  0.0    0  5.1 16 170   M    M   5 13     22 160
17   M   M   M   M   M   M 0.01    M    0  5.6  9 130   M    M   6 8       M  M
18  98  77  88   8   0  23 0.00  0.0    0  8.7 16 140   M    M   3 8      20 150
19  97  78  88   8   0  23    T  0.0    0  9.4 23 120   M    M   3        29  80
20  94  76  85   6   0  20 0.24  0.0    0  8.4 24 130   M    M   5 18     30 130
21  86  75  81   2   0  16 0.71  0.0    0  5.0 18 140   M    M   6 1      26 140
22  94  72  83   4   0  18    T  0.0    0  5.8 13  60   M    M   3 18     15  70
23  92  73  83   5   0  18    T  0.0    0  5.7 14  50   M    M   3        17  80
24  90  67  79   1   0  14    T  0.0    0  6.9 12  50   M    M   0        16  50
25  93  69  81   3   0  16 0.00  0.0    0  7.1 21 100   M    M   1 38     28  90
26  87  71  79   1   0  14 0.72  0.0    0  8.0 26 130   M    M   6 138    30 140
27  74  68  71  -7   0   6 0.10  0.0    0  7.6 16 360   M    M   9 1      24 360
28  87  66  77   0   0  12 0.00  0.0    0  5.3 14  60   M    M   4 1      17  70
29  89  72  81   4   0  16 0.00  0.0    0  3.5 10  70   M    M   6        14  60
30  93  71  82   5   0  17 0.00  0.0    0  4.4 12 130   M    M   2 1      15 120
================================================================================
SM 2695 2126         0 533  3.01     0.0 231.7          M      109
================================================================================
AV 92.9 73.3                               7.7 FASTST   M    M   4    MAX(MPH)
                                 MISC ---->  # 28 150               # 45  140
================================================================================
NOTES:
# LAST OF SEVERAL OCCURRENCES

COLUMN 17 PEAK WIND IN M.P.H.

PRELIMINARY LOCAL CLIMATOLOGICAL DATA (WS FORM: F-6) , PAGE 2

                                          STATION:  COTULLA
                                          MONTH:    SEPTEMBER
                                          YEAR:     2014
                                          LATITUDE:   28 27 N
                                          LONGITUDE:  99 13 W

[TEMPERATURE DATA]      [PRECIPITATION DATA]       SYMBOLS USED IN COLUMN 16

AVERAGE MONTHLY: 83.1   TOTAL FOR MONTH:   3.01    1 = FOG OR MIST
DPTR FM NORMAL:   2.4   DPTR FM NORMAL:   -0.41    2 = FOG REDUCING VISIBILITY
HIGHEST:   102 ON 10, 1 GRTST 24HR  0.95 ON 20-21      TO 1/4 MILE OR LESS
LOWEST:     64 ON 14                               3 = THUNDER
                        SNOW, ICE PELLETS, HAIL    4 = ICE PELLETS
                        TOTAL MONTH:   0.0 INCH    5 = HAIL
                        GRTST 24HR     0.0         6 = FREEZING RAIN OR DRIZZLE
                        GRTST DEPTH:   0           7 = DUSTSTORM OR SANDSTORM:
                                                       VSBY 1/2 MILE OR LESS
                                                   8 = SMOKE OR HAZE
[NO. OF DAYS WITH]      [WEATHER - DAYS WITH]      9 = BLOWING SNOW
                                                   X = TORNADO
MAX 32 OR BELOW:   0    0.01 INCH OR MORE:  12
MAX 90 OR ABOVE:  21    0.10 INCH OR MORE:  10
MIN 32 OR BELOW:   0    0.50 INCH OR MORE:   2
MIN  0 OR BELOW:   0    1.00 INCH OR MORE:   0

[HDD (BASE 65) ]
TOTAL THIS MO.     0    CLEAR  (SCALE 0-3)  15
DPTR FM NORMAL    -1    PTCLDY (SCALE 4-7)  13
TOTAL FM JUL 1     0    CLOUDY (SCALE 8-10)  2
DPTR FM NORMAL    -1

[CDD (BASE 65) ]
TOTAL THIS MO.   533
DPTR FM NORMAL    63    [PRESSURE DATA]
TOTAL FM JAN 1  3516    HIGHEST SLP 30.18 ON 14
DPTR FM NORMAL   210    LOWEST  SLP 29.72 ON 30

[REMARKS]
#FINAL-09-14#
