000
CXUS55 KLOX 231706
CF6CQT
PRELIMINARY LOCAL CLIMATOLOGICAL DATA (WS FORM: F-6)

                                          STATION:   DOWNTOWN LOS ANGELES (USC) CA
                                          MONTH:     FEBRUARY
                                          YEAR:      2018
                                          LATITUDE:   34  1 N
                                          LONGITUDE: 118 17 W

  TEMPERATURE IN F:       :PCPN:    SNOW:  WIND      :SUNSHINE: SKY     :PK WND
================================================================================
1   2   3   4   5  6A  6B    7    8   9   10  11  12  13   14  15   16   17  18
                                     12Z  AVG MX 2MIN
DY MAX MIN AVG DEP HDD CDD  WTR  SNW DPTH SPD SPD DIR MIN PSBL S-S WX    SPD DR
================================================================================

 1  79  52  66   8   0   1 0.00  0.0    0  0.7  5 270   M    M   0 8       8 270
 2  84  54  69  11   0   4 0.00  0.0    0  0.3  7 140   M    M   0 8       9 150
 3  80  53  67   9   0   2 0.00  0.0    0  0.3  7 270   M    M   0 8      11 270
 4  81  51  66   8   0   1 0.00  0.0    0  0.3  7 270   M    M   0        11 270
 5  77  53  65   7   0   0 0.00  0.0    0  0.7  8 270   M    M   0 18     12 270
 6  73  54  64   6   1   0 0.00  0.0    0  1.1  6 260   M    M   4 18     10 270
 7  82  51  67   9   0   2 0.00  0.0    0  0.7  9 270   M    M   0 18     12 280
 8  83  52  68   9   0   3 0.00  0.0    0  1.0  8 270   M    M   0 18     13 270
 9  73  54  64   5   1   0 0.00  0.0    0  1.1  6 160   M    M   2 128    10 150
10  65  55  60   1   5   0 0.00  0.0    0  1.8  7 100   M    M   8 18     11 100
11  72  50  61   2   4   0 0.00  0.0    0  1.4  9 270   M    M   0 18     15 280
12  63  53  58  -1   7   0 0.01  0.0    0  2.2  8 260   M    M   4        17 260
13  66  51  59   0   6   0 0.00  0.0    0  2.6  9 130   M    M   6        14 180
14  69  54  62   3   3   0    T  0.0    0  1.0  8 270   M    M   7        12 280
15  71  51  61   2   4   0 0.00  0.0    M  1.3  9 280   M    M   1        14 270
16  74  49  62   3   3   0 0.00  0.0    0  0.7 10 270   M    M   0        17 270
17  76  49  63   4   2   0 0.00  0.0    0  1.2  9 280   M    M   0 8      14 260
18  69  48  59   0   6   0    T    M    0  0.7  9 270   M    M   1        16 280
19  59  48  54  -5  11   0    T    M    0  4.6 13 340   M    M   3        26 270
20  60  40  50  -9  15   0 0.00    M    0  2.7 10 270   M    M   0        19 270
21  62  47  55  -4  10   0 0.00  0.0    0  2.0 12 270   M    M   3        18 280
22  62  45  54  -5  11   0 0.00  0.0    0  3.1  7 260   M    M   1         M  M
================================================================================
SM 1580 1114        89  13  0.01     0.0  31.5          M       40
================================================================================
AV 71.8 50.6                               1.4 FASTST   M    M   2    MAX(MPH)
                                 MISC ---->  # 13 340               # 26  270
================================================================================
NOTES:
# LAST OF SEVERAL OCCURRENCES

COLUMN 17 PEAK WIND IN M.P.H.

PRELIMINARY LOCAL CLIMATOLOGICAL DATA (WS FORM: F-6) , PAGE 2

                                          STATION:  DOWNTOWN LOS ANGELES (USC) CA
                                          MONTH:    FEBRUARY
                                          YEAR:     2018
                                          LATITUDE:   34  1 N
                                          LONGITUDE: 118 17 W

[TEMPERATURE DATA]      [PRECIPITATION DATA]       SYMBOLS USED IN COLUMN 16

AVERAGE MONTHLY: 61.2   TOTAL FOR MONTH:   0.01    1 = FOG OR MIST
DPTR FM NORMAL:   2.5   DPTR FM NORMAL:   -3.00    2 = FOG REDUCING VISIBILITY
HIGHEST:    84 ON  2    GRTST 24HR  0.01 ON 12-12      TO 1/4 MILE OR LESS
LOWEST:     40 ON 20                               3 = THUNDER
                        SNOW, ICE PELLETS, HAIL    4 = ICE PELLETS
                        TOTAL MONTH:   0.0 INCH    5 = HAIL
                        GRTST 24HR     0.0         6 = FREEZING RAIN OR DRIZZLE
                        GRTST DEPTH:   0           7 = DUSTSTORM OR SANDSTORM:
                                                       VSBY 1/2 MILE OR LESS
                                                   8 = SMOKE OR HAZE
[NO. OF DAYS WITH]      [WEATHER - DAYS WITH]      9 = BLOWING SNOW
                                                   X = TORNADO
MAX 32 OR BELOW:   0    0.01 INCH OR MORE:   1
MAX 90 OR ABOVE:   0    0.10 INCH OR MORE:   0
MIN 32 OR BELOW:   0    0.50 INCH OR MORE:   0
MIN  0 OR BELOW:   0    1.00 INCH OR MORE:   0

[HDD (BASE 65) ]
TOTAL THIS MO.    89    CLEAR  (SCALE 0-3)  17
DPTR FM NORMAL   -61    PTCLDY (SCALE 4-7)   5
TOTAL FM JUL 1   338    CLOUDY (SCALE 8-10)  0
DPTR FM NORMAL  -403

[CDD (BASE 65) ]
TOTAL THIS MO.    13
DPTR FM NORMAL     4    [PRESSURE DATA]
TOTAL FM JAN 1    36    HIGHEST SLP M ON M
DPTR FM NORMAL    18    LOWEST  SLP 29.80 ON 19

[REMARKS]
