000
CXUS54 KCRP 191300
CF6CRP
PRELIMINARY LOCAL CLIMATOLOGICAL DATA (WS FORM: F-6)

                                          STATION:   CORPUS CHRISTI
                                          MONTH:     DECEMBER
                                          YEAR:      2014
                                          LATITUDE:   27 46 N
                                          LONGITUDE:  97 30 W

  TEMPERATURE IN F:       :PCPN:    SNOW:  WIND      :SUNSHINE: SKY     :PK WND
================================================================================
1   2   3   4   5  6A  6B    7    8   9   10  11  12  13   14  15   16   17  18
                                     12Z  AVG MX 2MIN
DY MAX MIN AVG DEP HDD CDD  WTR  SNW DPTH SPD SPD DIR MIN PSBL S-S WX    SPD DR
================================================================================

 1  79  47  63   2   2   0    T  0.0    0 12.3 29  20   M    M   7 1      34  30
 2  58  47  53  -8  12   0    T  0.0    0  9.3 20  20   M    M  10        24  10
 3  70  53  62   1   3   0    T  0.0    0 11.0 18  90   M    M   9 18     23 100
 4  76  65  71  10   0   6 0.11  0.0    0  7.7 15 100   M    M   9 1      19  90
 5  80  67  74  14   0   9    T  0.0    0  9.2 20 160   M    M   8 1      24 160
 6  77  61  69   9   0   4    T  0.0    0  8.3 18  30   M    M   8 18     21  30
 7  62  59  61   1   4   0 0.10  0.0    0 12.3 17  40   M    M  10 1      22  40
 8  63  52  58  -2   7   0    T  0.0    0  8.0 18  20   M    M   8 1      23  30
 9  70  47  59   0   6   0 0.00  0.0    0  5.9 13  40   M    M   7 1      16  50
10  73  57  65   6   0   0 0.00  0.0    0  7.6 16 130   M    M   9 1      20 140
11  75  60  68   9   0   3 0.00  0.0    0  9.2 20 150   M    M   9        26 150
12  76  60  68   9   0   3 0.00  0.0    0  8.4 18 130   M    M   5        22 130
13  78  56  67   8   0   2 0.00  0.0    0  7.7 18 140   M    M   2 1      24 130
14  80  64  72  14   0   7 0.00  0.0    0 13.8 29 160   M    M   4        34 160
15  77  61  69  11   0   4 0.00  0.0    0  4.8 13 220   M    M   7 12     16 160
16  70  61  66   8   0   1 0.01  0.0    0 13.4 22  50   M    M   9        29  50
17  76  60  68  10   0   3 0.17  0.0    0 11.6 25 150   M    M   9 1      30 150
18  79  67  73  15   0   8 0.01  0.0    0  9.0 16 170   M    M   9 1      20 160
================================================================================
SM 1319 1044        34  50  0.40     0.0 169.5          M      139
================================================================================
AV 73.3 58.0                               9.4 FASTST   M    M   8    MAX(MPH)
                                 MISC ---->  # 29  20               # 34   30
================================================================================
NOTES:
# LAST OF SEVERAL OCCURRENCES

COLUMN 17 PEAK WIND IN M.P.H.

PRELIMINARY LOCAL CLIMATOLOGICAL DATA (WS FORM: F-6) , PAGE 2

                                          STATION:  CORPUS CHRISTI
                                          MONTH:    DECEMBER
                                          YEAR:     2014
                                          LATITUDE:   27 46 N
                                          LONGITUDE:  97 30 W

[TEMPERATURE DATA]      [PRECIPITATION DATA]       SYMBOLS USED IN COLUMN 16

AVERAGE MONTHLY: 65.6   TOTAL FOR MONTH:   0.40    1 = FOG OR MIST
DPTR FM NORMAL:   6.2   DPTR FM NORMAL:   -0.60    2 = FOG REDUCING VISIBILITY
HIGHEST:    80 ON 14, 5 GRTST 24HR  0.17 ON 17-17      TO 1/4 MILE OR LESS
LOWEST:     47 ON  9, 2                            3 = THUNDER
                        SNOW, ICE PELLETS, HAIL    4 = ICE PELLETS
                        TOTAL MONTH:   0.0 INCH    5 = HAIL
                        GRTST 24HR     0.0         6 = FREEZING RAIN OR DRIZZLE
                        GRTST DEPTH:   0           7 = DUSTSTORM OR SANDSTORM:
                                                       VSBY 1/2 MILE OR LESS
                                                   8 = SMOKE OR HAZE
[NO. OF DAYS WITH]      [WEATHER - DAYS WITH]      9 = BLOWING SNOW
                                                   X = TORNADO
MAX 32 OR BELOW:   0    0.01 INCH OR MORE:   5
MAX 90 OR ABOVE:   0    0.10 INCH OR MORE:   3
MIN 32 OR BELOW:   0    0.50 INCH OR MORE:   0
MIN  0 OR BELOW:   0    1.00 INCH OR MORE:   0

[HDD (BASE 65) ]
TOTAL THIS MO.    34    CLEAR  (SCALE 0-3)   1
DPTR FM NORMAL   -98    PTCLDY (SCALE 4-7)   7
TOTAL FM JUL 1   195    CLOUDY (SCALE 8-10) 10
DPTR FM NORMAL   -38

[CDD (BASE 65) ]
TOTAL THIS MO.    50
DPTR FM NORMAL    14    [PRESSURE DATA]
TOTAL FM JAN 1  3691    HIGHEST SLP M ON M
DPTR FM NORMAL   180    LOWEST  SLP 29.85 ON 14

[REMARKS]
